{"id":6,"date":"2019-03-13T16:51:31","date_gmt":"2019-03-13T19:51:31","guid":{"rendered":"https:\/\/www.lai.pe.gov.br\/secmulher\/?page_id=6"},"modified":"2024-01-10T11:19:47","modified_gmt":"2024-01-10T14:19:47","slug":"institucional","status":"publish","type":"page","link":"https:\/\/www.lai.pe.gov.br\/secmulher\/","title":{"rendered":"Institucional"},"content":{"rendered":"\n<div id=\"kt-info-box_36c228-f9\" class=\"wp-block-kadence-infobox\"><a class=\"kt-blocks-info-box-link-wrap kt-blocks-info-box-media-align-left kt-info-halign-left\"><div class=\"kt-blocks-info-box-media-container\"><div class=\"kt-blocks-info-box-media kt-info-media-animate-flip\"><div class=\"kadence-info-box-icon-container kt-info-icon-animate-flip\"><div class=\"kadence-info-box-icon-inner-container\"><span style=\"display:block;justify-content:center;align-items:center\" class=\"kt-info-svg-icon kt-info-svg-icon-fas_info\"><svg viewbox=\"0 0 192 512\" height=\"50\" width=\"50\" xmlns=\"http:\/\/www.w3.org\/2000\/svg\"><path d=\"M20 424.229h20V279.771H20c-11.046 0-20-8.954-20-20V212c0-11.046 8.954-20 20-20h112c11.046 0 20 8.954 20 20v212.229h20c11.046 0 20 8.954 20 20V492c0 11.046-8.954 20-20 20H20c-11.046 0-20-8.954-20-20v-47.771c0-11.046 8.954-20 20-20zM96 0C56.235 0 24 32.235 24 72s32.235 72 72 72 72-32.235 72-72S135.764 0 96 0z\"><\/path><\/svg><\/span><span style=\"display:block;justify-content:center;align-items:center\" class=\"kt-info-svg-icon-flip kt-info-svg-icon-ic_info\"><svg viewbox=\"0 0 8 8\" height=\"50\" width=\"50\" xmlns=\"http:\/\/www.w3.org\/2000\/svg\"><path d=\"M3 0c-.55 0-1 .45-1 1s.45 1 1 1 1-.45 1-1-.45-1-1-1zm-1.5 2.5c-.83 0-1.5.67-1.5 1.5h1c0-.28.22-.5.5-.5s.5.22.5.5-1 1.64-1 2.5c0 .86.67 1.5 1.5 1.5s1.5-.67 1.5-1.5h-1c0 .28-.22.5-.5.5s-.5-.22-.5-.5c0-.36 1-1.84 1-2.5 0-.81-.67-1.5-1.5-1.5z\"><\/path><\/svg><\/span><\/div><\/div><\/div><\/div><div class=\"kt-infobox-textcontent\"><h2 class=\"kt-blocks-info-box-title\">O que h\u00e1 nesta p\u00e1gina!<\/h2><p class=\"kt-blocks-info-box-text\">Nesta se\u00e7\u00e3o s\u00e3o divulgadas informa\u00e7\u00f5es institucionais e organizacionais da entidade.<\/p><\/div><\/a><\/div>\n\n\n\n<blockquote class=\"wp-block-ugb-blockquote ugb-blockquote ugb-blockquote--v2 ugb--background-opacity-5 ugb-fd0806d ugb-blockquote--v3 ugb-blockquote--design-plain ugb-main-block\" id=\"\"><div class=\"ugb-inner-block\"><div class=\"ugb-block-content\"><div class=\"ugb-blockquote__item\"><svg viewbox=\"0 0 50 50\" xmlns=\"http:\/\/www.w3.org\/2000\/svg\" class=\"ugb-blockquote__quote\" width=\"70\" height=\"70\"><path d=\"M19.8 9.3C10.5 11.8 4.6 17 2.1 24.8c2.3-3.6 5.6-5.4 9.9-5.4 3.3 0 6 1.1 8.3 3.3 2.2 2.2 3.4 5 3.4 8.3 0 3.2-1.1 5.8-3.3 8-2.2 2.2-5.1 3.2-8.7 3.2-3.7 0-6.5-1.2-8.6-3.5C1 36.3 0 33.1 0 29 0 18.3 6.5 11.2 19.6 7.9l.2 1.4zm26.4 0C36.9 11.9 31 17 28.5 24.8c2.2-3.6 5.5-5.4 9.8-5.4 3.2 0 6 1.1 8.3 3.2 2.3 2.2 3.4 4.9 3.4 8.3 0 3.1-1.1 5.8-3.3 7.9-2.2 2.2-5.1 3.3-8.6 3.3-3.7 0-6.6-1.1-8.6-3.4-2.1-2.3-3.1-5.5-3.1-9.7 0-10.7 6.6-17.8 19.7-21.1l.1 1.4z\"><\/path><\/svg><div class=\"ugb-blockquote__content\"><p class=\"ugb-blockquote__text\">A Secretaria da Mulher de Pernambuco (SecMulher-PE), \u00f3rg\u00e3o da Administra\u00e7\u00e3o Direta do Poder Executivo Estadual, foi criada pela Lei N\u00ba 13.205, de 19 de janeiro de 2007, sob a nomenclatura de Secretaria Especial da Mulher. De acordo com a Lei N\u00b0 14.264, de 06 de janeiro de 2011, passou a ser uma Secretaria de Estado, com a denomina\u00e7\u00e3o de Secretaria da Mulher, mantida atualmente pela Lei N\u00b0 16.520, de 27 de dezembro de 2018, que disp\u00f5e sobre a estrutura e o funcionamento do Poder Executivo de Pernambuco. <\/p><\/div><\/div><\/div><\/div><\/blockquote>\n\n\n\n<div class=\"wp-block-ugb-container ugb-container ugb-0ec4000 ugb-container--v2 ugb-container--design-basic ugb-main-block\" id=\"\"><div class=\"ugb-inner-block\"><div class=\"ugb-block-content\"><div class=\"ugb-container__wrapper ugb-0ec4000-wrapper ugb--shadow-3\"><div class=\"ugb-container__side\"><div class=\"ugb-container__content-wrapper ugb-0ec4000-content-wrapper\">\n<h4>MISS\u00c3O INSTITUCIONAL<\/h4>\n\n\n\n<p>Promover os Direitos das Mulheres no Estado de Pernambuco.<\/p>\n<\/div><\/div><\/div><\/div><\/div><\/div>\n\n\n\n<div class=\"wp-block-ugb-container ugb-container ugb-b73f91a ugb-container--v2 ugb-container--design-basic ugb-main-block\" id=\"\"><div class=\"ugb-inner-block\"><div class=\"ugb-block-content\"><div class=\"ugb-container__wrapper ugb-b73f91a-wrapper ugb--shadow-3\"><div class=\"ugb-container__side\"><div class=\"ugb-container__content-wrapper ugb-b73f91a-content-wrapper\">\n<h4>VIS\u00c3O <\/h4>\n\n\n\n<p>Perseguir at\u00e9 2030 a Igualdade de G\u00eanero e o Empoderamento das Meninas e Mulheres de acordo com o objetivo 5 dos Objetivos de Desenvolvimento Sustent\u00e1vel &#8211; ODS. <\/p>\n<\/div><\/div><\/div><\/div><\/div><\/div>\n\n\n\n<div class=\"wp-block-ugb-container ugb-container ugb-eeee5bf ugb-container--v2 ugb-container--design-basic ugb-main-block\" id=\"\"><div class=\"ugb-inner-block\"><div class=\"ugb-block-content\"><div class=\"ugb-container__wrapper ugb-eeee5bf-wrapper ugb--shadow-3\"><div class=\"ugb-container__side\"><div class=\"ugb-container__content-wrapper ugb-eeee5bf-content-wrapper\">\n<h4>VALORES<\/h4>\n\n\n\n<ul><li>\u00c9tica&nbsp;&nbsp;&nbsp;&nbsp;&nbsp;&nbsp;&nbsp;&nbsp;&nbsp;&nbsp;&nbsp;&nbsp;&nbsp;&nbsp;&nbsp;&nbsp;&nbsp;&nbsp;&nbsp;&nbsp;&nbsp;&nbsp;&nbsp;&nbsp;&nbsp;&nbsp;&nbsp;&nbsp;&nbsp;&nbsp;&nbsp;&nbsp;&nbsp;&nbsp;&nbsp;&nbsp;&nbsp;&nbsp;&nbsp;&nbsp;&nbsp;&nbsp;&nbsp;&nbsp;&nbsp;&nbsp;&nbsp;&nbsp;&nbsp;&nbsp;&nbsp;<\/li><\/ul>\n\n\n\n<ul><li>Transpar\u00eancia<\/li><\/ul>\n\n\n\n<ul><li>Di\u00e1logo<\/li><\/ul>\n\n\n\n<ul><li>Participa\u00e7\u00e3o Social<\/li><\/ul>\n\n\n\n<ul><li>Compromisso<\/li><\/ul>\n\n\n\n<ul><li>Coopera\u00e7\u00e3o<\/li><\/ul>\n\n\n\n<ul><li>Inova\u00e7\u00e3o<\/li><\/ul>\n<\/div><\/div><\/div><\/div><\/div><\/div>\n\n\n\n<div class=\"wp-block-ugb-container ugb-container ugb-246b7de ugb-container--v2 ugb-container--design-basic ugb-main-block\" id=\"\"><div class=\"ugb-inner-block\"><div class=\"ugb-block-content\"><div class=\"ugb-container__wrapper ugb-246b7de-wrapper ugb--shadow-3\"><div class=\"ugb-container__side\"><div class=\"ugb-container__content-wrapper ugb-246b7de-content-wrapper\">\n<h4>OBJETIVO<\/h4>\n\n\n\n<p>Formular, desenvolver, articular, coordenar, apoiar e monitorar pol\u00edticas p\u00fablicas para promover a melhoria das condi\u00e7\u00f5es de vida das mulheres em Pernambuco.<\/p>\n<\/div><\/div><\/div><\/div><\/div><\/div>\n\n\n\n<div class=\"wp-block-ugb-container ugb-container ugb-bf86210 ugb-container--v2 ugb-container--design-basic ugb-main-block\" id=\"\"><div class=\"ugb-inner-block\"><div class=\"ugb-block-content\"><div class=\"ugb-container__wrapper ugb-bf86210-wrapper ugb--shadow-3\"><div class=\"ugb-container__side\"><div class=\"ugb-container__content-wrapper ugb-bf86210-content-wrapper\">\n<h4>P\u00daBLICO<\/h4>\n\n\n\n<p>Os segmentos da popula\u00e7\u00e3o feminina dos espa\u00e7os urbanos e rurais.<\/p>\n<\/div><\/div><\/div><\/div><\/div><\/div>\n\n\n\n<p><strong>GEST\u00c3O DESCENTRALIZADA E SUSTENT\u00c1VEL<\/strong><\/p>\n\n\n\n<p>Em 2013 a SecMulher-PE passou a contar com 12 Coordenadorias Regionais, criadas atrav\u00e9s do Decreto Estadual N\u00ba 39.402\/2013 com o objetivo de promover a descentraliza\u00e7\u00e3o da gest\u00e3o e fortalecer a institucionalidade da Pol\u00edtica P\u00fablica para as Mulheres em todo o territ\u00f3rio estadual.<\/p>\n\n\n\n<p><\/p>\n\n\n\n<p><strong>MARCO CONCEITUAL PARA A A\u00c7\u00c3O INSTITUCIONAL<\/strong><\/p>\n\n\n\n<p>O marco conceitual adotado pela SecMulher-PE firma-se a partir da teoria feminista de g\u00eanero, como definido nos itens a seguir, al\u00e9m de contemplar a inter-rela\u00e7\u00e3o entre as discrimina\u00e7\u00f5es de g\u00eanero e as quest\u00f5es de ra\u00e7a, etnia, classe, gera\u00e7\u00e3o e orienta\u00e7\u00e3o sexual:<\/p>\n\n\n\n<p><strong>G\u00eanero<\/strong>: \u00e9 um princ\u00edpio fundamental de organiza\u00e7\u00e3o social, que molda as rela\u00e7\u00f5es entre os sexos, definindo papeis, comportamentos e o lugar de mulheres e homens na sociedade. O conceito de g\u00eanero \u00e9 eficaz para se compreender as desigualdades nas rela\u00e7\u00f5es de poder entre homens e mulheres, bem como para entender que essas desigualdades n\u00e3o s\u00e3o determinadas pela Natureza, mas sim, constru\u00eddas atrav\u00e9s da educa\u00e7\u00e3o, dos costumes e h\u00e1bitos e, portanto, podem ser modificadas.<\/p>\n\n\n\n<p><strong>Feminismo<\/strong>: \u00e9 a a\u00e7\u00e3o pol\u00edtica das mulheres em favor da transforma\u00e7\u00e3o da sociedade, que tem como foco a desconstru\u00e7\u00e3o das rela\u00e7\u00f5es patriarcais de poder e por objetivo a igualdade entre os sexos.<\/p>\n\n\n\n<p><strong>Patriarcado<\/strong>: \u00e9 um sistema de domina\u00e7\u00e3o em que o homem \u00e9 o centro da sociedade e do conjunto das rela\u00e7\u00f5es sociais. \u00c9 determinado pela opress\u00e3o e subordina\u00e7\u00e3o da mulher, mediante o controle de sua capacidade reprodutiva, de sua sexualidade, de sua capacidade de trabalho e da interdi\u00e7\u00e3o do seu acesso ao poder.<\/p>\n\n\n\n<p><strong>Pol\u00edticas<\/strong>&nbsp;<strong>P\u00fablicas<\/strong>: s\u00e3o a\u00e7\u00f5es concretas que o Estado deve adotar para garantir o direito de todas as pessoas do pa\u00eds a uma vida digna. Por sua vez, o exerc\u00edcio de uma vida digna \u00e9 formado por v\u00e1rios direitos: a) Direito \u00e0 sa\u00fade;&nbsp;b) Direitos reprodutivos e direitos sexuais; c) Direito \u00e0 educa\u00e7\u00e3o; d) Direito \u00e0 habita\u00e7\u00e3o; e) Direito \u00e0 terra, \u00e0s \u00e1guas e aos alimentos; f) Direito ao trabalho; g) Direito a uma vida sem viol\u00eancia; h) Direito \u00e0 cultura, ao esporte e ao lazer.<\/p>\n\n\n\n<p><strong>Pol\u00edticas<\/strong>&nbsp;<strong>P\u00fablicas<\/strong>&nbsp;<strong>de<\/strong>&nbsp;<strong>G\u00eanero<\/strong>&nbsp;<strong>para<\/strong>&nbsp;<strong>as<\/strong>&nbsp;<strong>Mulheres<\/strong>: s\u00e3o aquelas a\u00e7\u00f5es que t\u00eam como sujeitos as mulheres e est\u00e3o voltadas, efetivamente, para o empoderamento das mesmas, promovendo a igualdade social, pol\u00edtica e econ\u00f4mica entre os sexos.<\/p>\n\n\n\n<p>A aplica\u00e7\u00e3o desses conceitos preconiza que as pol\u00edticas para as mulheres venham a contemplar tr\u00eas dimens\u00f5es:<\/p>\n\n\n\n<p>a) De repara\u00e7\u00e3o das desvantagens que esse segmento da popula\u00e7\u00e3o ainda vivencia, devido aos longos anos de viola\u00e7\u00e3o de seus direitos civis,&nbsp; pol\u00edticos, econ\u00f4micos e sociais;<\/p>\n\n\n\n<p>b) De prote\u00e7\u00e3o desse segmento da popula\u00e7\u00e3o da viol\u00eancia dom\u00e9stica e sexista;<\/p>\n\n\n\n<p>c) De atendimento a especificidades advindas da complei\u00e7\u00e3o f\u00edsica e funcionamento biol\u00f3gico da popula\u00e7\u00e3o feminina, tais como a gravidez, o parto, o aborto previsto em lei, a menopausa, entre outros.<\/p>\n\n\n\n<p><\/p>\n\n\n\n<p><\/p>\n\n\n\n<p><strong>ENTIDADES E FUNDOS P\u00daBLICOS VINCULADOS<\/strong>:<\/p>\n\n\n\n<p>A Secretaria da Mulher n\u00e3o possui Entidades e\/ou fundos p\u00fablicos vinculados. <\/p>\n\n\n\n<p><strong>SAIBA MAIS<\/strong><\/p>\n\n\n\n<p>Conhe\u00e7a tamb\u00e9m o&nbsp;<a rel=\"noreferrer noopener\" href=\"http:\/\/www2.secmulher.pe.gov.br\/web\/secretaria-da-mulher\/publicacoes\" target=\"_blank\"><strong><em>Anu\u00e1rio 8 de Mar\u00e7o<\/em><\/strong><\/a>&nbsp;da SecMulher-PE. A publica\u00e7\u00e3o est\u00e1 em sua 14\u00aa edi\u00e7\u00e3o (2020) e apresenta o marco te\u00f3rico, os nortes estrat\u00e9gicos, as a\u00e7\u00f5es desenvolvidas no ano anterior e as a\u00e7\u00f5es planejadas para o desenvolvimento de pol\u00edticas para as mulheres no ano em curso.<br><\/p>\n\n\n\n<div id=\"kt-info-box_3dd463-a4\" class=\"wp-block-kadence-infobox\"><a class=\"kt-blocks-info-box-link-wrap kt-blocks-info-box-media-align-left kt-info-halign-left\" target=\"_blank\" rel=\"noopener noreferrer\" href=\"http:\/\/www2.secmulher.pe.gov.br\/web\/secretaria-da-mulher\"><div class=\"kt-blocks-info-box-media-container\"><div class=\"kt-blocks-info-box-media kt-info-media-animate-none\"><div class=\"kadence-info-box-icon-container kt-info-icon-animate-none\"><div class=\"kadence-info-box-icon-inner-container\"><span style=\"display:block;justify-content:center;align-items:center\" class=\"kt-info-svg-icon kt-info-svg-icon-fe_externalLink\"><svg viewbox=\"0 0 24 24\" height=\"50\" width=\"50\" xmlns=\"http:\/\/www.w3.org\/2000\/svg\"><path d=\"M18 13v6a2 2 0 0 1-2 2H5a2 2 0 0 1-2-2V8a2 2 0 0 1 2-2h6\"><\/path><\/svg><\/span><\/div><\/div><\/div><\/div><div class=\"kt-infobox-textcontent\"><h2 class=\"kt-blocks-info-box-title\">Site da Institui\u00e7\u00e3o<\/h2><p class=\"kt-blocks-info-box-text\">Outras informa\u00e7\u00f5es institucionais est\u00e3o dispon\u00edveis no s\u00edtio institucional da Secretaria da Mulher.<\/p><\/div><\/a><\/div>\n\n\n\n<div style=\"height:35px\" aria-hidden=\"true\" class=\"wp-block-spacer\"><\/div>\n<style class=\"advgb-styles-renderer\">#kt-info-box_36c228-f9 .kt-blocks-info-box-link-wrap {border-color:rgba(136, 136, 136, 1);border-radius:20px;background:rgba(255, 255, 255, 1);padding:20px 20px 20px 20px;border-width:2px 2px 2px 2px;}#kt-info-box_36c228-f9 .kt-blocks-info-box-link-wrap:hover {border-color:rgba(136, 136, 136, 1);background:rgba(255, 255, 255, 1);}#kt-info-box_36c228-f9 .kt-info-svg-icon, #kt-info-box_36c228-f9 .kt-blocks-info-box-number {font-size:50px;}#kt-info-box_36c228-f9 .kt-blocks-info-box-media {color:#ffffff;background:#555555;border-color:#444444;border-radius:200px;border-width:0px 0px 0px 0px;padding:20px 20px 20px 20px;margin:0px 15px 0px 15px;}#kt-info-box_36c228-f9 .kt-blocks-info-box-media img {border-radius:200px;}#kt-info-box_36c228-f9 .kt-blocks-info-box-link-wrap:hover .kt-blocks-info-box-media {color:#ffffff;background:#444444;border-color:#444444;}#kt-info-box_36c228-f9 .kt-blocks-info-box-title {padding:0px 0px 0px 0px;margin:5px 0px 10px 0px;}#kt-info-box_36c228-f9 .kt-blocks-info-box-text {}#kt-info-box_36c228-f9 .kt-blocks-info-box-link-wrap:hover {box-shadow:0px 0px 14px 0px rgba(0,0,0,0.2);}.ugb-fd0806d .ugb-blockquote__quote{width:70px !important;height:70px !important}.ugb-0ec4000-wrapper.ugb-container__wrapper{border-radius:12px !important;background-color:#f1f1f1 !important}.ugb-0ec4000-content-wrapper.ugb-container__content-wrapper{width:100% !important}.ugb-0ec4000-wrapper.ugb-container__wrapper:before{background-color:#f1f1f1 !important}.ugb-0ec4000-content-wrapper &gt; h1,.ugb-0ec4000-content-wrapper &gt; h2,.ugb-0ec4000-content-wrapper &gt; h3,.ugb-0ec4000-content-wrapper &gt; h4,.ugb-0ec4000-content-wrapper &gt; h5,.ugb-0ec4000-content-wrapper &gt; h6{color:#222222}.ugb-0ec4000-content-wrapper &gt; p,.ugb-0ec4000-content-wrapper &gt; ol li,.ugb-0ec4000-content-wrapper &gt; ul li{color:#222222}.ugb-b73f91a-wrapper.ugb-container__wrapper{border-radius:12px !important;background-color:#f1f1f1 !important}.ugb-b73f91a-content-wrapper.ugb-container__content-wrapper{width:100% !important}.ugb-b73f91a-wrapper.ugb-container__wrapper:before{background-color:#f1f1f1 !important}.ugb-b73f91a-content-wrapper &gt; h1,.ugb-b73f91a-content-wrapper &gt; h2,.ugb-b73f91a-content-wrapper &gt; h3,.ugb-b73f91a-content-wrapper &gt; h4,.ugb-b73f91a-content-wrapper &gt; h5,.ugb-b73f91a-content-wrapper &gt; h6{color:#222222}.ugb-b73f91a-content-wrapper &gt; p,.ugb-b73f91a-content-wrapper &gt; ol li,.ugb-b73f91a-content-wrapper &gt; ul li{color:#222222}.ugb-eeee5bf-wrapper.ugb-container__wrapper{border-radius:12px !important;background-color:#f1f1f1 !important}.ugb-eeee5bf-content-wrapper.ugb-container__content-wrapper{width:100% !important}.ugb-eeee5bf-wrapper.ugb-container__wrapper:before{background-color:#f1f1f1 !important}.ugb-eeee5bf-content-wrapper &gt; h1,.ugb-eeee5bf-content-wrapper &gt; h2,.ugb-eeee5bf-content-wrapper &gt; h3,.ugb-eeee5bf-content-wrapper &gt; h4,.ugb-eeee5bf-content-wrapper &gt; h5,.ugb-eeee5bf-content-wrapper &gt; h6{color:#222222}.ugb-eeee5bf-content-wrapper &gt; p,.ugb-eeee5bf-content-wrapper &gt; ol li,.ugb-eeee5bf-content-wrapper &gt; ul li{color:#222222}.ugb-246b7de-wrapper.ugb-container__wrapper{border-radius:12px !important;background-color:#f1f1f1 !important}.ugb-246b7de-content-wrapper.ugb-container__content-wrapper{width:100% !important}.ugb-246b7de-wrapper.ugb-container__wrapper:before{background-color:#f1f1f1 !important}.ugb-246b7de-content-wrapper &gt; h1,.ugb-246b7de-content-wrapper &gt; h2,.ugb-246b7de-content-wrapper &gt; h3,.ugb-246b7de-content-wrapper &gt; h4,.ugb-246b7de-content-wrapper &gt; h5,.ugb-246b7de-content-wrapper &gt; h6{color:#222222}.ugb-246b7de-content-wrapper &gt; p,.ugb-246b7de-content-wrapper &gt; ol li,.ugb-246b7de-content-wrapper &gt; ul li{color:#222222}.ugb-bf86210-wrapper.ugb-container__wrapper{border-radius:12px !important;background-color:#f1f1f1 !important}.ugb-bf86210-content-wrapper.ugb-container__content-wrapper{width:100% !important}.ugb-bf86210-wrapper.ugb-container__wrapper:before{background-color:#f1f1f1 !important}.ugb-bf86210-content-wrapper &gt; h1,.ugb-bf86210-content-wrapper &gt; h2,.ugb-bf86210-content-wrapper &gt; h3,.ugb-bf86210-content-wrapper &gt; h4,.ugb-bf86210-content-wrapper &gt; h5,.ugb-bf86210-content-wrapper &gt; h6{color:#222222}.ugb-bf86210-content-wrapper &gt; p,.ugb-bf86210-content-wrapper &gt; ol li,.ugb-bf86210-content-wrapper &gt; ul li{color:#222222}#kt-info-box_3dd463-a4 .kt-blocks-info-box-link-wrap {border-color:rgba(136, 136, 136, 1);border-radius:20px;background:rgba(255, 255, 255, 1);padding:20px 20px 20px 20px;border-width:2px 2px 2px 2px;}#kt-info-box_3dd463-a4 .kt-blocks-info-box-link-wrap:hover {border-color:rgba(136, 136, 136, 1);background:rgba(255, 255, 255, 1);}#kt-info-box_3dd463-a4 .kt-info-svg-icon, #kt-info-box_3dd463-a4 .kt-blocks-info-box-number {font-size:50px;}#kt-info-box_3dd463-a4 .kt-blocks-info-box-media {color:#ffffff;background:#555555;border-color:#444444;border-radius:200px;border-width:0px 0px 0px 0px;padding:20px 20px 20px 20px;margin:0px 15px 0px 15px;}#kt-info-box_3dd463-a4 .kt-blocks-info-box-media img {border-radius:200px;}#kt-info-box_3dd463-a4 .kt-blocks-info-box-link-wrap:hover .kt-blocks-info-box-media {color:#ffffff;background:#444444;border-color:#444444;}#kt-info-box_3dd463-a4 .kt-blocks-info-box-title {padding:0px 0px 0px 0px;margin:5px 0px 10px 0px;}#kt-info-box_3dd463-a4 .kt-blocks-info-box-text {}#kt-info-box_3dd463-a4 .kt-blocks-info-box-link-wrap:hover {box-shadow:0px 0px 14px 0px rgba(0,0,0,0.2);}<\/style>","protected":false},"excerpt":{"rendered":"<p>GEST\u00c3O DESCENTRALIZADA E SUSTENT\u00c1VEL Em 2013 a SecMulher-PE passou a contar com 12 Coordenadorias Regionais, criadas atrav\u00e9s do Decreto Estadual N\u00ba 39.402\/2013 com o objetivo de promover a descentraliza\u00e7\u00e3o da gest\u00e3o e fortalecer a institucionalidade da Pol\u00edtica P\u00fablica para as Mulheres em todo o territ\u00f3rio estadual. MARCO CONCEITUAL PARA A A\u00c7\u00c3O INSTITUCIONAL O marco conceitual [&hellip;]<\/p>\n","protected":false},"author":1,"featured_media":0,"parent":0,"menu_order":0,"comment_status":"closed","ping_status":"closed","template":"","meta":{"advgb_blocks_editor_width":"","advgb_blocks_columns_visual_guide":"","kt_blocks_editor_width":""},"featured_image_urls":{"full":"","thumbnail":"","medium":"","medium_large":"","large":"","1536x1536":"","2048x2048":""},"post_excerpt_stackable":"<p>O que h\u00e1 nesta p\u00e1gina!Nesta se\u00e7\u00e3o s\u00e3o divulgadas informa\u00e7\u00f5es institucionais e organizacionais da entidade. A Secretaria da Mulher de Pernambuco (SecMulher-PE), \u00f3rg\u00e3o da Administra\u00e7\u00e3o Direta do Poder Executivo Estadual, foi criada pela Lei N\u00ba 13.205, de 19 de janeiro de 2007, sob a nomenclatura de Secretaria Especial da Mulher. De acordo com a Lei N\u00b0 14.264, de 06 de janeiro de 2011, passou a ser uma Secretaria de Estado, com a denomina\u00e7\u00e3o de Secretaria da Mulher, mantida atualmente pela Lei N\u00b0 16.520, de 27 de dezembro de 2018, que disp\u00f5e sobre a estrutura e o funcionamento do Poder Executivo de&hellip;<\/p>\n","category_list":"","author_info":{"name":"nilo.martins","url":"https:\/\/www.lai.pe.gov.br\/secmulher\/author\/nilo-martins\/"},"comments_num":"0 coment\u00e1rio","_links":{"self":[{"href":"https:\/\/www.lai.pe.gov.br\/secmulher\/wp-json\/wp\/v2\/pages\/6"}],"collection":[{"href":"https:\/\/www.lai.pe.gov.br\/secmulher\/wp-json\/wp\/v2\/pages"}],"about":[{"href":"https:\/\/www.lai.pe.gov.br\/secmulher\/wp-json\/wp\/v2\/types\/page"}],"author":[{"embeddable":true,"href":"https:\/\/www.lai.pe.gov.br\/secmulher\/wp-json\/wp\/v2\/users\/1"}],"replies":[{"embeddable":true,"href":"https:\/\/www.lai.pe.gov.br\/secmulher\/wp-json\/wp\/v2\/comments?post=6"}],"version-history":[{"count":38,"href":"https:\/\/www.lai.pe.gov.br\/secmulher\/wp-json\/wp\/v2\/pages\/6\/revisions"}],"predecessor-version":[{"id":1517,"href":"https:\/\/www.lai.pe.gov.br\/secmulher\/wp-json\/wp\/v2\/pages\/6\/revisions\/1517"}],"wp:attachment":[{"href":"https:\/\/www.lai.pe.gov.br\/secmulher\/wp-json\/wp\/v2\/media?parent=6"}],"curies":[{"name":"wp","href":"https:\/\/api.w.org\/{rel}","templated":true}]}}