{"id":310,"date":"2019-03-25T10:36:47","date_gmt":"2019-03-25T13:36:47","guid":{"rendered":"https:\/\/www.lai.pe.gov.br\/lafepe\/?page_id=310"},"modified":"2022-03-01T16:25:14","modified_gmt":"2022-03-01T19:25:14","slug":"convenios","status":"publish","type":"page","link":"https:\/\/www.lai.pe.gov.br\/lafepe\/convenios\/","title":{"rendered":"Conv\u00eanios"},"content":{"rendered":"\n<div id=\"kt-info-box_36c228-f9\" class=\"wp-block-kadence-infobox\"><a class=\"kt-blocks-info-box-link-wrap kt-blocks-info-box-media-align-left kt-info-halign-left\"><div class=\"kt-blocks-info-box-media-container\"><div class=\"kt-blocks-info-box-media kt-info-media-animate-flip\"><div class=\"kadence-info-box-icon-container kt-info-icon-animate-flip\"><div class=\"kadence-info-box-icon-inner-container\"><span style=\"display:block;justify-content:center;align-items:center\" class=\"kt-info-svg-icon kt-info-svg-icon-fas_info\"><svg viewbox=\"0 0 192 512\" height=\"50\" width=\"50\" xmlns=\"http:\/\/www.w3.org\/2000\/svg\"><path d=\"M20 424.229h20V279.771H20c-11.046 0-20-8.954-20-20V212c0-11.046 8.954-20 20-20h112c11.046 0 20 8.954 20 20v212.229h20c11.046 0 20 8.954 20 20V492c0 11.046-8.954 20-20 20H20c-11.046 0-20-8.954-20-20v-47.771c0-11.046 8.954-20 20-20zM96 0C56.235 0 24 32.235 24 72s32.235 72 72 72 72-32.235 72-72S135.764 0 96 0z\"><\/path><\/svg><\/span><span style=\"display:block;justify-content:center;align-items:center\" class=\"kt-info-svg-icon-flip kt-info-svg-icon-ic_info\"><svg viewbox=\"0 0 8 8\" height=\"50\" width=\"50\" xmlns=\"http:\/\/www.w3.org\/2000\/svg\"><path d=\"M3 0c-.55 0-1 .45-1 1s.45 1 1 1 1-.45 1-1-.45-1-1-1zm-1.5 2.5c-.83 0-1.5.67-1.5 1.5h1c0-.28.22-.5.5-.5s.5.22.5.5-1 1.64-1 2.5c0 .86.67 1.5 1.5 1.5s1.5-.67 1.5-1.5h-1c0 .28-.22.5-.5.5s-.5-.22-.5-.5c0-.36 1-1.84 1-2.5 0-.81-.67-1.5-1.5-1.5z\"><\/path><\/svg><\/span><\/div><\/div><\/div><\/div><div class=\"kt-infobox-textcontent\"><h2 class=\"kt-blocks-info-box-title\">O que h\u00e1 nesta p\u00e1gina!<\/h2><p class=\"kt-blocks-info-box-text\">Nesta se\u00e7\u00e3o s\u00e3o divulgadas informa\u00e7\u00f5es sobre os repasses e transfer\u00eancias de recursos financeiros efetuados pelo \u00f3rg\u00e3o\/entidade.<\/p><\/div><\/a><\/div>\n\n\n\n<div style=\"height:49px\" aria-hidden=\"true\" class=\"wp-block-spacer\"><\/div>\n\n\n\n<h2>Documentos<\/h2>\n\n\n\n<h3>Conv\u00eanios de Receita<\/h3>\n\n\n\n<blockquote class=\"wp-block-quote\"><p><strong><mark class=\"kt-highlight\">O LAFEPE n\u00e3o possui conv\u00eanios de receita<\/mark>.<\/strong><\/p><\/blockquote>\n\n\n\n<h3>Conv\u00eanios de Despesa<\/h3>\n\n\n\n<div class=\"wp-block-file\"><a href=\"https:\/\/www.lai.pe.gov.br\/lafepe\/wp-content\/uploads\/sites\/89\/2021\/12\/Convenios-de-Despesa.xlsx\">Relat\u00f3rio de Conv\u00eanios de Despesa 2021<\/a><a href=\"https:\/\/www.lai.pe.gov.br\/lafepe\/wp-content\/uploads\/sites\/89\/2021\/12\/Convenios-de-Despesa.xlsx\" class=\"wp-block-file__button\" download>Baixar<\/a><\/div>\n\n\n\n<div class=\"wp-block-file\"><a href=\"https:\/\/www.lai.pe.gov.br\/lafepe\/wp-content\/uploads\/sites\/89\/2021\/05\/Convenios-de-Despesa-ou-Receitas-2020.xlsx\">Relat\u00f3rio de Conv\u00eanios de Despesa 2020<\/a><a href=\"https:\/\/www.lai.pe.gov.br\/lafepe\/wp-content\/uploads\/sites\/89\/2021\/05\/Convenios-de-Despesa-ou-Receitas-2020.xlsx\" class=\"wp-block-file__button\" download>Baixar<\/a><\/div>\n\n\n\n<div class=\"wp-block-file\"><a href=\"https:\/\/www.lai.pe.gov.br\/lafepe\/wp-content\/uploads\/sites\/89\/2021\/05\/Convenios-de-Despesa-ou-Receitas-2019.xlsx\">Relat\u00f3rio de Conv\u00eanios de Despesa 2019<\/a><a href=\"https:\/\/www.lai.pe.gov.br\/lafepe\/wp-content\/uploads\/sites\/89\/2021\/05\/Convenios-de-Despesa-ou-Receitas-2019.xlsx\" class=\"wp-block-file__button\" download>Baixar<\/a><\/div>\n\n\n\n<div class=\"wp-block-file\"><a href=\"https:\/\/www.lai.pe.gov.br\/lafepe\/wp-content\/uploads\/sites\/89\/2021\/05\/Convenios-de-Despesa-ou-Receitas-2018.xlsx\">Relat\u00f3rio de Conv\u00eanios de Despesa 2018<\/a><a href=\"https:\/\/www.lai.pe.gov.br\/lafepe\/wp-content\/uploads\/sites\/89\/2021\/05\/Convenios-de-Despesa-ou-Receitas-2018.xlsx\" class=\"wp-block-file__button\" download>Baixar<\/a><\/div>\n\n\n\n<div class=\"wp-block-file\"><a href=\"https:\/\/www.lai.pe.gov.br\/lafepe\/wp-content\/uploads\/sites\/89\/2021\/05\/Convenios-de-Despesa-ou-Receitas-2017.xlsx\">Relat\u00f3rio de Conv\u00eanios de Despesa 2017<\/a><a href=\"https:\/\/www.lai.pe.gov.br\/lafepe\/wp-content\/uploads\/sites\/89\/2021\/05\/Convenios-de-Despesa-ou-Receitas-2017.xlsx\" class=\"wp-block-file__button\" download>Baixar<\/a><\/div>\n\n\n\n<div class=\"wp-block-file\"><a href=\"https:\/\/www.lai.pe.gov.br\/lafepe\/wp-content\/uploads\/sites\/89\/2021\/05\/Convenios-de-Despesa-ou-Receitas-2016.xlsx\">Relat\u00f3rio de Conv\u00eanios de Despesa 2016<\/a><a href=\"https:\/\/www.lai.pe.gov.br\/lafepe\/wp-content\/uploads\/sites\/89\/2021\/05\/Convenios-de-Despesa-ou-Receitas-2016.xlsx\" class=\"wp-block-file__button\" download>Baixar<\/a><\/div>\n\n\n\n<h3>Conv\u00eanios e\/ou Acordos de Coopera\u00e7\u00e3o T\u00e9cnica<\/h3>\n\n\n\n<div class=\"wp-block-file\"><a href=\"https:\/\/www.lai.pe.gov.br\/lafepe\/wp-content\/uploads\/sites\/89\/2021\/12\/Convenios-ou-Acordos-de-Cooperacao-Tecnica-2021.xlsx\">Relat\u00f3rio de Conv\u00eanios ou Acordos de Coopera\u00e7\u00e3o T\u00e9cnica 2021<\/a><a href=\"https:\/\/www.lai.pe.gov.br\/lafepe\/wp-content\/uploads\/sites\/89\/2021\/12\/Convenios-ou-Acordos-de-Cooperacao-Tecnica-2021.xlsx\" class=\"wp-block-file__button\" download>Baixar<\/a><\/div>\n\n\n\n<div class=\"wp-block-file\"><a href=\"https:\/\/www.lai.pe.gov.br\/lafepe\/wp-content\/uploads\/sites\/89\/2021\/04\/Convenios-ou-Acordos-de-Cooperacao-Tecnica-2020-v1.xlsx\">Relat\u00f3rio de Conv\u00eanios ou Acordos de Coopera\u00e7\u00e3o T\u00e9cnica 2020<\/a><a href=\"https:\/\/www.lai.pe.gov.br\/lafepe\/wp-content\/uploads\/sites\/89\/2021\/04\/Convenios-ou-Acordos-de-Cooperacao-Tecnica-2020-v1.xlsx\" class=\"wp-block-file__button\" download>Baixar<\/a><\/div>\n\n\n\n<div class=\"wp-block-file\"><a href=\"https:\/\/www.lai.pe.gov.br\/lafepe\/wp-content\/uploads\/sites\/89\/2021\/04\/Convenios-ou-Acordos-de-Cooperacao-Tecnica-2019-v1.xlsx\">Relat\u00f3rio de Conv\u00eanios ou Acordos de Coopera\u00e7\u00e3o T\u00e9cnica 2019<\/a><a href=\"https:\/\/www.lai.pe.gov.br\/lafepe\/wp-content\/uploads\/sites\/89\/2021\/04\/Convenios-ou-Acordos-de-Cooperacao-Tecnica-2019-v1.xlsx\" class=\"wp-block-file__button\" download>Baixar<\/a><\/div>\n\n\n\n<div class=\"wp-block-file\"><a href=\"https:\/\/www.lai.pe.gov.br\/lafepe\/wp-content\/uploads\/sites\/89\/2021\/04\/Convenios-ou-Acordos-de-Cooperacao-Tecnica-2018-v1.xlsx\">Relat\u00f3rio de Conv\u00eanios ou Acordos de Coopera\u00e7\u00e3o T\u00e9cnica 2018<\/a><a href=\"https:\/\/www.lai.pe.gov.br\/lafepe\/wp-content\/uploads\/sites\/89\/2021\/04\/Convenios-ou-Acordos-de-Cooperacao-Tecnica-2018-v1.xlsx\" class=\"wp-block-file__button\" download>Baixar<\/a><\/div>\n\n\n\n<div class=\"wp-block-file\"><a href=\"https:\/\/www.lai.pe.gov.br\/lafepe\/wp-content\/uploads\/sites\/89\/2021\/04\/Convenios-ou-Acordos-de-Cooperacao-Tecnica-2017-v1.xlsx\">Relat\u00f3rio de Conv\u00eanios ou Acordos de Coopera\u00e7\u00e3o T\u00e9cnica 2017<\/a><a href=\"https:\/\/www.lai.pe.gov.br\/lafepe\/wp-content\/uploads\/sites\/89\/2021\/04\/Convenios-ou-Acordos-de-Cooperacao-Tecnica-2017-v1.xlsx\" class=\"wp-block-file__button\" download>Baixar<\/a><\/div>\n\n\n\n<div class=\"wp-block-file\"><a href=\"https:\/\/www.lai.pe.gov.br\/lafepe\/wp-content\/uploads\/sites\/89\/2021\/04\/Convenios-ou-Acordos-de-Cooperacao-Tecnica-2016-v1.xlsx\">Relat\u00f3rio de Conv\u00eanios ou Acordos de Coopera\u00e7\u00e3o T\u00e9cnica 2016<\/a><a href=\"https:\/\/www.lai.pe.gov.br\/lafepe\/wp-content\/uploads\/sites\/89\/2021\/04\/Convenios-ou-Acordos-de-Cooperacao-Tecnica-2016-v1.xlsx\" class=\"wp-block-file__button\" download>Baixar<\/a><\/div>\n\n\n\n<p><\/p>\n\n\n\n<div class=\"wp-block-advgb-accordions advgb-accordion-wrapper\" data-collapsed=\"true\"><\/div>\n<style class=\"advgb-styles-renderer\">#kt-info-box_36c228-f9 .kt-blocks-info-box-link-wrap {border-color:rgba(136, 136, 136, 1);border-radius:20px;background:rgba(255, 255, 255, 1);padding:20px 20px 20px 20px;border-width:2px 2px 2px 2px;}#kt-info-box_36c228-f9 .kt-blocks-info-box-link-wrap:hover {border-color:rgba(136, 136, 136, 1);background:rgba(255, 255, 255, 1);}#kt-info-box_36c228-f9 .kt-info-svg-icon, #kt-info-box_36c228-f9 .kt-blocks-info-box-number {font-size:50px;}#kt-info-box_36c228-f9 .kt-blocks-info-box-media {color:#ffffff;background:#555555;border-color:#444444;border-radius:200px;border-width:0px 0px 0px 0px;padding:20px 20px 20px 20px;margin:0px 15px 0px 15px;}#kt-info-box_36c228-f9 .kt-blocks-info-box-media img {border-radius:200px;}#kt-info-box_36c228-f9 .kt-blocks-info-box-link-wrap:hover .kt-blocks-info-box-media {color:#ffffff;background:#444444;border-color:#444444;}#kt-info-box_36c228-f9 .kt-blocks-info-box-title {padding:0px 0px 0px 0px;margin:5px 0px 10px 0px;}#kt-info-box_36c228-f9 .kt-blocks-info-box-text {}#kt-info-box_36c228-f9 .kt-blocks-info-box-link-wrap:hover {box-shadow:0px 0px 14px 0px rgba(0,0,0,0.2);}<\/style>","protected":false},"excerpt":{"rendered":"<p>Documentos Conv\u00eanios de Receita O LAFEPE n\u00e3o possui conv\u00eanios de receita. Conv\u00eanios de Despesa Conv\u00eanios e\/ou Acordos de Coopera\u00e7\u00e3o T\u00e9cnica<\/p>\n","protected":false},"author":4,"featured_media":0,"parent":0,"menu_order":0,"comment_status":"closed","ping_status":"closed","template":"","meta":{"advgb_blocks_editor_width":"","advgb_blocks_columns_visual_guide":"","kt_blocks_editor_width":""},"featured_image_urls":{"full":"","thumbnail":"","medium":"","medium_large":"","large":"","1536x1536":"","2048x2048":""},"post_excerpt_stackable":"<p>O que h\u00e1 nesta p\u00e1gina!Nesta se\u00e7\u00e3o s\u00e3o divulgadas informa\u00e7\u00f5es sobre os repasses e transfer\u00eancias de recursos financeiros efetuados pelo \u00f3rg\u00e3o\/entidade. Documentos Conv\u00eanios de Receita O LAFEPE n\u00e3o possui conv\u00eanios de receita. Conv\u00eanios de Despesa Relat\u00f3rio de Conv\u00eanios de Despesa 2021Baixar Relat\u00f3rio de Conv\u00eanios de Despesa 2020Baixar Relat\u00f3rio de Conv\u00eanios de Despesa 2019Baixar Relat\u00f3rio de Conv\u00eanios de Despesa 2018Baixar Relat\u00f3rio de Conv\u00eanios de Despesa 2017Baixar Relat\u00f3rio de Conv\u00eanios de Despesa 2016Baixar Conv\u00eanios e\/ou Acordos de Coopera\u00e7\u00e3o T\u00e9cnica Relat\u00f3rio de Conv\u00eanios ou Acordos de Coopera\u00e7\u00e3o T\u00e9cnica 2021Baixar Relat\u00f3rio de Conv\u00eanios ou Acordos de Coopera\u00e7\u00e3o T\u00e9cnica 2020Baixar Relat\u00f3rio de Conv\u00eanios ou Acordos de&hellip;<\/p>\n","category_list":"","author_info":{"name":"Admin","url":"https:\/\/www.lai.pe.gov.br\/lafepe\/author\/admintemp\/"},"comments_num":"0 coment\u00e1rio","_links":{"self":[{"href":"https:\/\/www.lai.pe.gov.br\/lafepe\/wp-json\/wp\/v2\/pages\/310"}],"collection":[{"href":"https:\/\/www.lai.pe.gov.br\/lafepe\/wp-json\/wp\/v2\/pages"}],"about":[{"href":"https:\/\/www.lai.pe.gov.br\/lafepe\/wp-json\/wp\/v2\/types\/page"}],"author":[{"embeddable":true,"href":"https:\/\/www.lai.pe.gov.br\/lafepe\/wp-json\/wp\/v2\/users\/4"}],"replies":[{"embeddable":true,"href":"https:\/\/www.lai.pe.gov.br\/lafepe\/wp-json\/wp\/v2\/comments?post=310"}],"version-history":[{"count":40,"href":"https:\/\/www.lai.pe.gov.br\/lafepe\/wp-json\/wp\/v2\/pages\/310\/revisions"}],"predecessor-version":[{"id":2496,"href":"https:\/\/www.lai.pe.gov.br\/lafepe\/wp-json\/wp\/v2\/pages\/310\/revisions\/2496"}],"wp:attachment":[{"href":"https:\/\/www.lai.pe.gov.br\/lafepe\/wp-json\/wp\/v2\/media?parent=310"}],"curies":[{"name":"wp","href":"https:\/\/api.w.org\/{rel}","templated":true}]}}