{"id":702,"date":"2019-04-09T11:16:29","date_gmt":"2019-04-09T14:16:29","guid":{"rendered":"https:\/\/www.lai.pe.gov.br\/iterpe\/?page_id=702"},"modified":"2026-03-03T10:51:06","modified_gmt":"2026-03-03T13:51:06","slug":"terras-devolutas-arrecadadas-e-matriculadas","status":"publish","type":"page","link":"https:\/\/www.lai.pe.gov.br\/iterpe\/terras-devolutas-arrecadadas-e-matriculadas\/","title":{"rendered":"TERRAS DEVOLUTAS, ARRECADADAS E MATRICULADAS"},"content":{"rendered":"\n<figure class=\"wp-block-image size-large is-resized\"><img loading=\"lazy\" src=\"https:\/\/www.lai.pe.gov.br\/iterpe\/wp-content\/uploads\/sites\/39\/2025\/01\/image-60.png\" alt=\"\" class=\"wp-image-6363\" width=\"1450\" height=\"191\" \/><\/figure>\n\n\n<div id=\"\" class=\"wp-block-ugb-blockquote ugb-blockquote ugb-c2f4b81 ugb-blockquote--v3 ugb-blockquote--design-plain ugb-main-block\">\n\n<div class=\"ugb-inner-block\">\n<div class=\"ugb-block-content\">\n<div class=\"ugb-blockquote__item\">\n<div class=\"ugb-blockquote__content\">\n<h3 class=\"ugb-blockquote__text\">&nbsp;A Regulariza\u00e7\u00e3o&nbsp; Fundi\u00e1ria \u00e9 uma pol\u00edtica agr\u00e1ria que garante aos agricultores familiares ocupantes de terras devolutas, a perman\u00eancia&nbsp; e a propriedade da terra com a emiss\u00e3o do t\u00edtulo de propriedade, resultando ma seguran\u00e7a jur\u00eddica do im\u00f3vel.<\/h3>\n<\/div>\n<\/div>\n<\/div>\n<\/div>\n<\/div>\n\n\n<h2>Documentos<\/h2>\n\n\n\n<div class=\"wp-block-file\"><a href=\"https:\/\/www.lai.pe.gov.br\/iterpe\/wp-content\/uploads\/sites\/39\/2021\/07\/TERRAS-DEVOLUTAS.pdf\"><strong>TERRAS DEVOLUTAS, ARRECADADAS E MATRICULADAS <\/strong><\/a><a href=\"https:\/\/www.lai.pe.gov.br\/iterpe\/wp-content\/uploads\/sites\/39\/2021\/07\/TERRAS-DEVOLUTAS.pdf\" class=\"wp-block-file__button\" download>Baixar<\/a><\/div>\n\n\n\n<div class=\"wp-block-file\"><a href=\"https:\/\/www.lai.pe.gov.br\/iterpe\/wp-content\/uploads\/sites\/39\/2019\/04\/\u00c1reas-arrecadadas-e-registradas-em-nomeme-do-Estado.doc\"><strong>\u00c1REAS ARRECADADAS E REGISTRADAS EM NOME DO ESTADO<\/strong><\/a><a href=\"https:\/\/www.lai.pe.gov.br\/iterpe\/wp-content\/uploads\/sites\/39\/2019\/04\/\u00c1reas-arrecadadas-e-registradas-em-nomeme-do-Estado.doc\" class=\"wp-block-file__button\" download>Baixar<\/a><\/div>\n\n\n\n<div style=\"height:44px\" aria-hidden=\"true\" class=\"wp-block-spacer\"><\/div>\n<style class=\"advgb-styles-renderer\">.ugb-c2f4b81 .ugb-blockquote__quote{width:70px !important;height:70px !important}<\/style>","protected":false},"excerpt":{"rendered":"<p>&nbsp;A Regulariza\u00e7\u00e3o&nbsp; Fundi\u00e1ria \u00e9 uma pol\u00edtica agr\u00e1ria que garante aos agricultores familiares ocupantes de terras devolutas, a perman\u00eancia&nbsp; e a propriedade da terra com a emiss\u00e3o do t\u00edtulo de propriedade, resultando ma seguran\u00e7a jur\u00eddica do im\u00f3vel. Documentos<\/p>\n","protected":false},"author":4,"featured_media":0,"parent":0,"menu_order":0,"comment_status":"closed","ping_status":"closed","template":"","meta":{"advgb_blocks_editor_width":"","advgb_blocks_columns_visual_guide":"","kt_blocks_editor_width":""},"featured_image_urls":{"full":"","thumbnail":"","medium":"","medium_large":"","large":"","1536x1536":"","2048x2048":""},"post_excerpt_stackable":"<p>&nbsp;A Regulariza\u00e7\u00e3o&nbsp; Fundi\u00e1ria \u00e9 uma pol\u00edtica agr\u00e1ria que garante aos agricultores familiares ocupantes de terras devolutas, a perman\u00eancia&nbsp; e a propriedade da terra com a emiss\u00e3o do t\u00edtulo de propriedade, resultando ma seguran\u00e7a jur\u00eddica do im\u00f3vel. Documentos TERRAS DEVOLUTAS, ARRECADADAS E MATRICULADAS Baixar \u00c1REAS ARRECADADAS E REGISTRADAS EM NOME DO ESTADOBaixar<\/p>\n","category_list":"","author_info":{"name":"Admin","url":"https:\/\/www.lai.pe.gov.br\/iterpe\/author\/admintemp\/"},"comments_num":"0 coment\u00e1rio","_links":{"self":[{"href":"https:\/\/www.lai.pe.gov.br\/iterpe\/wp-json\/wp\/v2\/pages\/702"}],"collection":[{"href":"https:\/\/www.lai.pe.gov.br\/iterpe\/wp-json\/wp\/v2\/pages"}],"about":[{"href":"https:\/\/www.lai.pe.gov.br\/iterpe\/wp-json\/wp\/v2\/types\/page"}],"author":[{"embeddable":true,"href":"https:\/\/www.lai.pe.gov.br\/iterpe\/wp-json\/wp\/v2\/users\/4"}],"replies":[{"embeddable":true,"href":"https:\/\/www.lai.pe.gov.br\/iterpe\/wp-json\/wp\/v2\/comments?post=702"}],"version-history":[{"count":66,"href":"https:\/\/www.lai.pe.gov.br\/iterpe\/wp-json\/wp\/v2\/pages\/702\/revisions"}],"predecessor-version":[{"id":8341,"href":"https:\/\/www.lai.pe.gov.br\/iterpe\/wp-json\/wp\/v2\/pages\/702\/revisions\/8341"}],"wp:attachment":[{"href":"https:\/\/www.lai.pe.gov.br\/iterpe\/wp-json\/wp\/v2\/media?parent=702"}],"curies":[{"name":"wp","href":"https:\/\/api.w.org\/{rel}","templated":true}]}}