{"id":661,"date":"2019-04-09T11:03:26","date_gmt":"2019-04-09T14:03:26","guid":{"rendered":"https:\/\/www.lai.pe.gov.br\/iterpe\/?page_id=661"},"modified":"2026-03-03T10:38:18","modified_gmt":"2026-03-03T13:38:18","slug":"assentamento-de-reforma-agraria","status":"publish","type":"page","link":"https:\/\/www.lai.pe.gov.br\/iterpe\/assentamento-de-reforma-agraria\/","title":{"rendered":"ASSENTAMENTOS DE REFORMA AGR\u00c1RIA &#8211; ITERPE"},"content":{"rendered":"\n<figure class=\"wp-block-image size-large is-resized\"><img loading=\"lazy\" src=\"https:\/\/www.lai.pe.gov.br\/iterpe\/wp-content\/uploads\/sites\/39\/2025\/01\/image-26.png\" alt=\"\" class=\"wp-image-6238\" width=\"1448\" height=\"191\" \/><\/figure>\n\n\n<div id=\"\" class=\"wp-block-ugb-blockquote ugb-blockquote ugb-b4fb293 ugb-blockquote--v3 ugb-blockquote--design-plain ugb-main-block\">\n\n<div class=\"ugb-inner-block\">\n<div class=\"ugb-block-content\">\n<div class=\"ugb-blockquote__item\">\n<div class=\"ugb-blockquote__content\">\n<h3 class=\"ugb-blockquote__text\">Da import\u00e2ncia dos Projetos de Assentamentos da agricultura familiar, no contexto da Reforma Agr\u00e1ria do Estado de Pernambuco, onde se defende um modelo econ\u00f4mico, social e ambiental baseado no uso consciente da terra para a efetiva\u00e7\u00e3o de sua fun\u00e7\u00e3o social, no \u00e2mbito do pleno desenvolvimento da economia individual e familiar dos seus benef\u00edci\u00e1rios.<\/h3>\n<p><\/p>\n<h3>OBS.: Documentos necess\u00e1rios como (Rela\u00e7\u00e3o de Benefici\u00e1rios &#8211; RB dos respectivos assentamentos e Recibos do Cadastro Ambiental Rural &#8211; CAR) para consulta p\u00fablica nesta \u00e1rea \u00e9 encontrado na (Aba) anterior \u00e0 esta.<\/h3>\n<h3>Plantas Dispon\u00edveis:<\/h3>\n<\/div>\n<\/div>\n<\/div>\n<\/div>\n<\/div>\n\n\n<h2>Documentos<\/h2>\n\n\n\n<div class=\"wp-block-file\"><a href=\"https:\/\/www.lai.pe.gov.br\/iterpe\/wp-content\/uploads\/sites\/39\/2019\/04\/TERMO-DE-COMPROMISSO-FIRMADO.pdf\">TERMO DE COMPROMISSO FIRMADO<\/a><a href=\"https:\/\/www.lai.pe.gov.br\/iterpe\/wp-content\/uploads\/sites\/39\/2019\/04\/TERMO-DE-COMPROMISSO-FIRMADO.pdf\" class=\"wp-block-file__button\" download>Baixar<\/a><\/div>\n\n\n\n<h3>Projetos de Assentamento<\/h3>\n\n\n\n<div class=\"wp-block-file\"><a href=\"https:\/\/www.lai.pe.gov.br\/iterpe\/wp-content\/uploads\/sites\/39\/2019\/04\/StoAnt\u00f4nio-Gravat\u00e1.pdf\">StoAnt\u00f4nio-Gravat\u00e1<\/a><a href=\"https:\/\/www.lai.pe.gov.br\/iterpe\/wp-content\/uploads\/sites\/39\/2019\/04\/StoAnt\u00f4nio-Gravat\u00e1.pdf\" class=\"wp-block-file__button\" download>Baixar<\/a><\/div>\n\n\n\n<div class=\"wp-block-file\"><a href=\"https:\/\/www.lai.pe.gov.br\/iterpe\/wp-content\/uploads\/sites\/39\/2019\/04\/MataVerde-BomConselho.pdf\">MataVerde-BomConselho<\/a><a href=\"https:\/\/www.lai.pe.gov.br\/iterpe\/wp-content\/uploads\/sites\/39\/2019\/04\/MataVerde-BomConselho.pdf\" class=\"wp-block-file__button\" download>Baixar<\/a><\/div>\n\n\n\n<div class=\"wp-block-file\"><a href=\"https:\/\/www.lai.pe.gov.br\/iterpe\/wp-content\/uploads\/sites\/39\/2019\/04\/EngTimbo-Moreno.pdf\">EngTimbo-Moreno<\/a><a href=\"https:\/\/www.lai.pe.gov.br\/iterpe\/wp-content\/uploads\/sites\/39\/2019\/04\/EngTimbo-Moreno.pdf\" class=\"wp-block-file__button\" download>Baixar<\/a><\/div>\n\n\n\n<div class=\"wp-block-file\"><a href=\"https:\/\/www.lai.pe.gov.br\/iterpe\/wp-content\/uploads\/sites\/39\/2019\/04\/EngSerrinha-Ribeir\u00e3o.pdf\">EngSerrinha-Ribeir\u00e3o<\/a><a href=\"https:\/\/www.lai.pe.gov.br\/iterpe\/wp-content\/uploads\/sites\/39\/2019\/04\/EngSerrinha-Ribeir\u00e3o.pdf\" class=\"wp-block-file__button\" download>Baixar<\/a><\/div>\n\n\n\n<div class=\"wp-block-file\"><a href=\"https:\/\/www.lai.pe.gov.br\/iterpe\/wp-content\/uploads\/sites\/39\/2019\/04\/EngPorteiras-Pombos.pdf\">EngPorteiras-Pombos<\/a><a href=\"https:\/\/www.lai.pe.gov.br\/iterpe\/wp-content\/uploads\/sites\/39\/2019\/04\/EngPorteiras-Pombos.pdf\" class=\"wp-block-file__button\" download>Baixar<\/a><\/div>\n\n\n\n<div class=\"wp-block-file\"><a href=\"https:\/\/www.lai.pe.gov.br\/iterpe\/wp-content\/uploads\/sites\/39\/2019\/04\/EngPalmeira-Gravat\u00e1.pdf\">EngPalmeira-Gravat\u00e1<\/a><a href=\"https:\/\/www.lai.pe.gov.br\/iterpe\/wp-content\/uploads\/sites\/39\/2019\/04\/EngPalmeira-Gravat\u00e1.pdf\" class=\"wp-block-file__button\" download>Baixar<\/a><\/div>\n\n\n\n<div class=\"wp-block-file\"><a href=\"https:\/\/www.lai.pe.gov.br\/iterpe\/wp-content\/uploads\/sites\/39\/2019\/04\/EngNSdoRos\u00e1rio-Pesqueira.pdf\">EngNSdoRos\u00e1rio-Pesqueira<\/a><a href=\"https:\/\/www.lai.pe.gov.br\/iterpe\/wp-content\/uploads\/sites\/39\/2019\/04\/EngNSdoRos\u00e1rio-Pesqueira.pdf\" class=\"wp-block-file__button\" download>Baixar<\/a><\/div>\n\n\n\n<div class=\"wp-block-file\"><a href=\"https:\/\/www.lai.pe.gov.br\/iterpe\/wp-content\/uploads\/sites\/39\/2019\/04\/EngJussara-Moreno.pdf\">EngJussara-Moreno<\/a><a href=\"https:\/\/www.lai.pe.gov.br\/iterpe\/wp-content\/uploads\/sites\/39\/2019\/04\/EngJussara-Moreno.pdf\" class=\"wp-block-file__button\" download>Baixar<\/a><\/div>\n\n\n\n<div class=\"wp-block-file\"><a href=\"https:\/\/www.lai.pe.gov.br\/iterpe\/wp-content\/uploads\/sites\/39\/2019\/04\/EngFortaleza-Ipojuca.pdf\">EngFortaleza-Ipojuca<\/a><a href=\"https:\/\/www.lai.pe.gov.br\/iterpe\/wp-content\/uploads\/sites\/39\/2019\/04\/EngFortaleza-Ipojuca.pdf\" class=\"wp-block-file__button\" download>Baixar<\/a><\/div>\n\n\n\n<div class=\"wp-block-file\"><a href=\"https:\/\/www.lai.pe.gov.br\/iterpe\/wp-content\/uploads\/sites\/39\/2019\/04\/EngFlordeMaria-\u00c1guaPreta.pdf\">EngFlordeMaria-\u00c1guaPreta<\/a><a href=\"https:\/\/www.lai.pe.gov.br\/iterpe\/wp-content\/uploads\/sites\/39\/2019\/04\/EngFlordeMaria-\u00c1guaPreta.pdf\" class=\"wp-block-file__button\" download>Baixar<\/a><\/div>\n\n\n\n<div class=\"wp-block-file\"><a href=\"https:\/\/www.lai.pe.gov.br\/iterpe\/wp-content\/uploads\/sites\/39\/2019\/04\/Canavieira-Bezerros.jpg\">Canavieira-Bezerros<\/a><a href=\"https:\/\/www.lai.pe.gov.br\/iterpe\/wp-content\/uploads\/sites\/39\/2019\/04\/Canavieira-Bezerros.jpg\" class=\"wp-block-file__button\" download>Baixar<\/a><\/div>\n\n\n\n<div class=\"wp-block-file\"><a href=\"https:\/\/www.lai.pe.gov.br\/iterpe\/wp-content\/uploads\/sites\/39\/2019\/04\/EngFlorescente-\u00c1guaPreta.pdf\">EngFlorescente-\u00c1guaPreta<\/a><a href=\"https:\/\/www.lai.pe.gov.br\/iterpe\/wp-content\/uploads\/sites\/39\/2019\/04\/EngFlorescente-\u00c1guaPreta.pdf\" class=\"wp-block-file__button\" download>Baixar<\/a><\/div>\n\n\n\n<div class=\"wp-block-file\"><a href=\"https:\/\/www.lai.pe.gov.br\/iterpe\/wp-content\/uploads\/sites\/39\/2019\/04\/EngCachoeiraFurada-JoaquimNabuco.pdf\">EngCachoeiraFurada-JoaquimNabuco<\/a><a href=\"https:\/\/www.lai.pe.gov.br\/iterpe\/wp-content\/uploads\/sites\/39\/2019\/04\/EngCachoeiraFurada-JoaquimNabuco.pdf\" class=\"wp-block-file__button\" download>Baixar<\/a><\/div>\n\n\n\n<div class=\"wp-block-file\"><a href=\"https:\/\/www.lai.pe.gov.br\/iterpe\/wp-content\/uploads\/sites\/39\/2019\/04\/Ximenes-Barreiros.pdf\">Ximenes &#8211; Barreiros<\/a><a href=\"https:\/\/www.lai.pe.gov.br\/iterpe\/wp-content\/uploads\/sites\/39\/2019\/04\/Ximenes-Barreiros.pdf\" class=\"wp-block-file__button\" download>Baixar<\/a><\/div>\n<style class=\"advgb-styles-renderer\">.ugb-b4fb293 .ugb-blockquote__quote{width:70px !important;height:70px !important}<\/style>","protected":false},"excerpt":{"rendered":"<p>Da import\u00e2ncia dos Projetos de Assentamentos da agricultura familiar, no contexto da Reforma Agr\u00e1ria do Estado de Pernambuco, onde se defende um modelo econ\u00f4mico, social e ambiental baseado no uso consciente da terra para a efetiva\u00e7\u00e3o de sua fun\u00e7\u00e3o social, no \u00e2mbito do pleno desenvolvimento da economia individual e familiar dos seus benef\u00edci\u00e1rios. OBS.: Documentos [&hellip;]<\/p>\n","protected":false},"author":4,"featured_media":0,"parent":0,"menu_order":0,"comment_status":"closed","ping_status":"closed","template":"","meta":{"advgb_blocks_editor_width":"","advgb_blocks_columns_visual_guide":"","kt_blocks_editor_width":""},"featured_image_urls":{"full":"","thumbnail":"","medium":"","medium_large":"","large":"","1536x1536":"","2048x2048":""},"post_excerpt_stackable":"<p>Da import\u00e2ncia dos Projetos de Assentamentos da agricultura familiar, no contexto da Reforma Agr\u00e1ria do Estado de Pernambuco, onde se defende um modelo econ\u00f4mico, social e ambiental baseado no uso consciente da terra para a efetiva\u00e7\u00e3o de sua fun\u00e7\u00e3o social, no \u00e2mbito do pleno desenvolvimento da economia individual e familiar dos seus benef\u00edci\u00e1rios. OBS.: Documentos necess\u00e1rios como (Rela\u00e7\u00e3o de Benefici\u00e1rios &#8211; RB dos respectivos assentamentos e Recibos do Cadastro Ambiental Rural &#8211; CAR) para consulta p\u00fablica nesta \u00e1rea \u00e9 encontrado na (Aba) anterior \u00e0 esta. Plantas Dispon\u00edveis: Documentos TERMO DE COMPROMISSO FIRMADOBaixar Projetos de Assentamento StoAnt\u00f4nio-Gravat\u00e1Baixar MataVerde-BomConselhoBaixar EngTimbo-MorenoBaixar EngSerrinha-Ribeir\u00e3oBaixar EngPorteiras-PombosBaixar&hellip;<\/p>\n","category_list":"","author_info":{"name":"Admin","url":"https:\/\/www.lai.pe.gov.br\/iterpe\/author\/admintemp\/"},"comments_num":"0 coment\u00e1rio","_links":{"self":[{"href":"https:\/\/www.lai.pe.gov.br\/iterpe\/wp-json\/wp\/v2\/pages\/661"}],"collection":[{"href":"https:\/\/www.lai.pe.gov.br\/iterpe\/wp-json\/wp\/v2\/pages"}],"about":[{"href":"https:\/\/www.lai.pe.gov.br\/iterpe\/wp-json\/wp\/v2\/types\/page"}],"author":[{"embeddable":true,"href":"https:\/\/www.lai.pe.gov.br\/iterpe\/wp-json\/wp\/v2\/users\/4"}],"replies":[{"embeddable":true,"href":"https:\/\/www.lai.pe.gov.br\/iterpe\/wp-json\/wp\/v2\/comments?post=661"}],"version-history":[{"count":66,"href":"https:\/\/www.lai.pe.gov.br\/iterpe\/wp-json\/wp\/v2\/pages\/661\/revisions"}],"predecessor-version":[{"id":8302,"href":"https:\/\/www.lai.pe.gov.br\/iterpe\/wp-json\/wp\/v2\/pages\/661\/revisions\/8302"}],"wp:attachment":[{"href":"https:\/\/www.lai.pe.gov.br\/iterpe\/wp-json\/wp\/v2\/media?parent=661"}],"curies":[{"name":"wp","href":"https:\/\/api.w.org\/{rel}","templated":true}]}}