{"id":310,"date":"2019-03-25T10:36:47","date_gmt":"2019-03-25T13:36:47","guid":{"rendered":"https:\/\/www.lai.pe.gov.br\/iterpe\/?page_id=310"},"modified":"2026-03-03T10:51:43","modified_gmt":"2026-03-03T13:51:43","slug":"convenios","status":"publish","type":"page","link":"https:\/\/www.lai.pe.gov.br\/iterpe\/convenios\/","title":{"rendered":"TRANSFER\u00caNCIA DE RECURSOS &#8211; ITERPE"},"content":{"rendered":"\n<figure class=\"wp-block-image size-large is-resized\"><img loading=\"lazy\" src=\"https:\/\/www.lai.pe.gov.br\/iterpe\/wp-content\/uploads\/sites\/39\/2025\/01\/image-62.png\" alt=\"\" class=\"wp-image-6367\" width=\"1450\" height=\"191\" \/><\/figure>\n\n\n\n<div style=\"height:20px\" aria-hidden=\"true\" class=\"wp-block-spacer\"><\/div>\n\n\n\n<h2>Conv\u00eanios de Despesas &#8211; ITERPE 2022<\/h2>\n\n\n\n<p><a href=\"https:\/\/www.lai.pe.gov.br\/iterpe\/wp-content\/uploads\/sites\/39\/2022\/07\/PLANILHA_LAI__DESPESAS.xlsx\">RELA\u00c7\u00c3O DE CONV\u00caNIOS &#8211; DESPESAS &#8211; ITERPE JUNHO 2022<\/a><\/p>\n\n\n\n<p><a href=\"https:\/\/www.lai.pe.gov.br\/iterpe\/wp-content\/uploads\/sites\/39\/2022\/05\/PLANILHA_LAI___Transferencias_realizadas_despesas___09.02.2022.xlsx\">RELA\u00c7\u00c3O DE CONV\u00caNIOS &#8211; DESPESAS &#8211; ITERPE MAIO 2022<\/a><\/p>\n\n\n\n<p><\/p>\n\n\n\n<h2>Conv\u00eanios de Receitas &#8211; ITERPE 2022<\/h2>\n\n\n\n<p><a href=\"https:\/\/www.lai.pe.gov.br\/iterpe\/wp-content\/uploads\/sites\/39\/2022\/07\/PLANILHA_LAI_RECEITAS.xlsx\">RELA\u00c7\u00c3O DE CONV\u00caNIOS &#8211; RECEITAS &#8211; ITERPE JUNHO 2022<\/a><\/p>\n\n\n\n<p><a href=\"https:\/\/www.lai.pe.gov.br\/iterpe\/wp-content\/uploads\/sites\/39\/2022\/05\/PLANILHA_LAI_Transferencias_recebidas_receitas_13.05.2022-2.xlsx\">RELA\u00c7\u00c3O DE CONV\u00caNIOS &#8211; RECEITAS &#8211; ITERPE MAIO 2022<\/a><\/p>\n\n\n\n<h2>Acordos de Coopera\u00e7\u00e3o T\u00e9cnica &#8211; ITERPE 2022<\/h2>\n\n\n\n<p><a href=\"https:\/\/www.lai.pe.gov.br\/iterpe\/wp-content\/uploads\/sites\/39\/2022\/07\/PLANILHA-LAI-ACT-JUNHO-2022.xlsx\">ACORDOS DE COOPERA\u00c7\u00c3O T\u00c9CNICA &#8211; ACT &#8211; JUNHO 2022<\/a><\/p>\n\n\n\n<p><a href=\"https:\/\/www.lai.pe.gov.br\/iterpe\/wp-content\/uploads\/sites\/39\/2022\/05\/PLANILHA-LAI-ACT-31.05.2022.xlsx\">ACORDOS DE COOPERA\u00c7\u00c3O T\u00c9CNICA &#8211; ACT &#8211; MAIO 2022<\/a><\/p>\n\n\n\n<h3>Conv\u00eanios de Coopera\u00e7\u00e3o T\u00e9cnica (Anos Anteriores)<\/h3>\n\n\n\n<div class=\"wp-block-file\"><a href=\"https:\/\/www.lai.pe.gov.br\/iterpe\/wp-content\/uploads\/sites\/39\/2021\/10\/PLANILHA-LAI-Acordos-de-Cooperacao-Tecnica-SETEMBRO-enviada-06.10.2021.xlsx\">CONV\u00caNIO DE COOPERA\u00c7\u00c3O T\u00c9CNICA &#8211; SETEMBRO 2021<\/a><a href=\"https:\/\/www.lai.pe.gov.br\/iterpe\/wp-content\/uploads\/sites\/39\/2021\/10\/PLANILHA-LAI-Acordos-de-Cooperacao-Tecnica-SETEMBRO-enviada-06.10.2021.xlsx\" class=\"wp-block-file__button\" download>Baixar<\/a><\/div>\n\n\n\n<p><\/p>\n\n\n\n<h3>Conv\u00eanios de Despesa<\/h3>\n\n\n\n<div class=\"wp-block-file\"><a href=\"https:\/\/www.lai.pe.gov.br\/iterpe\/wp-content\/uploads\/sites\/39\/2021\/07\/LAI_CONVENIOS_TRANSFERENCIAS_CONCEDIDAS_12.07.2021.xlsx\">RELA\u00c7\u00c3O DE CONV\u00caNIOS &#8211; ITERPE JUNHO 2021<\/a><a href=\"https:\/\/www.lai.pe.gov.br\/iterpe\/wp-content\/uploads\/sites\/39\/2021\/07\/LAI_CONVENIOS_TRANSFERENCIAS_CONCEDIDAS_12.07.2021.xlsx\" class=\"wp-block-file__button\" download>Baixar<\/a><\/div>\n\n\n\n<p><\/p>\n\n\n\n<h3>Conv\u00eanios de Receita<\/h3>\n\n\n\n<div class=\"wp-block-file\"><a href=\"https:\/\/www.lai.pe.gov.br\/iterpe\/wp-content\/uploads\/sites\/39\/2021\/05\/LAI_CONVENIOS_-ACT_CONTRATO-DE-REPASSE_05.05.2021.xlsx\">RELA\u00c7\u00c3O DE CONV\u00caNIOS &#8211; ITERPE MAIO 2021<\/a><a href=\"https:\/\/www.lai.pe.gov.br\/iterpe\/wp-content\/uploads\/sites\/39\/2021\/05\/LAI_CONVENIOS_-ACT_CONTRATO-DE-REPASSE_05.05.2021.xlsx\" class=\"wp-block-file__button\" download>Baixar<\/a><\/div>\n\n\n\n<div class=\"wp-block-file\"><a href=\"https:\/\/www.lai.pe.gov.br\/iterpe\/wp-content\/uploads\/sites\/39\/2021\/03\/LAI_CONVENIOS_-ACT_CONTRATO-DE-REPASSE_02.03.2021.xlsx\">RELA\u00c7\u00c3O DE CONV\u00caNIOS &#8211; ITERPE 2021<\/a><a href=\"https:\/\/www.lai.pe.gov.br\/iterpe\/wp-content\/uploads\/sites\/39\/2021\/03\/LAI_CONVENIOS_-ACT_CONTRATO-DE-REPASSE_02.03.2021.xlsx\" class=\"wp-block-file__button\" download>Baixar<\/a><\/div>\n\n\n\n<div class=\"wp-block-file\"><a href=\"https:\/\/www.lai.pe.gov.br\/iterpe\/wp-content\/uploads\/sites\/39\/2021\/01\/LAI_CONVENIOS_-2021.xlsx\">RELA\u00c7\u00c3O DE CONV\u00caNIOS &#8211; ITERPE 2020<\/a><a href=\"https:\/\/www.lai.pe.gov.br\/iterpe\/wp-content\/uploads\/sites\/39\/2021\/01\/LAI_CONVENIOS_-2021.xlsx\" class=\"wp-block-file__button\" download>Baixar<\/a><\/div>\n\n\n\n<div class=\"wp-block-file\"><a href=\"https:\/\/www.lai.pe.gov.br\/iterpe\/wp-content\/uploads\/sites\/39\/2019\/08\/CONV\u00caNIOS-REL-2019-NOVO.pdf\">RELA\u00c7\u00c3O DE CONV\u00caNIOS &#8211; ITERPE 2019<\/a><a href=\"https:\/\/www.lai.pe.gov.br\/iterpe\/wp-content\/uploads\/sites\/39\/2019\/08\/CONV\u00caNIOS-REL-2019-NOVO.pdf\" class=\"wp-block-file__button\" download>Baixar<\/a><\/div>\n\n\n\n<div class=\"wp-block-file\"><a href=\"https:\/\/www.lai.pe.gov.br\/iterpe\/wp-content\/uploads\/sites\/39\/2021\/07\/LAI_CONVENIOS_2018.xlsx\">RELA\u00c7\u00c3O DE CONV\u00caNIOS &#8211; ITERPE 2018<\/a><a href=\"https:\/\/www.lai.pe.gov.br\/iterpe\/wp-content\/uploads\/sites\/39\/2021\/07\/LAI_CONVENIOS_2018.xlsx\" class=\"wp-block-file__button\" download>Baixar<\/a><\/div>\n\n\n\n<div class=\"wp-block-file\"><a href=\"https:\/\/www.lai.pe.gov.br\/iterpe\/wp-content\/uploads\/sites\/39\/2019\/04\/Convenio-previstos-para-2017.xlsx\">CONV\u00caNIOS PREVISTOS &#8211; ITERPE 2017<\/a><a href=\"https:\/\/www.lai.pe.gov.br\/iterpe\/wp-content\/uploads\/sites\/39\/2019\/04\/Convenio-previstos-para-2017.xlsx\" class=\"wp-block-file__button\" download>Baixar<\/a><\/div>\n\n\n\n<div class=\"wp-block-file\"><a href=\"https:\/\/www.lai.pe.gov.br\/iterpe\/wp-content\/uploads\/sites\/39\/2019\/04\/CONV\u00caNIOS-DE-RECEITA-SEPLAG-2016.xls\">RELA\u00c7\u00c3O DE CONV\u00caNIOS DE RECEITA &#8211; CPLAG 2016<\/a><a href=\"https:\/\/www.lai.pe.gov.br\/iterpe\/wp-content\/uploads\/sites\/39\/2019\/04\/CONV\u00caNIOS-DE-RECEITA-SEPLAG-2016.xls\" class=\"wp-block-file__button\" download>Baixar<\/a><\/div>\n\n\n\n<div class=\"wp-block-file\"><a href=\"https:\/\/www.lai.pe.gov.br\/iterpe\/wp-content\/uploads\/sites\/39\/2020\/09\/Serie-historica-de-Convenios-2013-a-2020-1.xls\">S\u00c9RIE HIST\u00d3RICA DE CONV\u00caNIOS &#8211; ITERPE 2013 \u00c0 2020<\/a><a href=\"https:\/\/www.lai.pe.gov.br\/iterpe\/wp-content\/uploads\/sites\/39\/2020\/09\/Serie-historica-de-Convenios-2013-a-2020-1.xls\" class=\"wp-block-file__button\" download>Baixar<\/a><\/div>\n\n\n\n<p><\/p>\n\n\n\n<div id=\"kt-info-box_9ba9c9-72\" class=\"wp-block-kadence-infobox\"><a class=\"kt-blocks-info-box-link-wrap kt-blocks-info-box-media-align-left kt-info-halign-center\"><div class=\"kt-blocks-info-box-media-container\"><div class=\"kt-blocks-info-box-media kt-info-media-animate-none\"><div class=\"kadence-info-box-icon-container kt-info-icon-animate-none\"><div class=\"kadence-info-box-icon-inner-container\"><span style=\"display:block;justify-content:center;align-items:center\" class=\"kt-info-svg-icon kt-info-svg-icon-fas_exclamation\"><svg viewbox=\"0 0 192 512\" height=\"50\" width=\"50\" xmlns=\"http:\/\/www.w3.org\/2000\/svg\"><path d=\"M176 432c0 44.112-35.888 80-80 80s-80-35.888-80-80 35.888-80 80-80 80 35.888 80 80zM25.26 25.199l13.6 272C39.499 309.972 50.041 320 62.83 320h66.34c12.789 0 23.331-10.028 23.97-22.801l13.6-272C167.425 11.49 156.496 0 142.77 0H49.23C35.504 0 24.575 11.49 25.26 25.199z\"><\/path><\/svg><\/span><\/div><\/div><\/div><\/div><div class=\"kt-infobox-textcontent\"><h2 class=\"kt-blocks-info-box-title\">O ITERPE n\u00e3o possui Conv\u00eanios de Coopera\u00e7\u00e3o T\u00e9cnica.<\/h2><\/div><\/a><\/div>\n\n\n\n<p><\/p>\n<style class=\"advgb-styles-renderer\">#kt-info-box_9ba9c9-72 .kt-blocks-info-box-link-wrap {border-radius:20px;background:rgba(10, 102, 137, 1);padding:24px 24px 24px 24px;border-width:5px 5px 5px 5px;}#kt-info-box_9ba9c9-72 .kt-blocks-info-box-link-wrap:hover {border-color:rgba(238, 238, 238, 1);background:rgba(10, 102, 137, 1);}#kt-info-box_9ba9c9-72 .kt-info-svg-icon, #kt-info-box_9ba9c9-72 .kt-blocks-info-box-number {font-size:50px;}#kt-info-box_9ba9c9-72 .kt-blocks-info-box-media {color:#444444;background:#ffffff;border-color:#eeeeee;border-radius:200px;border-width:5px 5px 5px 5px;padding:20px 20px 20px 20px;margin:0px 20px 0px 0px;}#kt-info-box_9ba9c9-72 .kt-blocks-info-box-media img {border-radius:200px;}#kt-info-box_9ba9c9-72 .kt-blocks-info-box-link-wrap:hover .kt-blocks-info-box-media {color:#444444;background:#abb8c3;border-color:#eeeeee;}#kt-info-box_9ba9c9-72 .kt-blocks-info-box-title {color:#ffffff;padding:0px 0px 0px 0px;margin:5px 0px 10px 0px;}<\/style>","protected":false},"excerpt":{"rendered":"<p>Conv\u00eanios de Despesas &#8211; ITERPE 2022 RELA\u00c7\u00c3O DE CONV\u00caNIOS &#8211; DESPESAS &#8211; ITERPE JUNHO 2022 RELA\u00c7\u00c3O DE CONV\u00caNIOS &#8211; DESPESAS &#8211; ITERPE MAIO 2022 Conv\u00eanios de Receitas &#8211; ITERPE 2022 RELA\u00c7\u00c3O DE CONV\u00caNIOS &#8211; RECEITAS &#8211; ITERPE JUNHO 2022 RELA\u00c7\u00c3O DE CONV\u00caNIOS &#8211; RECEITAS &#8211; ITERPE MAIO 2022 Acordos de Coopera\u00e7\u00e3o T\u00e9cnica &#8211; ITERPE 2022 [&hellip;]<\/p>\n","protected":false},"author":4,"featured_media":0,"parent":0,"menu_order":0,"comment_status":"closed","ping_status":"closed","template":"","meta":{"advgb_blocks_editor_width":"","advgb_blocks_columns_visual_guide":"","kt_blocks_editor_width":""},"featured_image_urls":{"full":"","thumbnail":"","medium":"","medium_large":"","large":"","1536x1536":"","2048x2048":""},"post_excerpt_stackable":"<p>Conv\u00eanios de Despesas &#8211; ITERPE 2022 RELA\u00c7\u00c3O DE CONV\u00caNIOS &#8211; DESPESAS &#8211; ITERPE JUNHO 2022 RELA\u00c7\u00c3O DE CONV\u00caNIOS &#8211; DESPESAS &#8211; ITERPE MAIO 2022 Conv\u00eanios de Receitas &#8211; ITERPE 2022 RELA\u00c7\u00c3O DE CONV\u00caNIOS &#8211; RECEITAS &#8211; ITERPE JUNHO 2022 RELA\u00c7\u00c3O DE CONV\u00caNIOS &#8211; RECEITAS &#8211; ITERPE MAIO 2022 Acordos de Coopera\u00e7\u00e3o T\u00e9cnica &#8211; ITERPE 2022 ACORDOS DE COOPERA\u00c7\u00c3O T\u00c9CNICA &#8211; ACT &#8211; JUNHO 2022 ACORDOS DE COOPERA\u00c7\u00c3O T\u00c9CNICA &#8211; ACT &#8211; MAIO 2022 Conv\u00eanios de Coopera\u00e7\u00e3o T\u00e9cnica (Anos Anteriores) CONV\u00caNIO DE COOPERA\u00c7\u00c3O T\u00c9CNICA &#8211; SETEMBRO 2021Baixar Conv\u00eanios de Despesa RELA\u00c7\u00c3O DE CONV\u00caNIOS &#8211; ITERPE JUNHO 2021Baixar Conv\u00eanios de Receita RELA\u00c7\u00c3O&hellip;<\/p>\n","category_list":"","author_info":{"name":"Admin","url":"https:\/\/www.lai.pe.gov.br\/iterpe\/author\/admintemp\/"},"comments_num":"0 coment\u00e1rio","_links":{"self":[{"href":"https:\/\/www.lai.pe.gov.br\/iterpe\/wp-json\/wp\/v2\/pages\/310"}],"collection":[{"href":"https:\/\/www.lai.pe.gov.br\/iterpe\/wp-json\/wp\/v2\/pages"}],"about":[{"href":"https:\/\/www.lai.pe.gov.br\/iterpe\/wp-json\/wp\/v2\/types\/page"}],"author":[{"embeddable":true,"href":"https:\/\/www.lai.pe.gov.br\/iterpe\/wp-json\/wp\/v2\/users\/4"}],"replies":[{"embeddable":true,"href":"https:\/\/www.lai.pe.gov.br\/iterpe\/wp-json\/wp\/v2\/comments?post=310"}],"version-history":[{"count":112,"href":"https:\/\/www.lai.pe.gov.br\/iterpe\/wp-json\/wp\/v2\/pages\/310\/revisions"}],"predecessor-version":[{"id":8345,"href":"https:\/\/www.lai.pe.gov.br\/iterpe\/wp-json\/wp\/v2\/pages\/310\/revisions\/8345"}],"wp:attachment":[{"href":"https:\/\/www.lai.pe.gov.br\/iterpe\/wp-json\/wp\/v2\/media?parent=310"}],"curies":[{"name":"wp","href":"https:\/\/api.w.org\/{rel}","templated":true}]}}