{"id":229,"date":"2019-03-25T09:50:10","date_gmt":"2019-03-25T12:50:10","guid":{"rendered":"https:\/\/www.lai.pe.gov.br\/iterpe\/?page_id=229"},"modified":"2026-03-03T10:42:28","modified_gmt":"2026-03-03T13:42:28","slug":"licitacoes","status":"publish","type":"page","link":"https:\/\/www.lai.pe.gov.br\/iterpe\/licitacoes\/","title":{"rendered":"LICITA\u00c7\u00d5ES DO ITERPE"},"content":{"rendered":"\n<figure class=\"wp-block-image size-large is-resized\"><img loading=\"lazy\" src=\"https:\/\/www.lai.pe.gov.br\/iterpe\/wp-content\/uploads\/sites\/39\/2025\/01\/image-44.png\" alt=\"\" class=\"wp-image-6320\" width=\"1450\" height=\"191\" \/><\/figure>\n\n\n\n<p>.<\/p>\n\n\n\n<h3 class=\"has-text-align-center\"><strong>AUTORIZA\u00c7\u00c3O PARA CONTRATA\u00c7\u00c3O DIRETA<\/strong><\/h3>\n\n\n\n<h3 class=\"has-text-align-left\"><a href=\"https:\/\/www.lai.pe.gov.br\/iterpe\/wp-content\/uploads\/sites\/39\/2025\/05\/Autorizacao.pdf\">Autoriza\u00e7\u00e3o para deflagra\u00e7\u00e3o do processo de Contrata\u00e7\u00e3o Direta, Dispensa de Licita\u00e7\u00e3o, com fundamento no Art. 75, incido II da Lei 14.133\/21, a fim de contratar empresa especializada na presta\u00e7\u00e3o de assessoria e execu\u00e7\u00e3o de servi\u00e7os de natureza Cont\u00e1bil, Financeira, Fiscal, Patrimonial, de Presta\u00e7\u00e3o de Contas e Conv\u00eanio para o Instituto de Terras e Reforma Agr\u00e1ria do Estado de Pernambuco &#8211; ITERPE, em conformidade com \u00e0s exig\u00eancias da legisla\u00e7\u00e3o pertinente, considerando as normas e procedimentos legais.<\/a><\/h3>\n\n\n\n<h4 class=\"has-text-align-center\"><a href=\"https:\/\/www.lai.pe.gov.br\/iterpe\/wp-content\/uploads\/sites\/39\/2025\/05\/Autorizacao.pdf\"><strong>(Clique para visualizar)<\/strong><\/a><\/h4>\n\n\n\n<p>.<\/p>\n\n\n\n<p>.<\/p>\n\n\n\n<p>.<\/p>\n\n\n\n<h3 class=\"has-text-align-center\"><strong>ATO DE RATIFICA\u00c7\u00c3O PARA COMPRA DIRETA<\/strong><\/h3>\n\n\n\n<h3 class=\"has-text-align-center\"><a href=\"https:\/\/www.lai.pe.gov.br\/iterpe\/wp-content\/uploads\/sites\/39\/2025\/05\/Ato_de_Ratificacao.pdf\">Ato de Ratifica\u00e7\u00e3o de Compra Direta n\u00ba 0002.2025.CCD.DL.0002.ITERPE<\/a><\/h3>\n\n\n\n<h3><a href=\"https:\/\/www.lai.pe.gov.br\/iterpe\/wp-content\/uploads\/sites\/39\/2025\/05\/Ato_de_Ratificacao.pdf\">DISPENSA para contrata\u00e7\u00e3o de empresa especializada na presta\u00e7\u00e3o de assessoria e execu\u00e7\u00e3o de servi\u00e7os de natureza Cont\u00e1bil, Financeira, Fiscal, Patrimonial, de Presta\u00e7\u00e3o de Contas e Conv\u00eanio., em favor da empresa: RBO CONSULTORES &amp; AUDITORES LTDA<\/a><\/h3>\n\n\n\n<h4 class=\"has-text-align-center\"><strong><a href=\"https:\/\/www.lai.pe.gov.br\/iterpe\/wp-content\/uploads\/sites\/39\/2025\/05\/Ato_de_Ratificacao.pdf\">(Clique para visualizar)<\/a><\/strong><\/h4>\n\n\n\n<p>.<\/p>\n\n\n\n<p>.<\/p>\n\n\n\n<p>.<\/p>\n\n\n\n<h3 class=\"has-text-align-center\"><strong>NOTA DE EMPENHO<\/strong><\/h3>\n\n\n\n<h3 class=\"has-text-align-center\"><a href=\"https:\/\/www.lai.pe.gov.br\/iterpe\/wp-content\/uploads\/sites\/39\/2025\/05\/Nota_de_Emepnho_RBO.pdf\"><strong>Nota de Empenho<\/strong><\/a> <a href=\"https:\/\/www.lai.pe.gov.br\/iterpe\/wp-content\/uploads\/sites\/39\/2025\/05\/Nota_de_Emepnho_RBO.pdf\"><strong>n\u00ba 2025NE000093 do ITERPE de 14\/05\/2025<\/strong><\/a><\/h3>\n\n\n\n<h3 class=\"has-text-align-center\"><a href=\"https:\/\/www.lai.pe.gov.br\/iterpe\/wp-content\/uploads\/sites\/39\/2025\/05\/Nota_de_Emepnho_RBO.pdf\"><strong>CREDOR : RBO CONSULTORES &amp; AUDITORES LTDA<\/strong><\/a><\/h3>\n\n\n\n<h4 class=\"has-text-align-center\"><a href=\"https:\/\/www.lai.pe.gov.br\/iterpe\/wp-content\/uploads\/sites\/39\/2025\/05\/Nota_de_Emepnho_RBO.pdf\"><strong>(Clique para visualizar)<\/strong><\/a><\/h4>\n\n\n\n<p>.<\/p>\n\n\n\n<p>.<\/p>\n\n\n\n<figure class=\"wp-block-image size-large is-resized\"><img loading=\"lazy\" src=\"https:\/\/www.lai.pe.gov.br\/iterpe\/wp-content\/uploads\/sites\/39\/2025\/01\/image-44.png\" alt=\"\" class=\"wp-image-6320\" width=\"1450\" height=\"191\" \/><\/figure>\n\n\n\n<p>.<\/p>\n\n\n\n<h2 class=\"has-text-align-center\"><strong><a href=\"https:\/\/www.lai.pe.gov.br\/iterpe\/wp-content\/uploads\/sites\/39\/2025\/05\/Portaria-Iterpe-no-009.2025-Ordem-Cronologica-de-Pagamento-das-Obrigacoes.pdf\">PORTARIA N\u00ba 009, DE 12 DE MAIO DE 2025<\/a><\/strong><\/h2>\n\n\n\n<h4 class=\"has-text-align-center\"><strong><a href=\"https:\/\/www.lai.pe.gov.br\/iterpe\/wp-content\/uploads\/sites\/39\/2025\/05\/Portaria-Iterpe-no-009.2025-Ordem-Cronologica-de-Pagamento-das-Obrigacoes.pdf\">(Clique para visualizar)<\/a><\/strong><\/h4>\n\n\n\n<h3 class=\"has-text-align-center\"><strong>Disp\u00f5e sobre a observ\u00e2ncia da ordem cronol\u00f3gica de pagamento das obriga\u00e7\u00f5es relativas ao fornecimento de bens, loca\u00e7\u00f5es, presta\u00e7\u00e3o de servi\u00e7os e realiza\u00e7\u00e3o de obras, no \u00e2mbito do Instituto de Terras e Reforma Agr\u00e1ria do Estado de Pernambuco \u2013 ITERPE.<\/strong><\/h3>\n\n\n\n<p>.<\/p>\n\n\n\n<p>.<\/p>\n\n\n\n<p>.<\/p>\n\n\n\n<h2 class=\"has-text-align-center\"><strong><a href=\"https:\/\/www.lai.pe.gov.br\/iterpe\/wp-content\/uploads\/sites\/39\/2025\/05\/Publicacao-do-Extrato-da-Portaria-no-009.2025-Ordem-Cronologica-de-Pagamentos.pdf\">EXTRATO DA PORTARIA N\u00ba 009, DE 12 DE MAIO DE 2025<\/a><\/strong><\/h2>\n\n\n\n<h4 class=\"has-text-align-center\"><strong><a href=\"https:\/\/www.lai.pe.gov.br\/iterpe\/wp-content\/uploads\/sites\/39\/2025\/05\/Publicacao-do-Extrato-da-Portaria-no-009.2025-Ordem-Cronologica-de-Pagamentos.pdf\">(Clique para visualizar)<\/a><\/strong><\/h4>\n\n\n\n<h3 class=\"has-text-align-center\"><strong>Estabelece, no \u00e2mbito do ITERPE, a ordem cronol\u00f3gica quanto \u00e0s obriga\u00e7\u00f5es decorrentes de contratos regidos pelas Leis Federais n\u00ba 8.666\/1993 e 14.133\/2021, seguindo o padr\u00e3o da portaria SCGE n\u00ba 20, de 27 de fevereiro de 2025.<\/strong><\/h3>\n\n\n\n<p>.<\/p>\n\n\n\n<p>.<\/p>\n\n\n\n<figure class=\"wp-block-image size-large is-resized\"><img loading=\"lazy\" src=\"https:\/\/www.lai.pe.gov.br\/iterpe\/wp-content\/uploads\/sites\/39\/2025\/01\/image-44.png\" alt=\"\" class=\"wp-image-6320\" width=\"1450\" height=\"191\" \/><\/figure>\n\n\n\n<p><\/p>\n\n\n\n<h1><strong>Avisos de Inten\u00e7\u00e3o de Contratar<\/strong><\/h1>\n\n\n\n<p>.<\/p>\n\n\n\n<h1>Nesta se\u00e7\u00e3o s\u00e3o divulgadas informa\u00e7\u00f5es sobre os processos licitat\u00f3rios do ITERPE. <\/h1>\n\n\n\n<p>.<\/p>\n\n\n\n<p>.<\/p>\n\n\n\n<h3><a href=\"https:\/\/www.lai.pe.gov.br\/iterpe\/wp-content\/uploads\/sites\/39\/2025\/05\/Nota_de_Emepnho_RBO.pdf\"><strong>Nota de Empenho n\u00ba 2025NE000093 do ITERPE de 14\/05\/2025<\/strong><\/a><\/h3>\n\n\n\n<h3><strong><a href=\"https:\/\/www.lai.pe.gov.br\/iterpe\/wp-content\/uploads\/sites\/39\/2025\/05\/Nota_de_Emepnho_RBO.pdf\">CREDOR : RBO CONSULTORES &amp; AUDITORES LTDA<\/a><\/strong><\/h3>\n\n\n\n<h3><strong><a href=\"https:\/\/www.lai.pe.gov.br\/iterpe\/wp-content\/uploads\/sites\/39\/2025\/05\/Ato_de_Ratificacao.pdf\">Ato de Ratifica\u00e7\u00e3o de Compra Direta n\u00ba 0002.2025.CCD.DL.0002.ITERPE<\/a><\/strong><\/h3>\n\n\n\n<p>.<\/p>\n\n\n\n<p>.<\/p>\n\n\n\n<p>.<\/p>\n\n\n\n<p>.<\/p>\n\n\n\n<p>.<\/p>\n\n\n\n<h3><a href=\"https:\/\/www.lai.pe.gov.br\/iterpe\/wp-content\/uploads\/sites\/39\/2025\/04\/Ne___74.pdf\"><strong>Nota de Empenho n\u00ba 2025NE000074 do ITERPE de 14\/04\/2025<\/strong><\/a><\/h3>\n\n\n\n<h3><a href=\"https:\/\/www.lai.pe.gov.br\/iterpe\/wp-content\/uploads\/sites\/39\/2025\/04\/Ne___74.pdf\"><strong>CREDOR : OLINDAINFO COMERCIO VAREJISTA DE INFORMATICA LTDA<\/strong><\/a><\/h3>\n\n\n\n<h3><a href=\"https:\/\/www.lai.pe.gov.br\/iterpe\/wp-content\/uploads\/sites\/39\/2025\/04\/Ato_Ratificacao_Item.pdf\"><strong>Ato de Ratifica\u00e7\u00e3o de Compra Direta n\u00ba 0001.2025.CCD.DL.0001.ITERPE<\/strong><\/a><\/h3>\n\n\n\n<p>.<\/p>\n\n\n\n<p>.<\/p>\n\n\n\n<p>.<\/p>\n\n\n\n<h2>Acesse uma das op\u00e7\u00f5es dispon\u00edveis para realizar a consulta.<\/h2>\n\n\n\n<div style=\"height:20px\" aria-hidden=\"true\" class=\"wp-block-spacer\"><\/div>\n\n\n\n<div class=\"wp-block-kadence-rowlayout alignnone\"><div id=\"kt-layout-id_82874c-f4\" class=\"kt-row-layout-inner kt-layout-id_82874c-f4\"><div class=\"kt-row-column-wrap kt-has-3-columns kt-gutter-default kt-v-gutter-default kt-row-valign-top kt-row-layout-equal kt-tab-layout-inherit kt-m-colapse-left-to-right kt-mobile-layout-row\">\n<div class=\"wp-block-kadence-column inner-column-1 kadence-column_bf87da-15\"><div class=\"kt-inside-inner-col\">\n<div id=\"kt-info-box_471ea1-12\" class=\"wp-block-kadence-infobox\"><a class=\"kt-blocks-info-box-link-wrap kt-blocks-info-box-media-align-top kt-info-halign-center\" target=\"_blank\" rel=\"noopener noreferrer\" href=\"http:\/\/www.licitacoes.pe.gov.br\/web\/ListaLicitacao.aspx\"><div class=\"kt-blocks-info-box-media-container\"><div class=\"kt-blocks-info-box-media kt-info-media-animate-none\"><div class=\"kadence-info-box-icon-container kt-info-icon-animate-none\"><div class=\"kadence-info-box-icon-inner-container\"><span style=\"display:block;justify-content:center;align-items:center\" class=\"kt-info-svg-icon kt-info-svg-icon-fe_shoppingCart\"><svg viewbox=\"0 0 24 24\" height=\"80\" width=\"80\" xmlns=\"http:\/\/www.w3.org\/2000\/svg\"><path d=\"M1 1h4l2.68 13.39a2 2 0 0 0 2 1.61h9.72a2 2 0 0 0 2-1.61L23 6H6\"><\/path><\/svg><\/span><\/div><\/div><\/div><\/div><div class=\"kt-infobox-textcontent\"><h2 class=\"kt-blocks-info-box-title\">Para acessar o Painel de Licita\u00e7\u00f5es<\/h2><div class=\"kt-blocks-info-box-learnmore-wrap\"><span class=\"kt-blocks-info-box-learnmore\">Clique aqui<\/span><\/div><\/div><\/a><\/div>\n<\/div><\/div>\n\n\n\n<div class=\"wp-block-kadence-column inner-column-2 kadence-column_05d495-02\"><div class=\"kt-inside-inner-col\">\n<div id=\"kt-info-box_da65fe-44\" class=\"wp-block-kadence-infobox\"><a class=\"kt-blocks-info-box-link-wrap kt-blocks-info-box-media-align-top kt-info-halign-center\" target=\"_blank\" rel=\"noopener noreferrer\" href=\"https:\/\/transparencia.pe.gov.br\/licitacoes-e-contratos\/licitacoes-e-atas-de-registro-de-precos\/\"><div class=\"kt-blocks-info-box-media-container\"><div class=\"kt-blocks-info-box-media kt-info-media-animate-none\"><div class=\"kadence-info-box-icon-container kt-info-icon-animate-none\"><div class=\"kadence-info-box-icon-inner-container\"><span style=\"display:block;justify-content:center;align-items:center\" class=\"kt-info-svg-icon kt-info-svg-icon-fas_chart-bar\"><svg viewbox=\"0 0 512 512\" height=\"80\" width=\"80\" xmlns=\"http:\/\/www.w3.org\/2000\/svg\"><path d=\"M500 384c6.6 0 12 5.4 12 12v40c0 6.6-5.4 12-12 12H12c-6.6 0-12-5.4-12-12V76c0-6.6 5.4-12 12-12h40c6.6 0 12 5.4 12 12v308h436zm-308-44v-72c0-6.6-5.4-12-12-12h-40c-6.6 0-12 5.4-12 12v72c0 6.6 5.4 12 12 12h40c6.6 0 12-5.4 12-12zm192 0V204c0-6.6-5.4-12-12-12h-40c-6.6 0-12 5.4-12 12v136c0 6.6 5.4 12 12 12h40c6.6 0 12-5.4 12-12zm-96 0V140c0-6.6-5.4-12-12-12h-40c-6.6 0-12 5.4-12 12v200c0 6.6 5.4 12 12 12h40c6.6 0 12-5.4 12-12zm192 0V108c0-6.6-5.4-12-12-12h-40c-6.6 0-12 5.4-12 12v232c0 6.6 5.4 12 12 12h40c6.6 0 12-5.4 12-12z\"><\/path><\/svg><\/span><\/div><\/div><\/div><\/div><div class=\"kt-infobox-textcontent\"><h2 class=\"kt-blocks-info-box-title\">Licita\u00e7\u00f5es no Portal da Transpar\u00eancia<\/h2><div class=\"kt-blocks-info-box-learnmore-wrap\"><span class=\"kt-blocks-info-box-learnmore\">Clique aqui<\/span><\/div><\/div><\/a><\/div>\n<\/div><\/div>\n\n\n\n<div class=\"wp-block-kadence-column inner-column-3 kadence-column_486d45-22\"><div class=\"kt-inside-inner-col\">\n<div id=\"kt-info-box_2b3e38-d3\" class=\"wp-block-kadence-infobox\"><a class=\"kt-blocks-info-box-link-wrap kt-blocks-info-box-media-align-top kt-info-halign-center\" target=\"_blank\" rel=\"noopener noreferrer\" href=\"https:\/\/www.peintegrado.pe.gov.br\/Default.aspx\"><div class=\"kt-blocks-info-box-media-container\"><div class=\"kt-blocks-info-box-media kt-info-media-animate-none\"><div class=\"kadence-info-box-icon-container kt-info-icon-animate-none\"><div class=\"kadence-info-box-icon-inner-container\"><span style=\"display:block;justify-content:center;align-items:center\" class=\"kt-info-svg-icon kt-info-svg-icon-fas_file-powerpoint\"><svg viewbox=\"0 0 384 512\" height=\"80\" width=\"80\" xmlns=\"http:\/\/www.w3.org\/2000\/svg\"><path d=\"M193.7 271.2c8.8 0 15.5 2.7 20.3 8.1 9.6 10.9 9.8 32.7-.2 44.1-4.9 5.6-11.9 8.5-21.1 8.5h-26.9v-60.7h27.9zM377 105L279 7c-4.5-4.5-10.6-7-17-7h-6v128h128v-6.1c0-6.3-2.5-12.4-7-16.9zm-153 31V0H24C10.7 0 0 10.7 0 24v464c0 13.3 10.7 24 24 24h336c13.3 0 24-10.7 24-24V160H248c-13.2 0-24-10.8-24-24zm53 165.2c0 90.3-88.8 77.6-111.1 77.6V436c0 6.6-5.4 12-12 12h-30.8c-6.6 0-12-5.4-12-12V236.2c0-6.6 5.4-12 12-12h81c44.5 0 72.9 32.8 72.9 77z\"><\/path><\/svg><\/span><\/div><\/div><\/div><\/div><div class=\"kt-infobox-textcontent\"><h2 class=\"kt-blocks-info-box-title\">PE Integrado &#8211; Editais e Licita\u00e7\u00f5es<\/h2><div class=\"kt-blocks-info-box-learnmore-wrap\"><span class=\"kt-blocks-info-box-learnmore\">Clique aqui<\/span><\/div><\/div><\/a><\/div>\n<\/div><\/div>\n<\/div><\/div><\/div>\n\n\n\n<p><\/p>\n\n\n\n<p><\/p>\n\n\n\n<h2 class=\"has-text-align-center\"><\/h2>\n\n\n\n<div class=\"wp-block-ugb-team-member ugb-team-member ugb-12c3181 ugb-team-member--v3 ugb-team-member--design-basic ugb-team-member--columns-3 ugb-main-block\" id=\"\"><div class=\"ugb-inner-block\"><div class=\"ugb-block-content\"><div class=\"ugb-team-member__item ugb-team-member__item1 ugb--shadow-3\"><div class=\"ugb-team-member__content\"><p class=\"ugb-team-member__description\"><br><br><br><br><br><\/p><\/div><\/div><div class=\"ugb-team-member__item ugb-team-member__item2 ugb--shadow-3\"><div class=\"ugb-team-member__content\"><p class=\"ugb-team-member__description\"><br><\/p><\/div><\/div><div class=\"ugb-team-member__item ugb-team-member__item3 ugb--shadow-3\"><div class=\"ugb-team-member__content\"><p class=\"ugb-team-member__description\"><br><br><\/p><\/div><\/div><\/div><\/div><\/div>\n<style class=\"advgb-styles-renderer\">#kt-info-box_471ea1-12 .kt-blocks-info-box-link-wrap {background:rgba(10, 102, 137, 1);padding:20px 20px 20px 20px;border-width:0px 0px 0px 0px;}#kt-info-box_471ea1-12 .kt-blocks-info-box-link-wrap:hover {border-color:rgba(238, 238, 238, 1);background:rgba(10, 102, 137, 1);}#kt-info-box_471ea1-12 .kt-info-svg-icon, #kt-info-box_471ea1-12 .kt-blocks-info-box-number {font-size:80px;}#kt-info-box_471ea1-12 .kt-blocks-info-box-media {color:#ffffff;background:transparent;border-color:#444444;border-width:0px 0px 0px 0px;padding:10px 10px 10px 10px;}#kt-info-box_471ea1-12 .kt-blocks-info-box-media-container {margin:0px 15px 0px 15px;}#kt-info-box_471ea1-12 .kt-blocks-info-box-link-wrap:hover .kt-blocks-info-box-media {color:#ffffff;background:transparent;border-color:#444444;}#kt-info-box_471ea1-12 .kt-blocks-info-box-title {color:#ffffff;padding:0px 0px 0px 0px;margin:5px 0px 10px 0px;}#kt-info-box_471ea1-12 .kt-blocks-info-box-link-wrap:hover .kt-blocks-info-box-title {color:#ffffff;}#kt-info-box_471ea1-12 .kt-blocks-info-box-text {color:#ffffff;}#kt-info-box_471ea1-12 .kt-blocks-info-box-link-wrap:hover .kt-blocks-info-box-text {color:#ffffff;}#kt-info-box_471ea1-12 .kt-blocks-info-box-learnmore {color:#ffffff;background:#0A6689;border-color:#ffffff;border-width:0px 0px 0px 0px;padding:4px 8px 4px 8px;margin:10px 0px 10px 0px;}#kt-info-box_471ea1-12 .kt-blocks-info-box-link-wrap:hover .kt-blocks-info-box-learnmore {color:#0A6689;background:#ffffff;border-color:#ffffff;}#kt-info-box_da65fe-44 .kt-blocks-info-box-link-wrap {background:rgba(10, 102, 137, 1);padding:20px 20px 20px 20px;border-width:0px 0px 0px 0px;}#kt-info-box_da65fe-44 .kt-blocks-info-box-link-wrap:hover {border-color:rgba(238, 238, 238, 1);background:rgba(10, 102, 137, 1);}#kt-info-box_da65fe-44 .kt-info-svg-icon, #kt-info-box_da65fe-44 .kt-blocks-info-box-number {font-size:80px;}#kt-info-box_da65fe-44 .kt-blocks-info-box-media {color:#ffffff;background:transparent;border-color:#444444;border-width:0px 0px 0px 0px;padding:10px 10px 10px 10px;}#kt-info-box_da65fe-44 .kt-blocks-info-box-media-container {margin:0px 15px 0px 15px;}#kt-info-box_da65fe-44 .kt-blocks-info-box-link-wrap:hover .kt-blocks-info-box-media {color:#ffffff;background:transparent;border-color:#444444;}#kt-info-box_da65fe-44 .kt-blocks-info-box-title {color:#ffffff;padding:0px 0px 0px 0px;margin:5px 0px 10px 0px;}#kt-info-box_da65fe-44 .kt-blocks-info-box-link-wrap:hover .kt-blocks-info-box-title {color:#ffffff;}#kt-info-box_da65fe-44 .kt-blocks-info-box-text {color:#ffffff;}#kt-info-box_da65fe-44 .kt-blocks-info-box-link-wrap:hover .kt-blocks-info-box-text {color:#ffffff;}#kt-info-box_da65fe-44 .kt-blocks-info-box-learnmore {color:#ffffff;background:#0A6689;border-color:#ffffff;border-width:0px 0px 0px 0px;padding:4px 8px 4px 8px;margin:10px 0px 10px 0px;}#kt-info-box_da65fe-44 .kt-blocks-info-box-link-wrap:hover .kt-blocks-info-box-learnmore {color:#0A6689;background:#ffffff;border-color:#ffffff;}#kt-info-box_2b3e38-d3 .kt-blocks-info-box-link-wrap {background:rgba(10, 102, 137, 1);padding:20px 20px 20px 20px;border-width:0px 0px 0px 0px;}#kt-info-box_2b3e38-d3 .kt-blocks-info-box-link-wrap:hover {border-color:rgba(238, 238, 238, 1);background:rgba(10, 102, 137, 1);}#kt-info-box_2b3e38-d3 .kt-info-svg-icon, #kt-info-box_2b3e38-d3 .kt-blocks-info-box-number {font-size:80px;}#kt-info-box_2b3e38-d3 .kt-blocks-info-box-media {color:#ffffff;background:transparent;border-color:#444444;border-width:0px 0px 0px 0px;padding:10px 10px 10px 10px;}#kt-info-box_2b3e38-d3 .kt-blocks-info-box-media-container {margin:0px 15px 0px 15px;}#kt-info-box_2b3e38-d3 .kt-blocks-info-box-link-wrap:hover .kt-blocks-info-box-media {color:#ffffff;background:transparent;border-color:#444444;}#kt-info-box_2b3e38-d3 .kt-blocks-info-box-title {color:#ffffff;padding:0px 0px 0px 0px;margin:5px 0px 10px 0px;}#kt-info-box_2b3e38-d3 .kt-blocks-info-box-link-wrap:hover .kt-blocks-info-box-title {color:#ffffff;}#kt-info-box_2b3e38-d3 .kt-blocks-info-box-text {color:#ffffff;}#kt-info-box_2b3e38-d3 .kt-blocks-info-box-link-wrap:hover .kt-blocks-info-box-text {color:#ffffff;}#kt-info-box_2b3e38-d3 .kt-blocks-info-box-learnmore {color:#ffffff;background:#0A6689;border-color:#ffffff;border-width:0px 0px 0px 0px;padding:4px 8px 4px 8px;margin:10px 0px 10px 0px;}#kt-info-box_2b3e38-d3 .kt-blocks-info-box-link-wrap:hover .kt-blocks-info-box-learnmore {color:#0A6689;background:#ffffff;border-color:#ffffff;}.ugb-12c3181 .ugb-team-member__item{border-radius:12px !important}.ugb-12c3181 .ugb-img{width:150px;height:150px !important;-webkit-mask-image:url('data:image\/svg+xml;base64,PHN2ZyB2aWV3Qm94PSIwIDAgMTAwIDEwMCIgeG1sbnM9Imh0dHA6Ly93d3cudzMub3JnLzIwMDAvc3ZnIj48Y2lyY2xlIGN4PSI1MCIgY3k9IjUwIiByPSI1MCI+PC9jaXJjbGU+PC9zdmc+');mask-image:url('data:image\/svg+xml;base64,PHN2ZyB2aWV3Qm94PSIwIDAgMTAwIDEwMCIgeG1sbnM9Imh0dHA6Ly93d3cudzMub3JnLzIwMDAvc3ZnIj48Y2lyY2xlIGN4PSI1MCIgY3k9IjUwIiByPSI1MCI+PC9jaXJjbGU+PC9zdmc+')}.ugb-12c3181 .ugb-team-member__image{width:150px !important}<\/style>","protected":false},"excerpt":{"rendered":"<p>. AUTORIZA\u00c7\u00c3O PARA CONTRATA\u00c7\u00c3O DIRETA Autoriza\u00e7\u00e3o para deflagra\u00e7\u00e3o do processo de Contrata\u00e7\u00e3o Direta, Dispensa de Licita\u00e7\u00e3o, com fundamento no Art. 75, incido II da Lei 14.133\/21, a fim de contratar empresa especializada na presta\u00e7\u00e3o de assessoria e execu\u00e7\u00e3o de servi\u00e7os de natureza Cont\u00e1bil, Financeira, Fiscal, Patrimonial, de Presta\u00e7\u00e3o de Contas e Conv\u00eanio para o Instituto [&hellip;]<\/p>\n","protected":false},"author":4,"featured_media":0,"parent":0,"menu_order":0,"comment_status":"closed","ping_status":"closed","template":"","meta":{"advgb_blocks_editor_width":"","advgb_blocks_columns_visual_guide":"","kt_blocks_editor_width":""},"featured_image_urls":{"full":"","thumbnail":"","medium":"","medium_large":"","large":"","1536x1536":"","2048x2048":""},"post_excerpt_stackable":"<p>. AUTORIZA\u00c7\u00c3O PARA CONTRATA\u00c7\u00c3O DIRETA Autoriza\u00e7\u00e3o para deflagra\u00e7\u00e3o do processo de Contrata\u00e7\u00e3o Direta, Dispensa de Licita\u00e7\u00e3o, com fundamento no Art. 75, incido II da Lei 14.133\/21, a fim de contratar empresa especializada na presta\u00e7\u00e3o de assessoria e execu\u00e7\u00e3o de servi\u00e7os de natureza Cont\u00e1bil, Financeira, Fiscal, Patrimonial, de Presta\u00e7\u00e3o de Contas e Conv\u00eanio para o Instituto de Terras e Reforma Agr\u00e1ria do Estado de Pernambuco &#8211; ITERPE, em conformidade com \u00e0s exig\u00eancias da legisla\u00e7\u00e3o pertinente, considerando as normas e procedimentos legais. (Clique para visualizar) . . . ATO DE RATIFICA\u00c7\u00c3O PARA COMPRA DIRETA Ato de Ratifica\u00e7\u00e3o de Compra Direta n\u00ba 0002.2025.CCD.DL.0002.ITERPE&hellip;<\/p>\n","category_list":"","author_info":{"name":"Admin","url":"https:\/\/www.lai.pe.gov.br\/iterpe\/author\/admintemp\/"},"comments_num":"0 coment\u00e1rio","_links":{"self":[{"href":"https:\/\/www.lai.pe.gov.br\/iterpe\/wp-json\/wp\/v2\/pages\/229"}],"collection":[{"href":"https:\/\/www.lai.pe.gov.br\/iterpe\/wp-json\/wp\/v2\/pages"}],"about":[{"href":"https:\/\/www.lai.pe.gov.br\/iterpe\/wp-json\/wp\/v2\/types\/page"}],"author":[{"embeddable":true,"href":"https:\/\/www.lai.pe.gov.br\/iterpe\/wp-json\/wp\/v2\/users\/4"}],"replies":[{"embeddable":true,"href":"https:\/\/www.lai.pe.gov.br\/iterpe\/wp-json\/wp\/v2\/comments?post=229"}],"version-history":[{"count":103,"href":"https:\/\/www.lai.pe.gov.br\/iterpe\/wp-json\/wp\/v2\/pages\/229\/revisions"}],"predecessor-version":[{"id":8321,"href":"https:\/\/www.lai.pe.gov.br\/iterpe\/wp-json\/wp\/v2\/pages\/229\/revisions\/8321"}],"wp:attachment":[{"href":"https:\/\/www.lai.pe.gov.br\/iterpe\/wp-json\/wp\/v2\/media?parent=229"}],"curies":[{"name":"wp","href":"https:\/\/api.w.org\/{rel}","templated":true}]}}