{"id":2210,"date":"2022-05-24T12:53:57","date_gmt":"2022-05-24T15:53:57","guid":{"rendered":"https:\/\/www.lai.pe.gov.br\/iterpe\/?page_id=2210"},"modified":"2026-03-05T13:10:05","modified_gmt":"2026-03-05T16:10:05","slug":"execucao-orcamentaria-e-financeira-iterpe","status":"publish","type":"page","link":"https:\/\/www.lai.pe.gov.br\/iterpe\/execucao-orcamentaria-e-financeira-iterpe\/","title":{"rendered":"EXECU\u00c7\u00c3O OR\u00c7AMENT\u00c1RIA E  FINANCEIRA &#8211; (FICHAS FINANCEIRAS E DESPESAS EMPENHADAS)"},"content":{"rendered":"\n<figure class=\"wp-block-image size-large is-resized\"><img loading=\"lazy\" src=\"https:\/\/www.lai.pe.gov.br\/iterpe\/wp-content\/uploads\/sites\/39\/2025\/01\/image-35.png\" alt=\"\" class=\"wp-image-6266\" width=\"1450\" height=\"191\" \/><\/figure>\n\n\n\n<p>.<\/p>\n\n\n\n<p><\/p>\n\n\n\n<h2 class=\"has-text-align-center\"><strong><a href=\"https:\/\/www.lai.pe.gov.br\/iterpe\/wp-content\/uploads\/sites\/39\/2025\/05\/Portaria-Iterpe-no-009.2025-Ordem-Cronologica-de-Pagamento-das-Obrigacoes.pdf\">PORTARIA N\u00ba 009, DE 12 DE MAIO DE 2025<\/a><\/strong><\/h2>\n\n\n\n<h4 class=\"has-text-align-center\"><strong><a href=\"https:\/\/www.lai.pe.gov.br\/iterpe\/wp-content\/uploads\/sites\/39\/2025\/05\/Portaria-Iterpe-no-009.2025-Ordem-Cronologica-de-Pagamento-das-Obrigacoes.pdf\">(Clique para visualizar)<\/a><\/strong><\/h4>\n\n\n\n<p>.<\/p>\n\n\n\n<h3 class=\"has-text-align-center\"><strong>Disp\u00f5e sobre a observ\u00e2ncia da ordem cronol\u00f3gica de pagamento das obriga\u00e7\u00f5es relativas ao fornecimento de bens, loca\u00e7\u00f5es, presta\u00e7\u00e3o de servi\u00e7os e realiza\u00e7\u00e3o de obras, no \u00e2mbito do Instituto de Terras e Reforma Agr\u00e1ria do Estado de Pernambuco \u2013 ITERPE.<\/strong><\/h3>\n\n\n\n<p>.<\/p>\n\n\n\n<p>.<\/p>\n\n\n\n<h2 class=\"has-text-align-center\"><strong><a href=\"https:\/\/www.lai.pe.gov.br\/iterpe\/wp-content\/uploads\/sites\/39\/2025\/05\/Publicacao-do-Extrato-da-Portaria-no-009.2025-Ordem-Cronologica-de-Pagamentos.pdf\">EXTRATO DA PORTARIA N\u00ba 009, DE 12 DE MAIO DE 2025<\/a><\/strong><\/h2>\n\n\n\n<h4 class=\"has-text-align-center\"><strong><a href=\"https:\/\/www.lai.pe.gov.br\/iterpe\/wp-content\/uploads\/sites\/39\/2025\/05\/Publicacao-do-Extrato-da-Portaria-no-009.2025-Ordem-Cronologica-de-Pagamentos.pdf\">(Clique para visualizar)<\/a><\/strong><\/h4>\n\n\n\n<h3 class=\"has-text-align-center\"><strong>Estabelece, no \u00e2mbito do ITERPE, a ordem cronol\u00f3gica quanto \u00e0s obriga\u00e7\u00f5es decorrentes de contratos regidos pelas Leis Federais n\u00ba 8.666\/1993 e 14.133\/2021, seguindo o padr\u00e3o da portaria SCGE n\u00ba 20, de 27 de fevereiro de 2025.<\/strong><\/h3>\n\n\n\n<p>.<\/p>\n\n\n\n<figure class=\"wp-block-image size-large is-resized\"><img loading=\"lazy\" src=\"https:\/\/www.lai.pe.gov.br\/iterpe\/wp-content\/uploads\/sites\/39\/2025\/01\/image-35.png\" alt=\"\" class=\"wp-image-6266\" width=\"1450\" height=\"191\" \/><\/figure>\n\n\n\n<p>.<\/p>\n\n\n\n<h2>Fichas Financeiras ITERPE &#8211; (Exerc\u00edcio 2026)<\/h2>\n\n\n\n<p>.<\/p>\n\n\n\n<h3><a href=\"https:\/\/www.lai.pe.gov.br\/iterpe\/wp-content\/uploads\/sites\/39\/2026\/03\/ATUAL-Cadastro-de-Execucao-Orcamentaria.pdf\">Cadastro de Execu\u00e7\u00e3o Or\u00e7ament\u00e1ria e Financeira &#8211; Ref : FEVEREIRO 2026<\/a><\/h3>\n\n\n\n<h3><a href=\"https:\/\/www.lai.pe.gov.br\/iterpe\/wp-content\/uploads\/sites\/39\/2026\/02\/Cadastro-de-Execucao-Orcamentaria.pdf\">Cadastro de Execu\u00e7\u00e3o Or\u00e7ament\u00e1ria e Financeira &#8211; Ref : JANEIRO 2026<\/a><\/h3>\n\n\n\n<p>.<\/p>\n\n\n\n<p>.<\/p>\n\n\n\n<p>.<\/p>\n\n\n\n<h2>Despesas Empenhadas ITERPE &#8211; (Exerc\u00edcio 2026)<\/h2>\n\n\n\n<p>.<\/p>\n\n\n\n<h3><a href=\"https:\/\/www.lai.pe.gov.br\/iterpe\/wp-content\/uploads\/sites\/39\/2026\/03\/ATUAL-Consultar-Despesa-Empenhada-por-Unidade-Gestora.pdf\">Demonstrativo de Despesas Empenhadas &#8211; Ref : FEVEREIRO 2026<\/a><\/h3>\n\n\n\n<h3><a href=\"https:\/\/www.lai.pe.gov.br\/iterpe\/wp-content\/uploads\/sites\/39\/2026\/02\/Consultar-Despesa-Empenhada-por-Unidade-Gestora.pdf\">Demonstrativo de Despesas Empenhadas &#8211; Ref : JANEIRO 2026<\/a><\/h3>\n\n\n\n<p>.<\/p>\n\n\n\n<p>.<\/p>\n\n\n\n<p>.<\/p>\n\n\n\n<p>.<\/p>\n\n\n\n<figure class=\"wp-block-image size-large is-resized\"><img loading=\"lazy\" src=\"https:\/\/www.lai.pe.gov.br\/iterpe\/wp-content\/uploads\/sites\/39\/2025\/01\/image-35.png\" alt=\"\" class=\"wp-image-6266\" width=\"1450\" height=\"191\" \/><\/figure>\n\n\n\n<p>.<\/p>\n\n\n\n<h2>Fichas Financeiras ITERPE &#8211; (Exerc\u00edcio 2025)<\/h2>\n\n\n\n<p>.<\/p>\n\n\n\n<h3><a href=\"https:\/\/www.lai.pe.gov.br\/iterpe\/wp-content\/uploads\/sites\/39\/2025\/12\/Cadastro-de-Execucao-Orcamentaria.pdf\">Cadastro de Execu\u00e7\u00e3o Or\u00e7ament\u00e1ria e Financeira &#8211; Ref : DEZEMBRO 2025<\/a><\/h3>\n\n\n\n<h3><a href=\"https:\/\/www.lai.pe.gov.br\/iterpe\/wp-content\/uploads\/sites\/39\/2025\/12\/DEZEMBRO-Cadastro-de-Execucao-Orcamentaria.pdf\">Cadastro de Execu\u00e7\u00e3o Or\u00e7ament\u00e1ria e Financeira &#8211; Ref : NOVEMBRO 2025<\/a><\/h3>\n\n\n\n<h3><a href=\"https:\/\/www.lai.pe.gov.br\/iterpe\/wp-content\/uploads\/sites\/39\/2025\/11\/ATUAL-OUTUBRO-Execucao-Orcamentaria.pdf\">Cadastro de Execu\u00e7\u00e3o Or\u00e7ament\u00e1ria e Financeira &#8211; Ref : OUTUBRO 2025<\/a><\/h3>\n\n\n\n<h3><a href=\"https:\/\/www.lai.pe.gov.br\/iterpe\/wp-content\/uploads\/sites\/39\/2025\/10\/Cadastro-de-Execucao-Orcamentaria-1.pdf\">Cadastro de Execu\u00e7\u00e3o Or\u00e7ament\u00e1ria e Financeira &#8211; Ref : SETEMBRO 2025<\/a><\/h3>\n\n\n\n<h3><a href=\"https:\/\/www.lai.pe.gov.br\/iterpe\/wp-content\/uploads\/sites\/39\/2025\/09\/ATUAL-AGOSTO-Cadastro-de-Execucao-Orcamentaria.pdf\">Cadastro de Execu\u00e7\u00e3o Or\u00e7ament\u00e1ria e Financeira &#8211; Ref : AGOSTO 2025<\/a><\/h3>\n\n\n\n<h3><a href=\"https:\/\/www.lai.pe.gov.br\/iterpe\/wp-content\/uploads\/sites\/39\/2025\/08\/CADASTRO-DE-EXECUCAO-ORCAMENTARIA.pdf\">Cadastro de Execu\u00e7\u00e3o Or\u00e7ament\u00e1ria e Financeira &#8211; Ref : JULHO 2025<\/a><\/h3>\n\n\n\n<h3><a href=\"https:\/\/www.lai.pe.gov.br\/iterpe\/wp-content\/uploads\/sites\/39\/2025\/07\/ATUAL-JUNHO-CADASTRO-DE-EXECUCAO-ORCAMENTARIA.pdf\">Cadastro de Execu\u00e7\u00e3o Or\u00e7ament\u00e1ria e Financeira &#8211; Ref : JUNHO 2025<\/a><\/h3>\n\n\n\n<h3><a href=\"https:\/\/www.lai.pe.gov.br\/iterpe\/wp-content\/uploads\/sites\/39\/2025\/05\/MAIO-EXECUCAO-ORCAMENTARIA.pdf\">Cadastro de Execu\u00e7\u00e3o Or\u00e7ament\u00e1ria e Financeira &#8211; Ref : MAIO 2025<\/a><\/h3>\n\n\n\n<h3><a href=\"https:\/\/www.lai.pe.gov.br\/iterpe\/wp-content\/uploads\/sites\/39\/2025\/04\/ATUAL-ABRIL-EXECUCAO-ORCAMENTARIA.pdf\">Cadastro de Execu\u00e7\u00e3o Or\u00e7ament\u00e1ria e Financeira &#8211; Ref : ABRIL 2025<\/a><\/h3>\n\n\n\n<h3><a href=\"https:\/\/www.lai.pe.gov.br\/iterpe\/wp-content\/uploads\/sites\/39\/2025\/03\/ATUAL-MARCO-EXECUCAO-ORCAMENTARIA.pdf\">Cadastro de Execu\u00e7\u00e3o Or\u00e7ament\u00e1ria e Financeira &#8211; Ref : MAR\u00c7O 2025<\/a><\/h3>\n\n\n\n<h3><a href=\"https:\/\/www.lai.pe.gov.br\/iterpe\/wp-content\/uploads\/sites\/39\/2025\/02\/ATUAL-FEVEREIRO-FICHAS-FINANCEIRAS.pdf\">Cadastro de Execu\u00e7\u00e3o Or\u00e7ament\u00e1ria e Financeira &#8211; Ref : FEVEREIRO 2025<\/a><\/h3>\n\n\n\n<h3><a href=\"https:\/\/www.lai.pe.gov.br\/iterpe\/wp-content\/uploads\/sites\/39\/2025\/02\/ATUAL-FEVEREIRO-FICHA-FINANCEIRA.pdf\">Cadastro de Execu\u00e7\u00e3o Or\u00e7ament\u00e1ria e Financeira &#8211; Ref : JANEIRO 2025<\/a><\/h3>\n\n\n\n<p>.<\/p>\n\n\n\n<p>.<\/p>\n\n\n\n<p>.<\/p>\n\n\n\n<p>.<\/p>\n\n\n\n<h2>Despesas Empenhadas ITERPE &#8211; (Exerc\u00edcio 2025)<\/h2>\n\n\n\n<p>.<\/p>\n\n\n\n<h3><a href=\"https:\/\/www.lai.pe.gov.br\/iterpe\/wp-content\/uploads\/sites\/39\/2025\/12\/Consultar-Despesa-Empenhada-por-Unidade-Gestora.pdf\">Demonstrativo de Despesas Empenhadas &#8211; Ref : DEZEMBRO  2025<\/a><\/h3>\n\n\n\n<h3><a href=\"https:\/\/www.lai.pe.gov.br\/iterpe\/wp-content\/uploads\/sites\/39\/2025\/12\/DEZEMBRO-Consultar-Despesa-Empenhada-por-Unidade-Gestora.pdf\">Demonstrativo de Despesas Empenhadas &#8211; Ref: NOVEMBRO 2025<\/a> <\/h3>\n\n\n\n<h3><a href=\"https:\/\/www.lai.pe.gov.br\/iterpe\/wp-content\/uploads\/sites\/39\/2025\/11\/ATUAL-OUTUBRO-Despesa-Empenhada-por-Unidade-Gestora.pdf\">Demonstrativo de Despesas Empenhadas &#8211; Ref : OUTUBRO 2025<\/a><\/h3>\n\n\n\n<h3><a href=\"https:\/\/www.lai.pe.gov.br\/iterpe\/wp-content\/uploads\/sites\/39\/2025\/10\/Consultar-Despesa-Empenhada-por-Unidade-Gestora.pdf\">Demonstrativo de Despesas Empenhadas &#8211; Ref : SETEMBRO 2025<\/a><\/h3>\n\n\n\n<h3><a href=\"https:\/\/www.lai.pe.gov.br\/iterpe\/wp-content\/uploads\/sites\/39\/2025\/09\/ATUAL-AGOSTO-Despesa-Empenhada-por-Unidade-Gestora.pdf\">Demonstrativo de Despesas Empenhadas &#8211; Ref : AGOSTO 2025<\/a><\/h3>\n\n\n\n<h3><a href=\"https:\/\/www.lai.pe.gov.br\/iterpe\/wp-content\/uploads\/sites\/39\/2025\/08\/DESPESAS-EMPENHADAS.pdf\">Demonstrativo de Despesas Empenhadas &#8211; Ref : JULHO 2025<\/a><\/h3>\n\n\n\n<h3><a href=\"https:\/\/www.lai.pe.gov.br\/iterpe\/wp-content\/uploads\/sites\/39\/2025\/07\/ATUAL-JUNHO-DESPESAS-EMPENHADAS.pdf\">Demonstrativo de Despesas Empenhadas &#8211; Ref : JUNHO 2025<\/a><\/h3>\n\n\n\n<h3><a href=\"https:\/\/www.lai.pe.gov.br\/iterpe\/wp-content\/uploads\/sites\/39\/2025\/05\/MAIO-DESPESAS-EMPENHADAS.pdf\">Demonstrativo de Despesas Empenhadas &#8211; Ref : MAIO 2025<\/a><\/h3>\n\n\n\n<h3><a href=\"https:\/\/www.lai.pe.gov.br\/iterpe\/wp-content\/uploads\/sites\/39\/2025\/04\/ATUAL-ABRIL-DESPESA-EMPENHADA.pdf\">Demonstrativo de Despesas Empenhadas &#8211; Ref : ABRIL 2025<\/a><\/h3>\n\n\n\n<h3><a href=\"https:\/\/www.lai.pe.gov.br\/iterpe\/wp-content\/uploads\/sites\/39\/2025\/03\/ATUAL-MARCO-DESPESA-EMPENHADA.pdf\">Demonstrativo de Despesas Empenhadas &#8211; Ref : MAR\u00c7O 2025<\/a><\/h3>\n\n\n\n<h3><a href=\"https:\/\/www.lai.pe.gov.br\/iterpe\/wp-content\/uploads\/sites\/39\/2025\/02\/ATUAL-FEVEREIRO-DESPESAS-EMPENHADAS.pdf\">Demonstrativo de Despesas Empenhadas &#8211; Ref : FEVEREIRO 2025<\/a><\/h3>\n\n\n\n<h3><a href=\"https:\/\/www.lai.pe.gov.br\/iterpe\/wp-content\/uploads\/sites\/39\/2025\/02\/ATUAL-FEVEREIRO-DESPESAS-EMPENHADAS-2025.pdf\">Demonstrativo de Despesas Empenhadas &#8211; Ref : JANEIRO 2025<\/a><\/h3>\n\n\n\n<p>.<\/p>\n\n\n\n<p>.<\/p>\n\n\n\n<p>.<\/p>\n\n\n\n<p>.<\/p>\n\n\n\n<figure class=\"wp-block-image size-large is-resized\"><img loading=\"lazy\" src=\"https:\/\/www.lai.pe.gov.br\/iterpe\/wp-content\/uploads\/sites\/39\/2025\/01\/image-36.png\" alt=\"\" class=\"wp-image-6268\" width=\"1450\" height=\"191\" \/><\/figure>\n\n\n\n<p><\/p>\n\n\n\n<h3 class=\"has-text-align-center\"><strong>AUTORIZA\u00c7\u00c3O PARA CONTRATA\u00c7\u00c3O DIRETA<\/strong><\/h3>\n\n\n\n<h3 class=\"has-text-align-left\"><a href=\"https:\/\/www.lai.pe.gov.br\/iterpe\/wp-content\/uploads\/sites\/39\/2025\/05\/Autorizacao.pdf\">Autoriza\u00e7\u00e3o para deflagra\u00e7\u00e3o do processo de Contrata\u00e7\u00e3o Direta, Dispensa de Licita\u00e7\u00e3o, com fundamento no Art. 75, incido II da Lei 14.133\/21, a fim de contratar empresa especializada na presta\u00e7\u00e3o de assessoria e execu\u00e7\u00e3o de servi\u00e7os de natureza Cont\u00e1bil, Financeira, Fiscal, Patrimonial, de Presta\u00e7\u00e3o de Contas e Conv\u00eanio para o Instituto de Terras e Reforma Agr\u00e1ria do Estado de Pernambuco &#8211; ITERPE, em conformidade com \u00e0s exig\u00eancias da legisla\u00e7\u00e3o pertinente, considerando as normas e procedimentos legais.<\/a><\/h3>\n\n\n\n<h4 class=\"has-text-align-center\"><a href=\"https:\/\/www.lai.pe.gov.br\/iterpe\/wp-content\/uploads\/sites\/39\/2025\/05\/Autorizacao.pdf\"><strong>(Clique para visualizar)<\/strong><\/a><\/h4>\n\n\n\n<p>.<\/p>\n\n\n\n<p>.<\/p>\n\n\n\n<p>.<\/p>\n\n\n\n<h3 class=\"has-text-align-center\"><strong>ATO DE RATIFICA\u00c7\u00c3O PARA COMPRA DIRETA<\/strong><\/h3>\n\n\n\n<h3 class=\"has-text-align-center\"><a href=\"https:\/\/www.lai.pe.gov.br\/iterpe\/wp-content\/uploads\/sites\/39\/2025\/05\/Ato_de_Ratificacao.pdf\">Ato de Ratifica\u00e7\u00e3o de Compra Direta n\u00ba 0002.2025.CCD.DL.0002.ITERPE<\/a><\/h3>\n\n\n\n<h3><a href=\"https:\/\/www.lai.pe.gov.br\/iterpe\/wp-content\/uploads\/sites\/39\/2025\/05\/Ato_de_Ratificacao.pdf\">DISPENSA para contrata\u00e7\u00e3o de empresa especializada na presta\u00e7\u00e3o de assessoria e execu\u00e7\u00e3o de servi\u00e7os de natureza Cont\u00e1bil, Financeira, Fiscal, Patrimonial, de Presta\u00e7\u00e3o de Contas e Conv\u00eanio., em favor da empresa: RBO CONSULTORES &amp; AUDITORES LTDA<\/a><\/h3>\n\n\n\n<h4 class=\"has-text-align-center\"><strong><a href=\"https:\/\/www.lai.pe.gov.br\/iterpe\/wp-content\/uploads\/sites\/39\/2025\/05\/Ato_de_Ratificacao.pdf\">(Clique para visualizar)<\/a><\/strong><\/h4>\n\n\n\n<p>.<\/p>\n\n\n\n<p>.<\/p>\n\n\n\n<p>.<\/p>\n\n\n\n<h3 class=\"has-text-align-center\"><strong>NOTA DE EMPENHO<\/strong><\/h3>\n\n\n\n<h3 class=\"has-text-align-center\"><a href=\"https:\/\/www.lai.pe.gov.br\/iterpe\/wp-content\/uploads\/sites\/39\/2025\/05\/Nota_de_Emepnho_RBO.pdf\"><strong>Nota de Empenho<\/strong><\/a> <a href=\"https:\/\/www.lai.pe.gov.br\/iterpe\/wp-content\/uploads\/sites\/39\/2025\/05\/Nota_de_Emepnho_RBO.pdf\"><strong>n\u00ba 2025NE000093 do ITERPE de 14\/05\/2025<\/strong><\/a><\/h3>\n\n\n\n<h3 class=\"has-text-align-center\"><a href=\"https:\/\/www.lai.pe.gov.br\/iterpe\/wp-content\/uploads\/sites\/39\/2025\/05\/Nota_de_Emepnho_RBO.pdf\"><strong>CREDOR : RBO CONSULTORES &amp; AUDITORES LTDA<\/strong><\/a><\/h3>\n\n\n\n<h4 class=\"has-text-align-center\"><a href=\"https:\/\/www.lai.pe.gov.br\/iterpe\/wp-content\/uploads\/sites\/39\/2025\/05\/Nota_de_Emepnho_RBO.pdf\"><strong>(Clique para visualizar)<\/strong><\/a><\/h4>\n\n\n\n<p>.<\/p>\n\n\n\n<p>.<\/p>\n\n\n\n<p>.<\/p>\n\n\n\n<figure class=\"wp-block-image size-large is-resized\"><img loading=\"lazy\" src=\"https:\/\/www.lai.pe.gov.br\/iterpe\/wp-content\/uploads\/sites\/39\/2025\/01\/image-36.png\" alt=\"\" class=\"wp-image-6268\" width=\"1450\" height=\"191\" \/><\/figure>\n\n\n\n<p><\/p>\n\n\n\n<h2 class=\"has-text-align-center\">ANOS ANTERIORES<\/h2>\n\n\n\n<h2>Fichas Financeiras ITERPE &#8211; (Exerc\u00edcio 2024)<\/h2>\n\n\n\n<h4><a href=\"https:\/\/www.lai.pe.gov.br\/iterpe\/wp-content\/uploads\/sites\/39\/2024\/12\/ATUAL-DEZEMBRO-Execucao-Orcamentaria.pdf\">Cadastro de Execu\u00e7\u00e3o Or\u00e7ament\u00e1ria e Financeira &#8211; Ref : DEZEMBRO 2024<\/a><\/h4>\n\n\n\n<h4><a href=\"https:\/\/www.lai.pe.gov.br\/iterpe\/wp-content\/uploads\/sites\/39\/2024\/11\/ATUAL-NOVEMBRO-EXECUCAO-ORCAMENTARIA-2024.pdf\">Cadastro de Execu\u00e7\u00e3o Or\u00e7ament\u00e1ria e Financeira &#8211; Ref : NOVEMBRO 2024<\/a><\/h4>\n\n\n\n<h4><a href=\"https:\/\/www.lai.pe.gov.br\/iterpe\/wp-content\/uploads\/sites\/39\/2024\/10\/ATUAL-OUTUBRO-EXECUCAO-ORCAMENTARIA-2024.pdf\">Cadastro de Execu\u00e7\u00e3o Or\u00e7ament\u00e1ria e Financeira &#8211; Ref : OUTUBRO 2024<\/a><\/h4>\n\n\n\n<h4><a href=\"https:\/\/www.lai.pe.gov.br\/iterpe\/wp-content\/uploads\/sites\/39\/2024\/09\/ATUAL-SETEMBRO-EXECUCAO-ORCAMENTARIA-2024.pdf\">Cadastro de Execu\u00e7\u00e3o Or\u00e7ament\u00e1ria e Financeira &#8211; Ref : SETEMBRO 2024<\/a><\/h4>\n\n\n\n<h4><a href=\"https:\/\/www.lai.pe.gov.br\/iterpe\/wp-content\/uploads\/sites\/39\/2024\/08\/ATUAL-AGOSTO-EXECUCAO-ORCAMENTARIA-2024.pdf\">Cadastro de Execu\u00e7\u00e3o Or\u00e7ament\u00e1ria e Financeira &#8211; Ref : AGOSTO 2024<\/a><\/h4>\n\n\n\n<h4><a href=\"https:\/\/www.lai.pe.gov.br\/iterpe\/wp-content\/uploads\/sites\/39\/2024\/07\/ATUAL-JULHO-EXECUCAO-ORCAMENTARIA-2024.pdf\">Cadastro de Execu\u00e7\u00e3o Or\u00e7ament\u00e1ria e Financeira &#8211; Ref : JULHO 2024<\/a><\/h4>\n\n\n\n<h4><a href=\"https:\/\/www.lai.pe.gov.br\/iterpe\/wp-content\/uploads\/sites\/39\/2024\/06\/EXECUCAO-ORCAMENTARIA-2024.pdf\">Cadastro de Execu\u00e7\u00e3o Or\u00e7ament\u00e1ria e Financeira &#8211; Ref : JUNHO 2024<\/a><\/h4>\n\n\n\n<h4><a href=\"https:\/\/www.lai.pe.gov.br\/iterpe\/wp-content\/uploads\/sites\/39\/2024\/05\/EXECUCAO-ORCAMENTARIA-2024.pdf\">Cadastro de Execu\u00e7\u00e3o Or\u00e7ament\u00e1ria e Financeira &#8211; Ref : MAIO 2024<\/a><\/h4>\n\n\n\n<h4><a href=\"https:\/\/www.lai.pe.gov.br\/iterpe\/wp-content\/uploads\/sites\/39\/2024\/04\/FICHA-FINANCEIRA.pdf\">Cadastro de Execu\u00e7\u00e3o Or\u00e7ament\u00e1ria e Financeira &#8211; Ref : ABRIL 2024<\/a><\/h4>\n\n\n\n<h4><a href=\"https:\/\/www.lai.pe.gov.br\/iterpe\/wp-content\/uploads\/sites\/39\/2024\/03\/MARCO-FICHA-FINANCEIRA.pdf\">Cadastro de Execu\u00e7\u00e3o Or\u00e7ament\u00e1ria e Financeira &#8211; Ref : MAR\u00c7O 2024<\/a><\/h4>\n\n\n\n<h4><a href=\"https:\/\/www.lai.pe.gov.br\/iterpe\/wp-content\/uploads\/sites\/39\/2024\/02\/Ficha-Financeira.pdf\">Cadastro de Execu\u00e7\u00e3o Or\u00e7ament\u00e1ria e Financeira &#8211; Ref : FEVEREIRO 2024<\/a><\/h4>\n\n\n\n<h4><a href=\"https:\/\/www.lai.pe.gov.br\/iterpe\/wp-content\/uploads\/sites\/39\/2024\/01\/OK-ATUAL-JANEIRO-FICHA-FINANCEIRA-2024.pdf\">Cadastro de Execu\u00e7\u00e3o Or\u00e7ament\u00e1ria e Financeira &#8211; REF : JANEIRO 2024<\/a><\/h4>\n\n\n\n<p>.<\/p>\n\n\n\n<p>.<\/p>\n\n\n\n<h2>Despesas Empenhadas ITERPE &#8211; (Exerc\u00edcio 2024)<\/h2>\n\n\n\n<h4><a href=\"https:\/\/www.lai.pe.gov.br\/iterpe\/wp-content\/uploads\/sites\/39\/2024\/12\/ATUAL-DEZEMBRO-Despesa-Empenhada-por-Unidade-Gestora.pdf\">Demonstrativo de Despesas Empenhadas &#8211; Ref : DEZEMBRO 2024<\/a><\/h4>\n\n\n\n<h4><a href=\"https:\/\/www.lai.pe.gov.br\/iterpe\/wp-content\/uploads\/sites\/39\/2024\/11\/ATUAL-NOVEMBRO-DESPESAS-EMPENHADAS-2024.pdf\">Demonstrativo de Despesas Empenhadas &#8211; Ref : NOVEMBRO 2024<\/a><\/h4>\n\n\n\n<h4><a href=\"https:\/\/www.lai.pe.gov.br\/iterpe\/wp-content\/uploads\/sites\/39\/2024\/10\/ATUAL-OUTUBRO-DESPESAS-EMPENHADAS-2024.pdf\">Demonstrativo de Despesas Empenhadas &#8211; Ref : OUTUBRO 2024<\/a><\/h4>\n\n\n\n<h4><a href=\"https:\/\/www.lai.pe.gov.br\/iterpe\/wp-content\/uploads\/sites\/39\/2024\/09\/ATUAL-SETEMBRO-DESPESAS-EMPENHADAS-2024.pdf\">Demonstrativo de Despesas Empenhadas &#8211; Ref : SETEMBRO 2024<\/a><\/h4>\n\n\n\n<h4><a href=\"https:\/\/www.lai.pe.gov.br\/iterpe\/wp-content\/uploads\/sites\/39\/2024\/08\/ATUAL-AGOSTO-DESPESAS-EMPENHADAS-2024.pdf\">Demonstrativo de Despesas Empenhadas &#8211; Ref : AGOSTO 2024<\/a><\/h4>\n\n\n\n<h4><a href=\"https:\/\/www.lai.pe.gov.br\/iterpe\/wp-content\/uploads\/sites\/39\/2024\/07\/ATUAL-JULHO-DESPESAS-EMPENHADAS-2024.pdf\">Demonstrativo de Despesas Empenhadas &#8211; Ref : JULHO 2024<\/a><\/h4>\n\n\n\n<h4><a href=\"https:\/\/www.lai.pe.gov.br\/iterpe\/wp-content\/uploads\/sites\/39\/2024\/06\/DESPESAS-EMPENHADAS-2024.pdf\">Demonstrativo de Despesas Empenhadas &#8211; Ref : JUNHO 2024<\/a><\/h4>\n\n\n\n<h4><a href=\"https:\/\/www.lai.pe.gov.br\/iterpe\/wp-content\/uploads\/sites\/39\/2024\/05\/DESPESAS-EMPENHADAS-2024.pdf\">Demonstrativo de Despesas Empenhadas &#8211; Ref : MAIO 2024<\/a><\/h4>\n\n\n\n<h4><a href=\"https:\/\/www.lai.pe.gov.br\/iterpe\/wp-content\/uploads\/sites\/39\/2024\/04\/DESPESAS-EMPENHADAS.pdf\">Demonstrativo de Despesas Empenhadas &#8211; Ref : ABRIL 2024<\/a><\/h4>\n\n\n\n<h4><a href=\"https:\/\/www.lai.pe.gov.br\/iterpe\/wp-content\/uploads\/sites\/39\/2024\/03\/MARCO-DESPESAS-EMPENHADAS.pdf\">Demonstrativo de Despesas Empenhadas &#8211; Ref : MAR\u00c7O 2024<\/a><\/h4>\n\n\n\n<h4><a href=\"https:\/\/www.lai.pe.gov.br\/iterpe\/wp-content\/uploads\/sites\/39\/2024\/02\/Despesas-Empenhadas.pdf\">Demonstrativo de Despesas Empenhadas &#8211; Ref : FEVEREIRO 2024<\/a><\/h4>\n\n\n\n<h4><a href=\"https:\/\/www.lai.pe.gov.br\/iterpe\/wp-content\/uploads\/sites\/39\/2024\/01\/OK-ATUAL-JANEIRO-DESPESAS-EMPENHADAS-2024.pdf\">Demonstrativo de Despesas Empenhadas &#8211; Ref : JANEIRO 2024<\/a><\/h4>\n\n\n\n<p>.<\/p>\n\n\n\n<p>.<\/p>\n\n\n\n<h2>Fichas Financeiras ITERPE &#8211; (Exerc\u00edcio 2023)<\/h2>\n\n\n\n<p><strong><a href=\"https:\/\/www.lai.pe.gov.br\/iterpe\/wp-content\/uploads\/sites\/39\/2023\/12\/ATUAL-DEZEMBRO-FICHA-FINANCEIRA-2023.pdf\">CADASTRO DE EXECU\u00c7\u00c3O OR\u00c7AMENT\u00c1RIA E FINANCEIRA &#8211; DEZEMBRO 2023<\/a><\/strong><\/p>\n\n\n\n<p><strong><a href=\"https:\/\/www.lai.pe.gov.br\/iterpe\/wp-content\/uploads\/sites\/39\/2023\/11\/ATUAL-NOVEMBRO-FICHA-FINANCEIRA-2023.pdf\">CADASTRO DE EXECU\u00c7\u00c3O OR\u00c7AMENT\u00c1RIA E FINANCEIRA &#8211; NOVEMBRO 2023<\/a><\/strong><\/p>\n\n\n\n<p><strong><a href=\"https:\/\/www.lai.pe.gov.br\/iterpe\/wp-content\/uploads\/sites\/39\/2023\/10\/ATUAL-OUTUBRO-FICHA-FINANCEIRA-2023.pdf\">CADASTRO DE EXECU\u00c7\u00c3O OR\u00c7AMENT\u00c1RIA E FINANCEIRA &#8211; OUTUBRO 2023<\/a><\/strong><\/p>\n\n\n\n<p><strong><a href=\"https:\/\/www.lai.pe.gov.br\/iterpe\/wp-content\/uploads\/sites\/39\/2023\/09\/SETEMBRO-FICHA-FINANCEIRA-2023.pdf\">CADASTRO DE EXECU\u00c7\u00c3O OR\u00c7AMENT\u00c1RIA E FINANCEIRA &#8211; SETEMBRO 2023<\/a><\/strong><\/p>\n\n\n\n<p><strong><a href=\"https:\/\/www.lai.pe.gov.br\/iterpe\/wp-content\/uploads\/sites\/39\/2023\/08\/AGOSTO-PLANILHA-DE-DIARIAS-2023-1.xlsx\">CADASTRO DE EXECU\u00c7\u00c3O OR\u00c7AMENT\u00c1RIA E FINANCEIRA &#8211; AGOSTO 2023<\/a><\/strong><\/p>\n\n\n\n<p><strong><a href=\"https:\/\/www.lai.pe.gov.br\/iterpe\/wp-content\/uploads\/sites\/39\/2023\/07\/ATUAL-FICHA-FINANCEIRA-2023.pdf\">CADASTRO DE EXECU\u00c7\u00c3O OR\u00c7AMENT\u00c1RIA E FINANCEIRA &#8211; JULHO 2023<\/a><\/strong><\/p>\n\n\n\n<p><strong><a href=\"https:\/\/www.lai.pe.gov.br\/iterpe\/wp-content\/uploads\/sites\/39\/2023\/06\/Z-FICHA-FINANCEIRA-JUNHO-2023.pdf\">CADASTRO DE EXECU\u00c7\u00c3O <\/a><\/strong><strong><a href=\"https:\/\/www.lai.pe.gov.br\/iterpe\/wp-content\/uploads\/sites\/39\/2023\/06\/Z-FICHA-FINANCEIRA-JUNHO-2023.pdf\">OR\u00c7AMENT\u00c1RIA E FINANCEIRA &#8211; JUNHO 2023<\/a><\/strong><\/p>\n\n\n\n<p><strong><a href=\"https:\/\/www.lai.pe.gov.br\/iterpe\/wp-content\/uploads\/sites\/39\/2023\/05\/Z-UNIF-FICHA-FINANC.-MAIO-2023.pdf\">CADASTRO DE EXECU\u00c7\u00c3O OR\u00c7AMENT\u00c1RIA E FINANCEIRA &#8211; MAIO 2023<\/a><\/strong><\/p>\n\n\n\n<p><strong><a href=\"https:\/\/www.lai.pe.gov.br\/iterpe\/wp-content\/uploads\/sites\/39\/2023\/04\/Z-UNIF-FICHA-FINANC.-ABRIL-2023.pdf\">CADASTRO DE EXECU\u00c7\u00c3O <\/a><\/strong><strong><a href=\"https:\/\/www.lai.pe.gov.br\/iterpe\/wp-content\/uploads\/sites\/39\/2023\/04\/Z-UNIF-FICHA-FINANC.-ABRIL-2023.pdf\">OR\u00c7AMENT\u00c1RIA E FINANCEIRA &#8211; ABRIL 2023  <\/a><\/strong><\/p>\n\n\n\n<h2>Despesas Empenhadas ITERPE &#8211; (Exerc\u00edcio 2023)<\/h2>\n\n\n\n<p><strong><a href=\"https:\/\/www.lai.pe.gov.br\/iterpe\/wp-content\/uploads\/sites\/39\/2023\/12\/ATUAL-DEZEMBRO-DESPESAS-EMPENHADAS-2023.pdf\">DEMONSTRATIVO DE DESPESAS EMPENHADAS &#8211; DEZEMBRO 2023<\/a><\/strong><\/p>\n\n\n\n<p><strong><a href=\"https:\/\/www.lai.pe.gov.br\/iterpe\/wp-content\/uploads\/sites\/39\/2023\/11\/ATUAL-NOVEMBRO-DESPESAS-EMPENHADAS-2023.pdf\">DEMONSTRATIVO DE DESPESAS EMPENHADAS &#8211; NOVEMBRO 2023<\/a><\/strong><\/p>\n\n\n\n<p><strong><a href=\"https:\/\/www.lai.pe.gov.br\/iterpe\/wp-content\/uploads\/sites\/39\/2023\/10\/ATUAL-OUTUBRO-DESPESAS-EMPENHADAS-2023.pdf\">DEMONSTRATIVO DE DESPESAS EMPENHADAS &#8211; OUTUBRO 2023<\/a><\/strong><\/p>\n\n\n\n<p><strong><a href=\"https:\/\/www.lai.pe.gov.br\/iterpe\/wp-content\/uploads\/sites\/39\/2023\/09\/SETEMBRO-DESPESAS-EMPENHADAS-2023.pdf\">DEMONSTRATIVO DE DESPESAS EMPENHADAS &#8211; SETEMBRO 2023<\/a><\/strong><\/p>\n\n\n\n<p><strong><a href=\"https:\/\/www.lai.pe.gov.br\/iterpe\/wp-content\/uploads\/sites\/39\/2023\/08\/ATUAL-AGOSTO-DESPESAS-EMPENHADAS-2023.pdf\">DEMONSTRATIVO DE DESPESAS EMPENHADAS &#8211; AGOSTO 2023<\/a><\/strong><\/p>\n\n\n\n<p><strong><a href=\"https:\/\/www.lai.pe.gov.br\/iterpe\/wp-content\/uploads\/sites\/39\/2023\/07\/ATUAL-DESPESAS-EMPENHADAS-2023.pdf\">DEMONSTRATIVO DE DESPESAS EMPENHADAS &#8211; JULHO 2023<\/a><\/strong><\/p>\n\n\n\n<p><strong><a href=\"https:\/\/www.lai.pe.gov.br\/iterpe\/wp-content\/uploads\/sites\/39\/2023\/06\/Z-DESPESAS-EMPENHADAS-JUNHO-2023-2.pdf\">DEMONSTRATIVO DE DESPESAS EMPENHADAS &#8211; JUNHO 2023<\/a><\/strong><\/p>\n\n\n\n<p><strong><a href=\"https:\/\/www.lai.pe.gov.br\/iterpe\/wp-content\/uploads\/sites\/39\/2023\/05\/Z-UNIF-DESPESAS-EMP.-MAIO-2023.pdf\">DEMONSTRATIVO DE DESPESAS EMPENHADAS &#8211; MAIO 2023<\/a><\/strong><\/p>\n\n\n\n<p><strong><a href=\"https:\/\/www.lai.pe.gov.br\/iterpe\/wp-content\/uploads\/sites\/39\/2023\/04\/Z-UNIF-DESPESAS-EMP.-ABRIL-2023.pdf\">DEMONSTRATIVO DE DESPESAS EMPENHADAS &#8211; ABRIL 2023<\/a><\/strong><\/p>\n\n\n\n<p><\/p>\n\n\n\n<p><\/p>\n\n\n\n<p>.<\/p>\n\n\n\n<p><\/p>\n","protected":false},"excerpt":{"rendered":"<p>. PORTARIA N\u00ba 009, DE 12 DE MAIO DE 2025 (Clique para visualizar) . Disp\u00f5e sobre a observ\u00e2ncia da ordem cronol\u00f3gica de pagamento das obriga\u00e7\u00f5es relativas ao fornecimento de bens, loca\u00e7\u00f5es, presta\u00e7\u00e3o de servi\u00e7os e realiza\u00e7\u00e3o de obras, no \u00e2mbito do Instituto de Terras e Reforma Agr\u00e1ria do Estado de Pernambuco \u2013 ITERPE. . . [&hellip;]<\/p>\n","protected":false},"author":210,"featured_media":0,"parent":0,"menu_order":0,"comment_status":"closed","ping_status":"closed","template":"","meta":{"advgb_blocks_editor_width":"","advgb_blocks_columns_visual_guide":"","kt_blocks_editor_width":""},"featured_image_urls":{"full":"","thumbnail":"","medium":"","medium_large":"","large":"","1536x1536":"","2048x2048":""},"post_excerpt_stackable":"<p>. PORTARIA N\u00ba 009, DE 12 DE MAIO DE 2025 (Clique para visualizar) . Disp\u00f5e sobre a observ\u00e2ncia da ordem cronol\u00f3gica de pagamento das obriga\u00e7\u00f5es relativas ao fornecimento de bens, loca\u00e7\u00f5es, presta\u00e7\u00e3o de servi\u00e7os e realiza\u00e7\u00e3o de obras, no \u00e2mbito do Instituto de Terras e Reforma Agr\u00e1ria do Estado de Pernambuco \u2013 ITERPE. . . EXTRATO DA PORTARIA N\u00ba 009, DE 12 DE MAIO DE 2025 (Clique para visualizar) Estabelece, no \u00e2mbito do ITERPE, a ordem cronol\u00f3gica quanto \u00e0s obriga\u00e7\u00f5es decorrentes de contratos regidos pelas Leis Federais n\u00ba 8.666\/1993 e 14.133\/2021, seguindo o padr\u00e3o da portaria SCGE n\u00ba 20, de&hellip;<\/p>\n","category_list":"","author_info":{"name":"Valdomiro Santos da Silva Filho","url":"https:\/\/www.lai.pe.gov.br\/iterpe\/author\/valdomirosantos\/"},"comments_num":"0 coment\u00e1rio","_links":{"self":[{"href":"https:\/\/www.lai.pe.gov.br\/iterpe\/wp-json\/wp\/v2\/pages\/2210"}],"collection":[{"href":"https:\/\/www.lai.pe.gov.br\/iterpe\/wp-json\/wp\/v2\/pages"}],"about":[{"href":"https:\/\/www.lai.pe.gov.br\/iterpe\/wp-json\/wp\/v2\/types\/page"}],"author":[{"embeddable":true,"href":"https:\/\/www.lai.pe.gov.br\/iterpe\/wp-json\/wp\/v2\/users\/210"}],"replies":[{"embeddable":true,"href":"https:\/\/www.lai.pe.gov.br\/iterpe\/wp-json\/wp\/v2\/comments?post=2210"}],"version-history":[{"count":246,"href":"https:\/\/www.lai.pe.gov.br\/iterpe\/wp-json\/wp\/v2\/pages\/2210\/revisions"}],"predecessor-version":[{"id":8353,"href":"https:\/\/www.lai.pe.gov.br\/iterpe\/wp-json\/wp\/v2\/pages\/2210\/revisions\/8353"}],"wp:attachment":[{"href":"https:\/\/www.lai.pe.gov.br\/iterpe\/wp-json\/wp\/v2\/media?parent=2210"}],"curies":[{"name":"wp","href":"https:\/\/api.w.org\/{rel}","templated":true}]}}