{"id":6,"date":"2024-01-29T15:15:31","date_gmt":"2024-01-29T18:15:31","guid":{"rendered":"https:\/\/www.lai.pe.gov.br\/epti\/?page_id=6"},"modified":"2024-01-29T15:16:56","modified_gmt":"2024-01-29T18:16:56","slug":"institucional","status":"publish","type":"page","link":"https:\/\/www.lai.pe.gov.br\/epti\/","title":{"rendered":"Institucional"},"content":{"rendered":"\n<blockquote class=\"wp-block-ugb-blockquote ugb-blockquote ugb-blockquote--v2 ugb--background-opacity-5 ugb-f378e70 ugb-blockquote--v3 ugb-blockquote--design-plain ugb-main-block\" id=\"\"><div class=\"ugb-inner-block\"><div class=\"ugb-block-content\"><div class=\"ugb-blockquote__item\"><svg viewbox=\"0 0 50 50\" xmlns=\"http:\/\/www.w3.org\/2000\/svg\" class=\"ugb-blockquote__quote\" width=\"70\" height=\"70\"><path d=\"M19.8 9.3C10.5 11.8 4.6 17 2.1 24.8c2.3-3.6 5.6-5.4 9.9-5.4 3.3 0 6 1.1 8.3 3.3 2.2 2.2 3.4 5 3.4 8.3 0 3.2-1.1 5.8-3.3 8-2.2 2.2-5.1 3.2-8.7 3.2-3.7 0-6.5-1.2-8.6-3.5C1 36.3 0 33.1 0 29 0 18.3 6.5 11.2 19.6 7.9l.2 1.4zm26.4 0C36.9 11.9 31 17 28.5 24.8c2.2-3.6 5.5-5.4 9.8-5.4 3.2 0 6 1.1 8.3 3.2 2.3 2.2 3.4 4.9 3.4 8.3 0 3.1-1.1 5.8-3.3 7.9-2.2 2.2-5.1 3.3-8.6 3.3-3.7 0-6.6-1.1-8.6-3.4-2.1-2.3-3.1-5.5-3.1-9.7 0-10.7 6.6-17.8 19.7-21.1l.1 1.4z\"><\/path><\/svg><div class=\"ugb-blockquote__content\"><p class=\"ugb-blockquote__text\"> A EMPRESA PERNAMBUCANA DE TRANSPORTE COLETIVO INTERMUNICIPAL \u2013 EPTI \u00e9 uma empresa p\u00fablica dotada de personalidade jur\u00eddica de direito privado, e est\u00e1 vinculada ao Governo do Estado de Pernambuco por meio da Secretaria de Mobilidade e Infraestrustura (SEMOBI), compondo o quadro da administra\u00e7\u00e3o indireta.<br><br><em>A EPTI foi Criada em 21 de junho de 2007, atrav\u00e9s da Lei n\u00ba 13.254, para estruturar o Sistema de Transporte Coletivo Intermunicipal de Passageiros do Estado de Pernambuco. Esta lei de n\u00ba 13.254 foi alterada para a Lei n\u00ba 15.572, de 10 de setembro de 2015<\/em>.<br><br>A EPTI n\u00e3o possui entidades e fundos vinculados.<\/p><\/div><\/div><\/div><\/div><\/blockquote>\n\n\n\n<div class=\"wp-block-ugb-container ugb-container ugb-8b82db9 ugb-container--v2 ugb-container--design-basic ugb-main-block\" id=\"\"><div class=\"ugb-inner-block\"><div class=\"ugb-block-content\"><div class=\"ugb-container__wrapper ugb-8b82db9-wrapper ugb--shadow-3\"><div class=\"ugb-container__side\"><div class=\"ugb-container__content-wrapper ugb-8b82db9-content-wrapper\">\n<h4>MISS\u00c3O INSTITUCIONAL<\/h4>\n\n\n\n<p>Gerir o sistema de transporte coletivo intermunicipal de passageiros, oferecendo aos usu\u00e1rios um servi\u00e7o eficiente e seguro, contribuindo para a mobilidade no estado de Pernambuco.<\/p>\n<\/div><\/div><\/div><\/div><\/div><\/div>\n\n\n\n<div class=\"wp-block-ugb-container ugb-container ugb-8311275 ugb-container--v2 ugb-container--design-basic ugb-main-block\" id=\"\"><div class=\"ugb-inner-block\"><div class=\"ugb-block-content\"><div class=\"ugb-container__wrapper ugb-8311275-wrapper ugb--shadow-3\"><div class=\"ugb-container__side\"><div class=\"ugb-container__content-wrapper ugb-8311275-content-wrapper\">\n<h4>VIS\u00c3O DE FUTURO<\/h4>\n\n\n\n<p>Ser reconhecida como refer\u00eancia em gest\u00e3o de transporte coletivo intermunicipal de passageiros.<\/p>\n<\/div><\/div><\/div><\/div><\/div><\/div>\n\n\n\n<div class=\"wp-block-ugb-container ugb-container ugb-3fb8ea1 ugb-container--v2 ugb-container--design-basic ugb-main-block\" id=\"\"><div class=\"ugb-inner-block\"><div class=\"ugb-block-content\"><div class=\"ugb-container__wrapper ugb-3fb8ea1-wrapper ugb--shadow-3\"><div class=\"ugb-container__side\"><div class=\"ugb-container__content-wrapper ugb-3fb8ea1-content-wrapper\">\n<h4>VALORES<\/h4>\n\n\n\n<div class=\"wp-block-ugb-icon-list ugb-icon-list ugb-icon-list-wrapper ugb-085e45a ugb-icon-list--v2 ugb-icon--icon-check ugb-main-block\" id=\"\"><div class=\"ugb-inner-block\"><div class=\"ugb-block-content\"><ul><li>Respeito ao usu\u00e1rio<\/li><li>Responsabilidade social e ambiental<\/li><li>Compromisso com a qualidade do servi\u00e7o<\/li><li>Est\u00edmulo a a\u00e7\u00f5es integradas<\/li><li>Gest\u00e3o \u00e9tica, eficiente e transparente<\/li><li>Valoriza\u00e7\u00e3o dos servidores<\/li><\/ul><\/div><\/div><\/div>\n<\/div><\/div><\/div><\/div><\/div><\/div>\n\n\n\n<h2>Mapa Estrat\u00e9gico<\/h2>\n\n\n\n<div class=\"wp-block-blockgallery-stacked alignfull\"><ul class=\"blockgallery has-fullwidth-images\"><li class=\"blockgallery--item\"><figure class=\"blockgallery--figure\"><img loading=\"lazy\" width=\"1071\" height=\"1588\" src=\"https:\/\/www.lai.pe.gov.br\/epti\/wp-content\/uploads\/sites\/26\/2024\/01\/WhatsApp-Image-2024-01-29-at-15.02.56.jpeg\" alt=\"\" data-id=\"1403\" data-link=\"https:\/\/www.lai.pe.gov.br\/epti\/institucional\/whatsapp-image-2024-01-29-at-15-02-56\/\" class=\"wp-image-1403 has-shadow-none\" \/><\/figure><\/li><\/ul><\/div>\n\n\n\n<div style=\"height:35px\" aria-hidden=\"true\" class=\"wp-block-spacer\"><\/div>\n\n\n\n<div class=\"wp-block-file\"><a href=\"https:\/\/www.lai.pe.gov.br\/epti\/wp-content\/uploads\/sites\/26\/2024\/01\/MAPA-ESTRATEGICO-ORGANIZACIONAL-EPTI-2-1-1.pdf\">MAPA-ESTRATEGICO-ORGANIZACIONAL-EPTI-2-1-1<\/a><a href=\"https:\/\/www.lai.pe.gov.br\/epti\/wp-content\/uploads\/sites\/26\/2024\/01\/MAPA-ESTRATEGICO-ORGANIZACIONAL-EPTI-2-1-1.pdf\" class=\"wp-block-file__button\" download>Baixar<\/a><\/div>\n\n\n\n<p><\/p>\n<style class=\"advgb-styles-renderer\">.ugb-f378e70 .ugb-blockquote__quote{width:70px !important;height:70px !important}.ugb-8b82db9-wrapper.ugb-container__wrapper{border-radius:12px !important;background-color:#f1f1f1 !important}.ugb-8b82db9-content-wrapper.ugb-container__content-wrapper{width:100% !important}.ugb-8b82db9-wrapper.ugb-container__wrapper:before{background-color:#f1f1f1 !important}.ugb-8b82db9-content-wrapper &gt; h1,.ugb-8b82db9-content-wrapper &gt; h2,.ugb-8b82db9-content-wrapper &gt; h3,.ugb-8b82db9-content-wrapper &gt; h4,.ugb-8b82db9-content-wrapper &gt; h5,.ugb-8b82db9-content-wrapper &gt; h6{color:#222222}.ugb-8b82db9-content-wrapper &gt; p,.ugb-8b82db9-content-wrapper &gt; ol li,.ugb-8b82db9-content-wrapper &gt; ul li{color:#222222}.ugb-8311275-wrapper.ugb-container__wrapper{border-radius:12px !important;background-color:#f1f1f1 !important}.ugb-8311275-content-wrapper.ugb-container__content-wrapper{width:100% !important}.ugb-8311275-wrapper.ugb-container__wrapper:before{background-color:#f1f1f1 !important}.ugb-8311275-content-wrapper &gt; h1,.ugb-8311275-content-wrapper &gt; h2,.ugb-8311275-content-wrapper &gt; h3,.ugb-8311275-content-wrapper &gt; h4,.ugb-8311275-content-wrapper &gt; h5,.ugb-8311275-content-wrapper &gt; h6{color:#222222}.ugb-8311275-content-wrapper &gt; p,.ugb-8311275-content-wrapper &gt; ol li,.ugb-8311275-content-wrapper &gt; ul li{color:#222222}.ugb-3fb8ea1-wrapper.ugb-container__wrapper{border-radius:12px !important;background-color:#f1f1f1 !important}.ugb-3fb8ea1-content-wrapper.ugb-container__content-wrapper{width:100% !important}.ugb-3fb8ea1-wrapper.ugb-container__wrapper:before{background-color:#f1f1f1 !important}.ugb-3fb8ea1-content-wrapper &gt; h1,.ugb-3fb8ea1-content-wrapper &gt; h2,.ugb-3fb8ea1-content-wrapper &gt; h3,.ugb-3fb8ea1-content-wrapper &gt; h4,.ugb-3fb8ea1-content-wrapper &gt; h5,.ugb-3fb8ea1-content-wrapper &gt; h6{color:#222222}.ugb-3fb8ea1-content-wrapper &gt; p,.ugb-3fb8ea1-content-wrapper &gt; ol li,.ugb-3fb8ea1-content-wrapper &gt; ul li{color:#222222}.ugb-085e45a li{--icon-size:20px;margin-bottom:16px !important}.ugb-085e45a li::before{height:20px !important;width:20px !important;background-image:url('data:image\/svg+xml;base64,PHN2ZyB2aWV3Qm94PSIwIDAgMTkwIDE5MCIgeG1sbnM9Imh0dHA6Ly93d3cudzMub3JnLzIwMDAvc3ZnIj48cGF0aCBkPSJNMTczLjggMjguNEw2MC40IDE0MS44IDE1LjcgOTcuMiA1LjEgMTA3LjggNjAuNCAxNjNsMTI0LTEyNC0xMC42LTEwLjZ6Ij48L3BhdGg+PC9zdmc+')}.ugb-085e45a li ul{margin-bottom:16px !important}.ugb-085e45a.ugb-icon-list ul{columns:2}<\/style>","protected":false},"excerpt":{"rendered":"<p>Mapa Estrat\u00e9gico<\/p>\n","protected":false},"author":373,"featured_media":0,"parent":0,"menu_order":0,"comment_status":"closed","ping_status":"closed","template":"","meta":{"advgb_blocks_editor_width":"","advgb_blocks_columns_visual_guide":"","kt_blocks_editor_width":""},"featured_image_urls":{"full":"","thumbnail":"","medium":"","medium_large":"","large":"","1536x1536":"","2048x2048":""},"post_excerpt_stackable":"<p>A EMPRESA PERNAMBUCANA DE TRANSPORTE COLETIVO INTERMUNICIPAL \u2013 EPTI \u00e9 uma empresa p\u00fablica dotada de personalidade jur\u00eddica de direito privado, e est\u00e1 vinculada ao Governo do Estado de Pernambuco por meio da Secretaria de Mobilidade e Infraestrustura (SEMOBI), compondo o quadro da administra\u00e7\u00e3o indireta.A EPTI foi Criada em 21 de junho de 2007, atrav\u00e9s da Lei n\u00ba 13.254, para estruturar o Sistema de Transporte Coletivo Intermunicipal de Passageiros do Estado de Pernambuco. Esta lei de n\u00ba 13.254 foi alterada para a Lei n\u00ba 15.572, de 10 de setembro de 2015.A EPTI n\u00e3o possui entidades e fundos vinculados. MISS\u00c3O INSTITUCIONAL Gerir&hellip;<\/p>\n","category_list":"","author_info":{"name":"Vitoria Regia da Silva Duarte","url":"https:\/\/www.lai.pe.gov.br\/epti\/author\/vitoriaduarte\/"},"comments_num":"0 coment\u00e1rio","_links":{"self":[{"href":"https:\/\/www.lai.pe.gov.br\/epti\/wp-json\/wp\/v2\/pages\/6"}],"collection":[{"href":"https:\/\/www.lai.pe.gov.br\/epti\/wp-json\/wp\/v2\/pages"}],"about":[{"href":"https:\/\/www.lai.pe.gov.br\/epti\/wp-json\/wp\/v2\/types\/page"}],"author":[{"embeddable":true,"href":"https:\/\/www.lai.pe.gov.br\/epti\/wp-json\/wp\/v2\/users\/373"}],"replies":[{"embeddable":true,"href":"https:\/\/www.lai.pe.gov.br\/epti\/wp-json\/wp\/v2\/comments?post=6"}],"version-history":[{"count":36,"href":"https:\/\/www.lai.pe.gov.br\/epti\/wp-json\/wp\/v2\/pages\/6\/revisions"}],"predecessor-version":[{"id":1406,"href":"https:\/\/www.lai.pe.gov.br\/epti\/wp-json\/wp\/v2\/pages\/6\/revisions\/1406"}],"wp:attachment":[{"href":"https:\/\/www.lai.pe.gov.br\/epti\/wp-json\/wp\/v2\/media?parent=6"}],"curies":[{"name":"wp","href":"https:\/\/api.w.org\/{rel}","templated":true}]}}