{"id":16,"date":"2019-03-13T16:55:30","date_gmt":"2019-03-13T19:55:30","guid":{"rendered":"https:\/\/www.lai.pe.gov.br\/epti\/?page_id=16"},"modified":"2024-07-12T11:02:10","modified_gmt":"2024-07-12T14:02:10","slug":"acoes-e-programas","status":"publish","type":"page","link":"https:\/\/www.lai.pe.gov.br\/epti\/acoes-e-programas\/","title":{"rendered":"A\u00e7\u00f5es e Programas"},"content":{"rendered":"\n<div style=\"height:40px\" aria-hidden=\"true\" class=\"wp-block-spacer\"><\/div>\n\n\n\n<p class=\"has-medium-font-size\">A Lei Or\u00e7ament\u00e1ria Anual Estadual (LOA) estabelece os or\u00e7amentos do Estado que estimam as receitas e fixa as despesas do governo. Cabe a Assembleia Legislativa avaliar e ajustar a proposta do Poder Executivo assim como faz com a Lei de Diretrizes Or\u00e7ament\u00e1rias (LDO) e Plano Plurianual (PPA). \u00c9 o instrumento que o cidad\u00e3o pode acompanhar a correta aplica\u00e7\u00e3o dos recursos p\u00fablicos que visam promover a qualidade de vida dos cidad\u00e3os.<\/p>\n\n\n\n<div class=\"wp-block-kadence-rowlayout alignnone row-eq-height\"><div id=\"kt-layout-id_020c4d-3f\" class=\"kt-row-layout-inner kt-layout-id_020c4d-3f\"><div class=\"kt-row-column-wrap kt-has-3-columns kt-gutter-default kt-v-gutter-default kt-row-valign-top kt-row-layout-equal kt-tab-layout-inherit kt-m-colapse-left-to-right kt-mobile-layout-row\">\n<div class=\"wp-block-kadence-column inner-column-1 kadence-column_5f1aaf-a2\"><div class=\"kt-inside-inner-col\">\n<div id=\"kt-info-box_3bdf02-eb\" class=\"wp-block-kadence-infobox\"><a class=\"kt-blocks-info-box-link-wrap kt-blocks-info-box-media-align-top kt-info-halign-center\" target=\"_blank\" rel=\"noopener noreferrer\" href=\"http:\/\/web.transparencia.pe.gov.br\/planejamento-orcamento\/lei-orcamentaria-anual-loa\/\"><div class=\"kt-blocks-info-box-media-container\"><div class=\"kt-blocks-info-box-media kt-info-media-animate-none\"><div class=\"kadence-info-box-image-inner-intrisic-container\" style=\"max-width:80px\"><div class=\"kadence-info-box-image-intrisic kt-info-animate-none\" style=\"padding-bottom:102%;height:0;width:250px;max-width:100%\"><div class=\"kadence-info-box-image-inner-intrisic\"><img loading=\"lazy\" src=\"https:\/\/www.lai.pe.gov.br\/epti\/wp-content\/uploads\/sites\/26\/2019\/03\/brasaopernambuco.png\" alt=\"\" width=\"250\" height=\"255\" class=\"kt-info-box-image wp-image-120 \"\/><\/div><\/div><\/div><\/div><\/div><div class=\"kt-infobox-textcontent\"><h2 class=\"kt-blocks-info-box-title\">Para conhecer a LOA do Estado<br\/><\/h2><div class=\"kt-blocks-info-box-learnmore-wrap\"><span class=\"kt-blocks-info-box-learnmore\">Clique aqui!<\/span><\/div><\/div><\/a><\/div>\n\n\n\n<p><\/p>\n<\/div><\/div>\n\n\n\n<div class=\"wp-block-kadence-column inner-column-2 kadence-column_fe4818-a3\"><div class=\"kt-inside-inner-col\">\n<div id=\"kt-info-box_5d3d88-5c\" class=\"wp-block-kadence-infobox\"><a class=\"kt-blocks-info-box-link-wrap kt-blocks-info-box-media-align-top kt-info-halign-center\" href=\"#acoes\"><div class=\"kt-blocks-info-box-media-container\"><div class=\"kt-blocks-info-box-media kt-info-media-animate-none\"><div class=\"kadence-info-box-icon-container kt-info-icon-animate-none\"><div class=\"kadence-info-box-icon-inner-container\"><span style=\"justify-content:center;align-items:center\" class=\"kt-info-svg-icon kt-info-svg-icon-fas_building\"><svg viewbox=\"0 0 448 512\" height=\"80\" width=\"80\" xmlns=\"http:\/\/www.w3.org\/2000\/svg\"><path d=\"M436 480h-20V24c0-13.255-10.745-24-24-24H56C42.745 0 32 10.745 32 24v456H12c-6.627 0-12 5.373-12 12v20h448v-20c0-6.627-5.373-12-12-12zM128 76c0-6.627 5.373-12 12-12h40c6.627 0 12 5.373 12 12v40c0 6.627-5.373 12-12 12h-40c-6.627 0-12-5.373-12-12V76zm0 96c0-6.627 5.373-12 12-12h40c6.627 0 12 5.373 12 12v40c0 6.627-5.373 12-12 12h-40c-6.627 0-12-5.373-12-12v-40zm52 148h-40c-6.627 0-12-5.373-12-12v-40c0-6.627 5.373-12 12-12h40c6.627 0 12 5.373 12 12v40c0 6.627-5.373 12-12 12zm76 160h-64v-84c0-6.627 5.373-12 12-12h40c6.627 0 12 5.373 12 12v84zm64-172c0 6.627-5.373 12-12 12h-40c-6.627 0-12-5.373-12-12v-40c0-6.627 5.373-12 12-12h40c6.627 0 12 5.373 12 12v40zm0-96c0 6.627-5.373 12-12 12h-40c-6.627 0-12-5.373-12-12v-40c0-6.627 5.373-12 12-12h40c6.627 0 12 5.373 12 12v40zm0-96c0 6.627-5.373 12-12 12h-40c-6.627 0-12-5.373-12-12V76c0-6.627 5.373-12 12-12h40c6.627 0 12 5.373 12 12v40z\"><\/path><\/svg><\/span><\/div><\/div><\/div><\/div><div class=\"kt-infobox-textcontent\"><h2 class=\"kt-blocks-info-box-title\">Para conhecer a LOA da EPTI<br \/><\/h2><div class=\"kt-blocks-info-box-learnmore-wrap\"><span class=\"kt-blocks-info-box-learnmore\">Clique aqui!<\/span><\/div><\/div><\/a><\/div>\n<\/div><\/div>\n\n\n\n<div class=\"wp-block-kadence-column inner-column-3 kadence-column_9dcf07-4b\"><div class=\"kt-inside-inner-col\">\n<div id=\"kt-info-box_bd9dd3-a3\" class=\"wp-block-kadence-infobox\"><a class=\"kt-blocks-info-box-link-wrap kt-blocks-info-box-media-align-top kt-info-halign-center\" target=\"_blank\" rel=\"noopener noreferrer\" href=\"https:\/\/transparencia.pe.gov.br\/responsabilidade-fiscal\/planejamento-e-orcamento\/acoes-e-programas\/\"><div class=\"kt-blocks-info-box-media-container\"><div class=\"kt-blocks-info-box-media kt-info-media-animate-none\"><div class=\"kadence-info-box-icon-container kt-info-icon-animate-none\"><div class=\"kadence-info-box-icon-inner-container\"><span style=\"display:block;justify-content:center;align-items:center\" class=\"kt-info-svg-icon kt-info-svg-icon-fas_money-bill-alt\"><svg style=\"display:inline-block;vertical-align:middle\" viewbox=\"0 0 640 512\" height=\"80\" width=\"80\" fill=\"currentColor\" xmlns=\"http:\/\/www.w3.org\/2000\/svg\"><path d=\"M352 288h-16v-88c0-4.42-3.58-8-8-8h-13.58c-4.74 0-9.37 1.4-13.31 4.03l-15.33 10.22a7.994 7.994 0 0 0-2.22 11.09l8.88 13.31a7.994 7.994 0 0 0 11.09 2.22l.47-.31V288h-16c-4.42 0-8 3.58-8 8v16c0 4.42 3.58 8 8 8h64c4.42 0 8-3.58 8-8v-16c0-4.42-3.58-8-8-8zM608 64H32C14.33 64 0 78.33 0 96v320c0 17.67 14.33 32 32 32h576c17.67 0 32-14.33 32-32V96c0-17.67-14.33-32-32-32zM48 400v-64c35.35 0 64 28.65 64 64H48zm0-224v-64h64c0 35.35-28.65 64-64 64zm272 192c-53.02 0-96-50.15-96-112 0-61.86 42.98-112 96-112s96 50.14 96 112c0 61.87-43 112-96 112zm272 32h-64c0-35.35 28.65-64 64-64v64zm0-224c-35.35 0-64-28.65-64-64h64v64z\"><\/path><\/svg><\/span><\/div><\/div><\/div><\/div><div class=\"kt-infobox-textcontent\"><h2 class=\"kt-blocks-info-box-title\">Acompanhe as despesas estaduais <\/h2><div class=\"kt-blocks-info-box-learnmore-wrap\"><span class=\"kt-blocks-info-box-learnmore\">Clique aqui!<\/span><\/div><\/div><\/a><\/div>\n<\/div><\/div>\n<\/div><\/div><\/div>\n\n\n\n<h2>Conforme a Lei Or\u00e7ament\u00e1ria Anual (LOA) de 2020, s\u00e3o programas e a\u00e7\u00f5es da EPTI:<\/h2>\n\n\n\n<div class=\"wp-block-advgb-accordions advgb-accordion-wrapper\">\n<div class=\"wp-block-advgb-accordion-item advgb-accordion-item\" style=\"margin-bottom:15px\"><div class=\"advgb-accordion-header\" style=\"background-color:#4a6795;color:#eee;border-style:solid;border-radius:7px\"><span class=\"advgb-accordion-header-icon\"><svg fill=\"#fff\" xmlns=\"http:\/\/www.w3.org\/2000\/svg\" width=\"24\" height=\"24\" viewbox=\"0 0 24 24\"><path opacity=\"0.87\" fill=\"none\" d=\"M24,24H0L0,0l24,0V24z\"><\/path><path d=\"M16.59,8.59L12,13.17L7.41,8.59L6,10l6,6l6-6L16.59,8.59z\"><\/path><\/svg><\/span><h4 class=\"advgb-accordion-header-title\" style=\"color:inherit\">1077 &#8211; FORTALECIMENTO DO CONTROLE SOCIAL NA ESFERA GOVERNAMENTAL<\/h4><\/div><div class=\"advgb-accordion-body\" style=\"border-style:solid !important;border-color:undefined !important;border-top:none !important;border-radius:7px !important\">\n<p>Atividade:<br>0709 &#8211; Manuten\u00e7\u00e3o da Ouvidoria da Empresa Pernambucana de Transporte Intermunicipal &#8211; EPTI<\/p>\n<\/div><\/div>\n\n\n\n<div class=\"wp-block-advgb-accordion-item advgb-accordion-item\" style=\"margin-bottom:15px\"><div class=\"advgb-accordion-header\" style=\"background-color:#4a6795;color:#eee;border-style:solid;border-radius:7px\"><span class=\"advgb-accordion-header-icon\"><svg fill=\"#fff\" xmlns=\"http:\/\/www.w3.org\/2000\/svg\" width=\"24\" height=\"24\" viewbox=\"0 0 24 24\"><path opacity=\"0.87\" fill=\"none\" d=\"M24,24H0L0,0l24,0V24z\"><\/path><path d=\"M16.59,8.59L12,13.17L7.41,8.59L6,10l6,6l6-6L16.59,8.59z\"><\/path><\/svg><\/span><h4 class=\"advgb-accordion-header-title\" style=\"color:inherit\">1086 &#8211; OPERACIONALIZA\u00c7\u00c3O DO SISTEMA DE TRANSPORTES P\u00daBLICO DE PASSAGEIROS<\/h4><\/div><div class=\"advgb-accordion-body\" style=\"border-style:solid !important;border-color:undefined !important;border-top:none !important;border-radius:7px !important\">\n<p>Atividade:<\/p>\n\n\n\n<p><br>3828 &#8211; Implementa\u00e7\u00e3o da Pol\u00edtica de Marketing do Sistema de Transporte Intermunicipal de Passageiros.<\/p>\n\n\n\n<p><br>4104 &#8211; Constru\u00e7\u00e3o, Reforma e Amplia\u00e7\u00e3o dos Terminais Rodovi\u00e1rios Intermunicipais.<\/p>\n\n\n\n<p>4441 &#8211; Elabora\u00e7\u00e3o do Novo Sistema de Transporte Intermunicipal &#8211; STIP<\/p>\n<\/div><\/div>\n\n\n\n<div class=\"wp-block-advgb-accordion-item advgb-accordion-item\" style=\"margin-bottom:15px\"><div class=\"advgb-accordion-header\" style=\"background-color:#4a6795;color:#eee;border-style:solid;border-radius:7px\"><span class=\"advgb-accordion-header-icon\"><svg fill=\"#fff\" xmlns=\"http:\/\/www.w3.org\/2000\/svg\" width=\"24\" height=\"24\" viewbox=\"0 0 24 24\"><path opacity=\"0.87\" fill=\"none\" d=\"M24,24H0L0,0l24,0V24z\"><\/path><path d=\"M16.59,8.59L12,13.17L7.41,8.59L6,10l6,6l6-6L16.59,8.59z\"><\/path><\/svg><\/span><h4 class=\"advgb-accordion-header-title\" style=\"color:inherit\">0450 &#8211; APOIO GERENCIAL E TECNOL\u00d3GICO PARA PROMO\u00c7\u00c3O DA MOBILIDADE E DO URBANISMO <\/h4><\/div><div class=\"advgb-accordion-body\" style=\"border-style:solid !important;border-color:undefined !important;border-top:none !important;border-radius:7px !important\">\n<p>Atividade:<\/p>\n\n\n\n<p><br>3824 &#8211; Concess\u00e3o de Vale Transporte e Aux\u00edlio Alimenta\u00e7\u00e3o a Servidores da Empresa Pernambucana de Transporte Coletivo Intermunicipal &#8211; EPTI.<\/p>\n\n\n\n<p><br>4358 &#8211; Gest\u00e3o das atividades da Empresa Pernambucana de Transporte Coletivo Intermunicipal &#8211; EPTI.<\/p>\n\n\n\n<p>4492 &#8211; Manuten\u00e7\u00e3o da Tecnologia da Informa\u00e7\u00e3o e Comunica\u00e7\u00e3o da  Empresa Pernambucana de Transporte Coletivo Intermunicipal &#8211; EPTI. <\/p>\n\n\n\n<p>4600 &#8211; Conserva\u00e7\u00e3o do Patrim\u00f4nio P\u00fablico da Empresa Pernambucana de Transporte Coletivo Intermunicipal &#8211; EPTI. <\/p>\n<\/div><\/div>\n<\/div>\n\n\n\n<h2>Documentos<\/h2>\n\n\n\n<h3>Relat\u00f3rios de Desempenho da Gest\u00e3o<\/h3>\n\n\n\n<div class=\"wp-block-file\"><a href=\"https:\/\/www.lai.pe.gov.br\/epti\/wp-content\/uploads\/sites\/26\/2022\/06\/Relatorio-de-Gestao-2021.pdf\">Relat\u00f3rio de Gest\u00e3o 2021<\/a><a href=\"https:\/\/www.lai.pe.gov.br\/epti\/wp-content\/uploads\/sites\/26\/2022\/06\/Relatorio-de-Gestao-2021.pdf\" class=\"wp-block-file__button\" download>Baixar<\/a><\/div>\n\n\n\n<div class=\"wp-block-file\"><a href=\"https:\/\/www.lai.pe.gov.br\/epti\/wp-content\/uploads\/sites\/26\/2021\/02\/RELATORIO-DE-DESEMPENHODE-GESTAO-2020.pdf\">Relat\u00f3rio de Gest\u00e3o 2020<\/a><a href=\"https:\/\/www.lai.pe.gov.br\/epti\/wp-content\/uploads\/sites\/26\/2021\/02\/RELATORIO-DE-DESEMPENHODE-GESTAO-2020.pdf\" class=\"wp-block-file__button\" download>Baixar<\/a><\/div>\n\n\n\n<div class=\"wp-block-file\"><a href=\"https:\/\/www.lai.pe.gov.br\/epti\/wp-content\/uploads\/sites\/26\/2020\/09\/DESEMPENHO-DE-GESTAO-2019.pdf\">Relat\u00f3rio de Gest\u00e3o 2019<\/a><a href=\"https:\/\/www.lai.pe.gov.br\/epti\/wp-content\/uploads\/sites\/26\/2020\/09\/DESEMPENHO-DE-GESTAO-2019.pdf\" class=\"wp-block-file__button\" download>Baixar<\/a><\/div>\n\n\n\n<div class=\"wp-block-file\"><a href=\"https:\/\/www.lai.pe.gov.br\/epti\/wp-content\/uploads\/sites\/26\/2019\/12\/Relatorio-de-Desempenho-Gest\u00e3o-EPTI-2018.pdf\">Relat\u00f3rio de Gest\u00e3o 2018<\/a><a href=\"https:\/\/www.lai.pe.gov.br\/epti\/wp-content\/uploads\/sites\/26\/2019\/12\/Relatorio-de-Desempenho-Gest\u00e3o-EPTI-2018.pdf\" class=\"wp-block-file__button\" download>Baixar<\/a><\/div>\n\n\n\n<div class=\"wp-block-file\"><a href=\"https:\/\/www.lai.pe.gov.br\/epti\/wp-content\/uploads\/sites\/26\/2019\/04\/Relat\u00f3rio-de-Gest\u00e3o-2017.pdf\">Relat\u00f3rio de Gest\u00e3o 2017<\/a><a href=\"https:\/\/www.lai.pe.gov.br\/epti\/wp-content\/uploads\/sites\/26\/2019\/04\/Relat\u00f3rio-de-Gest\u00e3o-2017.pdf\" class=\"wp-block-file__button\" download>Baixar<\/a><\/div>\n\n\n\n<div class=\"wp-block-file\"><a href=\"https:\/\/www.lai.pe.gov.br\/epti\/wp-content\/uploads\/sites\/26\/2019\/04\/Relat\u00f3rio-de-Gest\u00e3o-2016.pdf\">Relat\u00f3rio de Gest\u00e3o 2016<\/a><a href=\"https:\/\/www.lai.pe.gov.br\/epti\/wp-content\/uploads\/sites\/26\/2019\/04\/Relat\u00f3rio-de-Gest\u00e3o-2016.pdf\" class=\"wp-block-file__button\" download>Baixar<\/a><\/div>\n\n\n\n<div class=\"wp-block-file\"><a href=\"https:\/\/www.lai.pe.gov.br\/epti\/wp-content\/uploads\/sites\/26\/2019\/04\/Relat\u00f3rio-de-gest\u00e3o-2015.pdf\">Relat\u00f3rio de Gest\u00e3o 2015<\/a><a href=\"https:\/\/www.lai.pe.gov.br\/epti\/wp-content\/uploads\/sites\/26\/2019\/04\/Relat\u00f3rio-de-gest\u00e3o-2015.pdf\" class=\"wp-block-file__button\" download>Baixar<\/a><\/div>\n\n\n\n<div class=\"wp-block-file\"><a href=\"https:\/\/www.lai.pe.gov.br\/epti\/wp-content\/uploads\/sites\/26\/2019\/04\/Relat\u00f3rio-de-gest\u00e3o-2014.pdf\">Relat\u00f3rio de Gest\u00e3o 2014<\/a><a href=\"https:\/\/www.lai.pe.gov.br\/epti\/wp-content\/uploads\/sites\/26\/2019\/04\/Relat\u00f3rio-de-gest\u00e3o-2014.pdf\" class=\"wp-block-file__button\" download>Baixar<\/a><\/div>\n\n\n\n<p><\/p>\n\n\n\n<h3 id=\"acoes\">A\u00e7\u00f5es da EPTI<\/h3>\n\n\n\n<div class=\"wp-block-file\"><a href=\"https:\/\/www.lai.pe.gov.br\/epti\/wp-content\/uploads\/sites\/26\/2022\/02\/LOA-2022-EPTI.pdf\">A\u00e7\u00f5es e Programas EPTI LOA 2022<\/a><a href=\"https:\/\/www.lai.pe.gov.br\/epti\/wp-content\/uploads\/sites\/26\/2022\/02\/LOA-2022-EPTI.pdf\" class=\"wp-block-file__button\" download>Baixar<\/a><\/div>\n\n\n\n<div class=\"wp-block-file\"><a href=\"https:\/\/www.lai.pe.gov.br\/epti\/wp-content\/uploads\/sites\/26\/2021\/02\/EPTI-loa2021.pdf\">A\u00e7\u00f5es e Programas EPTI &#8211; LOA 2021<\/a><a href=\"https:\/\/www.lai.pe.gov.br\/epti\/wp-content\/uploads\/sites\/26\/2021\/02\/EPTI-loa2021.pdf\" class=\"wp-block-file__button\" download>Baixar<\/a><\/div>\n\n\n\n<div class=\"wp-block-file\"><a href=\"https:\/\/www.lai.pe.gov.br\/epti\/wp-content\/uploads\/sites\/26\/2020\/06\/LOA-2020.pdf\">A\u00e7\u00f5es e Programas EPTI &#8211; LOA 2020<\/a><a href=\"https:\/\/www.lai.pe.gov.br\/epti\/wp-content\/uploads\/sites\/26\/2020\/06\/LOA-2020.pdf\" class=\"wp-block-file__button\" download>Baixar<\/a><\/div>\n\n\n\n<div class=\"wp-block-file\"><a href=\"https:\/\/www.lai.pe.gov.br\/epti\/wp-content\/uploads\/sites\/26\/2020\/06\/LOA-2019.pdf\"> A\u00e7\u00f5es e Programas EPTI &#8211; LOA 2019<\/a><a href=\"https:\/\/www.lai.pe.gov.br\/epti\/wp-content\/uploads\/sites\/26\/2020\/06\/LOA-2019.pdf\" class=\"wp-block-file__button\" download>Baixar<\/a><\/div>\n\n\n\n<div class=\"wp-block-file\"><a href=\"https:\/\/www.lai.pe.gov.br\/epti\/wp-content\/uploads\/sites\/26\/2019\/04\/EPTI-LOA-2018.pdf\"> A\u00e7\u00f5es e Programas EPTI &#8211; LOA 2018<\/a><a href=\"https:\/\/www.lai.pe.gov.br\/epti\/wp-content\/uploads\/sites\/26\/2019\/04\/EPTI-LOA-2018.pdf\" class=\"wp-block-file__button\" download>Baixar<\/a><\/div>\n\n\n\n<div class=\"wp-block-file\"><a href=\"https:\/\/www.lai.pe.gov.br\/epti\/wp-content\/uploads\/sites\/26\/2019\/04\/LOA-2017-EPTI.pdf\"> A\u00e7\u00f5es e Programas EPTI &#8211; LOA 2017<\/a><a href=\"https:\/\/www.lai.pe.gov.br\/epti\/wp-content\/uploads\/sites\/26\/2019\/04\/LOA-2017-EPTI.pdf\" class=\"wp-block-file__button\" download>Baixar<\/a><\/div>\n\n\n\n<p><\/p>\n\n\n\n<h3 id=\"acoes\">Obras e Servi\u00e7os de Engenharia<\/h3>\n\n\n\n<div class=\"wp-block-file\"><a href=\"https:\/\/www.lai.pe.gov.br\/epti\/wp-content\/uploads\/sites\/26\/2020\/09\/Planilha-de-Obras-1o-Trimenstre-2020.xlsx\">Planilha de Obras 1\u00b0 Trimenstre 2020<\/a><a href=\"https:\/\/www.lai.pe.gov.br\/epti\/wp-content\/uploads\/sites\/26\/2020\/09\/Planilha-de-Obras-1o-Trimenstre-2020.xlsx\" class=\"wp-block-file__button\" download>Baixar<\/a><\/div>\n\n\n\n<div class=\"wp-block-file\"><a href=\"https:\/\/www.lai.pe.gov.br\/epti\/wp-content\/uploads\/sites\/26\/2020\/09\/Planilha-de-Obras-2o-Trimestre.xlsx\">Planilha de Obras 2\u00b0 Trimestre 2020<\/a><a href=\"https:\/\/www.lai.pe.gov.br\/epti\/wp-content\/uploads\/sites\/26\/2020\/09\/Planilha-de-Obras-2o-Trimestre.xlsx\" class=\"wp-block-file__button\" download>Baixar<\/a><\/div>\n\n\n\n<div class=\"wp-block-file\"><a href=\"https:\/\/www.lai.pe.gov.br\/epti\/wp-content\/uploads\/sites\/26\/2022\/03\/Planilha-de-Obras-3o-E-4o-Trimenstre-2020.xlsx\">Planilha de Obras 3\u00ba Trimestre 2020<\/a><a href=\"https:\/\/www.lai.pe.gov.br\/epti\/wp-content\/uploads\/sites\/26\/2022\/03\/Planilha-de-Obras-3o-E-4o-Trimenstre-2020.xlsx\" class=\"wp-block-file__button\" download>Baixar<\/a><\/div>\n\n\n\n<div class=\"wp-block-file\"><a href=\"https:\/\/www.lai.pe.gov.br\/epti\/wp-content\/uploads\/sites\/26\/2022\/03\/Planilha-de-Obras-3o-E-4o-Trimenstre-2020-1.xlsx\">Planilha de Obras 4\u00ba Trimestre 2020<\/a><a href=\"https:\/\/www.lai.pe.gov.br\/epti\/wp-content\/uploads\/sites\/26\/2022\/03\/Planilha-de-Obras-3o-E-4o-Trimenstre-2020-1.xlsx\" class=\"wp-block-file__button\" download>Baixar<\/a><\/div>\n\n\n\n<div class=\"wp-block-file\"><a href=\"https:\/\/www.lai.pe.gov.br\/epti\/wp-content\/uploads\/sites\/26\/2022\/03\/Planilha-de-Obras-2o-Trimestre-2021.xlsx\">Planilha de Obras 2021<\/a><a href=\"https:\/\/www.lai.pe.gov.br\/epti\/wp-content\/uploads\/sites\/26\/2022\/03\/Planilha-de-Obras-2o-Trimestre-2021.xlsx\" class=\"wp-block-file__button\" download>Baixar<\/a><\/div>\n\n\n\n<div class=\"wp-block-file\"><a href=\"https:\/\/www.lai.pe.gov.br\/epti\/wp-content\/uploads\/sites\/26\/2022\/04\/Planilha-de-Obras-1o-Trimenstre-2022.xlsx\">Planilha de Obras 1\u00ba Trimestre 2022<\/a><a href=\"https:\/\/www.lai.pe.gov.br\/epti\/wp-content\/uploads\/sites\/26\/2022\/04\/Planilha-de-Obras-1o-Trimenstre-2022.xlsx\" class=\"wp-block-file__button\" download>Baixar<\/a><\/div>\n\n\n\n<p><\/p>\n<style class=\"advgb-styles-renderer\">#kt-info-box_3bdf02-eb .kt-blocks-info-box-link-wrap {background:rgba(10, 102, 137, 1);padding:20px 20px 20px 20px;border-width:0px 0px 0px 0px;}#kt-info-box_3bdf02-eb .kt-blocks-info-box-link-wrap:hover {border-color:rgba(238, 238, 238, 1);background:rgba(10, 102, 137, 1);}#kt-info-box_3bdf02-eb .kt-info-svg-icon, #kt-info-box_3bdf02-eb .kt-blocks-info-box-number {font-size:80px;}#kt-info-box_3bdf02-eb .kt-blocks-info-box-media {color:#ffffff;background:transparent;border-color:#444444;border-width:0px 0px 0px 0px;padding:10px 10px 10px 10px;}#kt-info-box_3bdf02-eb .kt-blocks-info-box-media-container {margin:0px 15px 0px 15px;}#kt-info-box_3bdf02-eb .kt-blocks-info-box-link-wrap:hover .kt-blocks-info-box-media {color:#ffffff;background:transparent;border-color:#444444;}#kt-info-box_3bdf02-eb .kt-blocks-info-box-title {color:#ffffff;padding:0px 0px 0px 0px;margin:5px 0px 10px 0px;}#kt-info-box_3bdf02-eb .kt-blocks-info-box-link-wrap:hover .kt-blocks-info-box-title {color:#ffffff;}#kt-info-box_3bdf02-eb .kt-blocks-info-box-text {color:#ffffff;}#kt-info-box_3bdf02-eb .kt-blocks-info-box-link-wrap:hover .kt-blocks-info-box-text {color:#ffffff;}#kt-info-box_3bdf02-eb .kt-blocks-info-box-learnmore {color:#ffffff;background:#0A6689;border-color:#ffffff;border-width:0px 0px 0px 0px;padding:4px 8px 4px 8px;margin:10px 0px 10px 0px;}#kt-info-box_3bdf02-eb .kt-blocks-info-box-link-wrap:hover .kt-blocks-info-box-learnmore {color:#0A6689;background:#ffffff;border-color:#ffffff;}#kt-info-box_5d3d88-5c .kt-blocks-info-box-link-wrap {background:rgba(10, 102, 137, 1);padding:20px 20px 20px 20px;border-width:0px 0px 0px 0px;}#kt-info-box_5d3d88-5c .kt-blocks-info-box-link-wrap:hover {border-color:rgba(238, 238, 238, 1);background:rgba(10, 102, 137, 1);}#kt-info-box_5d3d88-5c .kt-info-svg-icon, #kt-info-box_5d3d88-5c .kt-blocks-info-box-number {font-size:80px;}#kt-info-box_5d3d88-5c .kt-blocks-info-box-media {color:#ffffff;background:transparent;border-color:#444444;border-width:0px 0px 0px 0px;padding:10px 10px 10px 10px;}#kt-info-box_5d3d88-5c .kt-blocks-info-box-media-container {margin:0px 15px 0px 15px;}#kt-info-box_5d3d88-5c .kt-blocks-info-box-link-wrap:hover .kt-blocks-info-box-media {color:#ffffff;background:transparent;border-color:#444444;}#kt-info-box_5d3d88-5c .kt-blocks-info-box-title {color:#ffffff;padding:0px 0px 0px 0px;margin:5px 0px 10px 0px;}#kt-info-box_5d3d88-5c .kt-blocks-info-box-link-wrap:hover .kt-blocks-info-box-title {color:#ffffff;}#kt-info-box_5d3d88-5c .kt-blocks-info-box-text {color:#ffffff;}#kt-info-box_5d3d88-5c .kt-blocks-info-box-link-wrap:hover .kt-blocks-info-box-text {color:#ffffff;}#kt-info-box_5d3d88-5c .kt-blocks-info-box-learnmore {color:#ffffff;background:#0A6689;border-color:#ffffff;border-width:0px 0px 0px 0px;padding:4px 8px 4px 8px;margin:10px 0px 10px 0px;}#kt-info-box_5d3d88-5c .kt-blocks-info-box-link-wrap:hover .kt-blocks-info-box-learnmore {color:#0A6689;background:#ffffff;border-color:#ffffff;}#kt-info-box_bd9dd3-a3 .kt-blocks-info-box-link-wrap {background:rgba(10, 102, 137, 1);padding:20px 20px 20px 20px;border-width:0px 0px 0px 0px;}#kt-info-box_bd9dd3-a3 .kt-blocks-info-box-link-wrap:hover {border-color:rgba(238, 238, 238, 1);background:rgba(10, 102, 137, 1);}#kt-info-box_bd9dd3-a3 .kt-info-svg-icon, #kt-info-box_bd9dd3-a3 .kt-blocks-info-box-number {font-size:80px;}#kt-info-box_bd9dd3-a3 .kt-blocks-info-box-media {color:#ffffff;background:transparent;border-color:#444444;border-width:0px 0px 0px 0px;padding:10px 10px 10px 10px;}#kt-info-box_bd9dd3-a3 .kt-blocks-info-box-media-container {margin:0px 15px 0px 15px;}#kt-info-box_bd9dd3-a3 .kt-blocks-info-box-link-wrap:hover .kt-blocks-info-box-media {color:#ffffff;background:transparent;border-color:#444444;}#kt-info-box_bd9dd3-a3 .kt-blocks-info-box-title {color:#ffffff;padding:0px 0px 0px 0px;margin:5px 0px 10px 0px;}#kt-info-box_bd9dd3-a3 .kt-blocks-info-box-link-wrap:hover .kt-blocks-info-box-title {color:#ffffff;}#kt-info-box_bd9dd3-a3 .kt-blocks-info-box-text {color:#ffffff;}#kt-info-box_bd9dd3-a3 .kt-blocks-info-box-link-wrap:hover .kt-blocks-info-box-text {color:#ffffff;}#kt-info-box_bd9dd3-a3 .kt-blocks-info-box-learnmore {color:#ffffff;background:#0A6689;border-color:#ffffff;border-width:0px 0px 0px 0px;padding:4px 8px 4px 8px;margin:10px 0px 10px 0px;}#kt-info-box_bd9dd3-a3 .kt-blocks-info-box-link-wrap:hover .kt-blocks-info-box-learnmore {color:#0A6689;background:#ffffff;border-color:#ffffff;}<\/style>","protected":false},"excerpt":{"rendered":"<p>A Lei Or\u00e7ament\u00e1ria Anual Estadual (LOA) estabelece os or\u00e7amentos do Estado que estimam as receitas e fixa as despesas do governo. Cabe a Assembleia Legislativa avaliar e ajustar a proposta do Poder Executivo assim como faz com a Lei de Diretrizes Or\u00e7ament\u00e1rias (LDO) e Plano Plurianual (PPA). \u00c9 o instrumento que o cidad\u00e3o pode acompanhar [&hellip;]<\/p>\n","protected":false},"author":1,"featured_media":0,"parent":0,"menu_order":0,"comment_status":"closed","ping_status":"closed","template":"","meta":{"advgb_blocks_editor_width":"","advgb_blocks_columns_visual_guide":"","kt_blocks_editor_width":""},"featured_image_urls":{"full":"","thumbnail":"","medium":"","medium_large":"","large":"","1536x1536":"","2048x2048":""},"post_excerpt_stackable":"<p>A Lei Or\u00e7ament\u00e1ria Anual Estadual (LOA) estabelece os or\u00e7amentos do Estado que estimam as receitas e fixa as despesas do governo. Cabe a Assembleia Legislativa avaliar e ajustar a proposta do Poder Executivo assim como faz com a Lei de Diretrizes Or\u00e7ament\u00e1rias (LDO) e Plano Plurianual (PPA). \u00c9 o instrumento que o cidad\u00e3o pode acompanhar a correta aplica\u00e7\u00e3o dos recursos p\u00fablicos que visam promover a qualidade de vida dos cidad\u00e3os. Para conhecer a LOA do EstadoClique aqui! Para conhecer a LOA da EPTIClique aqui! Acompanhe as despesas estaduais Clique aqui! Conforme a Lei Or\u00e7ament\u00e1ria Anual (LOA) de 2020, s\u00e3o programas&hellip;<\/p>\n","category_list":"","author_info":{"name":"nilo.martins","url":"https:\/\/www.lai.pe.gov.br\/epti\/author\/nilo-martins\/"},"comments_num":"0 coment\u00e1rio","_links":{"self":[{"href":"https:\/\/www.lai.pe.gov.br\/epti\/wp-json\/wp\/v2\/pages\/16"}],"collection":[{"href":"https:\/\/www.lai.pe.gov.br\/epti\/wp-json\/wp\/v2\/pages"}],"about":[{"href":"https:\/\/www.lai.pe.gov.br\/epti\/wp-json\/wp\/v2\/types\/page"}],"author":[{"embeddable":true,"href":"https:\/\/www.lai.pe.gov.br\/epti\/wp-json\/wp\/v2\/users\/1"}],"replies":[{"embeddable":true,"href":"https:\/\/www.lai.pe.gov.br\/epti\/wp-json\/wp\/v2\/comments?post=16"}],"version-history":[{"count":48,"href":"https:\/\/www.lai.pe.gov.br\/epti\/wp-json\/wp\/v2\/pages\/16\/revisions"}],"predecessor-version":[{"id":1598,"href":"https:\/\/www.lai.pe.gov.br\/epti\/wp-json\/wp\/v2\/pages\/16\/revisions\/1598"}],"wp:attachment":[{"href":"https:\/\/www.lai.pe.gov.br\/epti\/wp-json\/wp\/v2\/media?parent=16"}],"curies":[{"name":"wp","href":"https:\/\/api.w.org\/{rel}","templated":true}]}}