{"id":310,"date":"2019-03-25T10:36:47","date_gmt":"2019-03-25T13:36:47","guid":{"rendered":"https:\/\/www.lai.pe.gov.br\/adagro\/?page_id=310"},"modified":"2025-03-17T15:57:23","modified_gmt":"2025-03-17T18:57:23","slug":"convenios","status":"publish","type":"page","link":"https:\/\/www.lai.pe.gov.br\/adagro\/convenios\/","title":{"rendered":"Conv\u00eanios"},"content":{"rendered":"\n<div id=\"kt-info-box_36c228-f9\" class=\"wp-block-kadence-infobox\"><a class=\"kt-blocks-info-box-link-wrap kt-blocks-info-box-media-align-left kt-info-halign-left\"><div class=\"kt-blocks-info-box-media-container\"><div class=\"kt-blocks-info-box-media kt-info-media-animate-flip\"><div class=\"kadence-info-box-icon-container kt-info-icon-animate-flip\"><div class=\"kadence-info-box-icon-inner-container\"><span style=\"display:block;justify-content:center;align-items:center\" class=\"kt-info-svg-icon kt-info-svg-icon-fas_info\"><svg viewbox=\"0 0 192 512\" height=\"50\" width=\"50\" xmlns=\"http:\/\/www.w3.org\/2000\/svg\"><path d=\"M20 424.229h20V279.771H20c-11.046 0-20-8.954-20-20V212c0-11.046 8.954-20 20-20h112c11.046 0 20 8.954 20 20v212.229h20c11.046 0 20 8.954 20 20V492c0 11.046-8.954 20-20 20H20c-11.046 0-20-8.954-20-20v-47.771c0-11.046 8.954-20 20-20zM96 0C56.235 0 24 32.235 24 72s32.235 72 72 72 72-32.235 72-72S135.764 0 96 0z\"><\/path><\/svg><\/span><span style=\"display:block;justify-content:center;align-items:center\" class=\"kt-info-svg-icon-flip kt-info-svg-icon-ic_info\"><svg viewbox=\"0 0 8 8\" height=\"50\" width=\"50\" xmlns=\"http:\/\/www.w3.org\/2000\/svg\"><path d=\"M3 0c-.55 0-1 .45-1 1s.45 1 1 1 1-.45 1-1-.45-1-1-1zm-1.5 2.5c-.83 0-1.5.67-1.5 1.5h1c0-.28.22-.5.5-.5s.5.22.5.5-1 1.64-1 2.5c0 .86.67 1.5 1.5 1.5s1.5-.67 1.5-1.5h-1c0 .28-.22.5-.5.5s-.5-.22-.5-.5c0-.36 1-1.84 1-2.5 0-.81-.67-1.5-1.5-1.5z\"><\/path><\/svg><\/span><\/div><\/div><\/div><\/div><div class=\"kt-infobox-textcontent\"><h2 class=\"kt-blocks-info-box-title\">O que h\u00e1 nesta p\u00e1gina!<\/h2><p class=\"kt-blocks-info-box-text\">Nesta se\u00e7\u00e3o s\u00e3o divulgadas informa\u00e7\u00f5es sobre os repasses e transfer\u00eancias de recursos financeiros efetuados pelo \u00f3rg\u00e3o\/entidade.<\/p><\/div><\/a><\/div>\n\n\n\n<div style=\"height:20px\" aria-hidden=\"true\" class=\"wp-block-spacer\"><\/div>\n\n\n\n<p><em>A ADAGRO possui conv\u00eanios que envolvem repasses ou transfer\u00eancias de recursos financeiros (RECEITA) e n\u00e3o possui conv\u00eanio de DESPESA.<\/em><\/p>\n\n\n\n<div style=\"height:49px\" aria-hidden=\"true\" class=\"wp-block-spacer\"><\/div>\n\n\n\n<h2>Documentos<\/h2>\n\n\n\n<h3>Conv\u00eanios 2025<\/h3>\n\n\n\n<div class=\"wp-block-file\"><a href=\"https:\/\/www.lai.pe.gov.br\/adagro\/wp-content\/uploads\/sites\/10\/2025\/03\/Convenios-2025-Jan-Fev.xlsx\">Conv\u00eanios 2025 (Jan-Fev)<\/a><a href=\"https:\/\/www.lai.pe.gov.br\/adagro\/wp-content\/uploads\/sites\/10\/2025\/03\/Convenios-2025-Jan-Fev.xlsx\" class=\"wp-block-file__button\" download>Baixar<\/a><\/div>\n\n\n\n<h3>Conv\u00eanios 2024<\/h3>\n\n\n\n<div class=\"wp-block-file\"><a href=\"https:\/\/www.lai.pe.gov.br\/adagro\/wp-content\/uploads\/sites\/10\/2025\/01\/Convenios-2024-Jan-Dez.xlsx\">Conv\u00eanios 2024 (Jan-Dez)<\/a><a href=\"https:\/\/www.lai.pe.gov.br\/adagro\/wp-content\/uploads\/sites\/10\/2025\/01\/Convenios-2024-Jan-Dez.xlsx\" class=\"wp-block-file__button\" download>Baixar<\/a><\/div>\n\n\n\n<h3>Conv\u00eanios 2023<\/h3>\n\n\n\n<div class=\"wp-block-file\"><a href=\"https:\/\/www.lai.pe.gov.br\/adagro\/wp-content\/uploads\/sites\/10\/2024\/01\/Convenios-2023-Jan-Dez.xlsx\">Conv\u00eanios 2023 Jan-Dez<\/a><a href=\"https:\/\/www.lai.pe.gov.br\/adagro\/wp-content\/uploads\/sites\/10\/2024\/01\/Convenios-2023-Jan-Dez.xlsx\" class=\"wp-block-file__button\" download>Baixar<\/a><\/div>\n\n\n\n<h3>Conv\u00eanios 2022<\/h3>\n\n\n\n<div class=\"wp-block-file\"><a href=\"https:\/\/www.lai.pe.gov.br\/adagro\/wp-content\/uploads\/sites\/10\/2023\/05\/Convenios-2022-Jan-Dez.xlsx\">Conv\u00eanios 2022 Jan-Dez<\/a><a href=\"https:\/\/www.lai.pe.gov.br\/adagro\/wp-content\/uploads\/sites\/10\/2023\/05\/Convenios-2022-Jan-Dez.xlsx\" class=\"wp-block-file__button\" download>Baixar<\/a><\/div>\n\n\n\n<h3>Conv\u00eanios 2021<\/h3>\n\n\n\n<div class=\"wp-block-file\"><a href=\"https:\/\/www.lai.pe.gov.br\/adagro\/wp-content\/uploads\/sites\/10\/2022\/01\/Convenios-2021-Jan-Dez-2021.xlsx\">Conv\u00eanios 2021 Jan\/Dez<\/a><a href=\"https:\/\/www.lai.pe.gov.br\/adagro\/wp-content\/uploads\/sites\/10\/2022\/01\/Convenios-2021-Jan-Dez-2021.xlsx\" class=\"wp-block-file__button\" download>Baixar<\/a><\/div>\n\n\n\n<h3>Conv\u00eanios 2020<\/h3>\n\n\n\n<div class=\"wp-block-file\"><a href=\"https:\/\/www.lai.pe.gov.br\/adagro\/wp-content\/uploads\/sites\/10\/2021\/01\/Convenios-Dez-2020.xlsx\">Conv\u00eanios Dez 2020<\/a><a href=\"https:\/\/www.lai.pe.gov.br\/adagro\/wp-content\/uploads\/sites\/10\/2021\/01\/Convenios-Dez-2020.xlsx\" class=\"wp-block-file__button\" download>Baixar<\/a><\/div>\n\n\n\n<div class=\"wp-block-file\"><a href=\"https:\/\/www.lai.pe.gov.br\/adagro\/wp-content\/uploads\/sites\/10\/2020\/12\/Convenios-Nov-2020.xlsx\">Conv\u00eanios Nov 2020<\/a><a href=\"https:\/\/www.lai.pe.gov.br\/adagro\/wp-content\/uploads\/sites\/10\/2020\/12\/Convenios-Nov-2020.xlsx\" class=\"wp-block-file__button\" download>Baixar<\/a><\/div>\n\n\n\n<div class=\"wp-block-file\"><a href=\"https:\/\/www.lai.pe.gov.br\/adagro\/wp-content\/uploads\/sites\/10\/2020\/12\/Convenios-Out-2020.xlsx\">Conv\u00eanios Out 2020<\/a><a href=\"https:\/\/www.lai.pe.gov.br\/adagro\/wp-content\/uploads\/sites\/10\/2020\/12\/Convenios-Out-2020.xlsx\" class=\"wp-block-file__button\" download>Baixar<\/a><\/div>\n\n\n\n<div class=\"wp-block-file\"><a href=\"https:\/\/www.lai.pe.gov.br\/adagro\/wp-content\/uploads\/sites\/10\/2020\/10\/Convenios-Set-2020.xlsx\">Conv\u00eanios Set 2020<\/a><a href=\"https:\/\/www.lai.pe.gov.br\/adagro\/wp-content\/uploads\/sites\/10\/2020\/10\/Convenios-Set-2020.xlsx\" class=\"wp-block-file__button\" download>Baixar<\/a><\/div>\n\n\n\n<div class=\"wp-block-file\"><a href=\"https:\/\/www.lai.pe.gov.br\/adagro\/wp-content\/uploads\/sites\/10\/2020\/09\/ATUALIZADA-EM-18-02-2020-CONV-817466-e-785873.xlsx\">Conv\u00eanios Ago 2020<\/a><a href=\"https:\/\/www.lai.pe.gov.br\/adagro\/wp-content\/uploads\/sites\/10\/2020\/09\/ATUALIZADA-EM-18-02-2020-CONV-817466-e-785873.xlsx\" class=\"wp-block-file__button\" download>Baixar<\/a><\/div>\n\n\n\n<div class=\"wp-block-file\"><a href=\"https:\/\/www.lai.pe.gov.br\/adagro\/wp-content\/uploads\/sites\/10\/2020\/09\/Copia-de-ATUALIZADA-julho-10-07-2020.xlsx\">Conv\u00eanios Jul 2020<\/a><a href=\"https:\/\/www.lai.pe.gov.br\/adagro\/wp-content\/uploads\/sites\/10\/2020\/09\/Copia-de-ATUALIZADA-julho-10-07-2020.xlsx\" class=\"wp-block-file__button\" download>Baixar<\/a><\/div>\n\n\n\n<div class=\"wp-block-file\"><a href=\"https:\/\/www.lai.pe.gov.br\/adagro\/wp-content\/uploads\/sites\/10\/2020\/09\/Copia-de-ATUALIZADA-junho-EM-15-06-2020-CONV-817466-e-785873-1.xlsx\">Conv\u00eanios Jun 2020<\/a><a href=\"https:\/\/www.lai.pe.gov.br\/adagro\/wp-content\/uploads\/sites\/10\/2020\/09\/Copia-de-ATUALIZADA-junho-EM-15-06-2020-CONV-817466-e-785873-1.xlsx\" class=\"wp-block-file__button\" download>Baixar<\/a><\/div>\n\n\n\n<div class=\"wp-block-file\"><a href=\"https:\/\/www.lai.pe.gov.br\/adagro\/wp-content\/uploads\/sites\/10\/2020\/06\/C\u00f3pia-de-ATUALIZADA-EM-15-06-2020-CONV-817466-e-785873-1.xlsx\"> Conv\u00eanios Mai 2020 <\/a><a href=\"https:\/\/www.lai.pe.gov.br\/adagro\/wp-content\/uploads\/sites\/10\/2020\/06\/C\u00f3pia-de-ATUALIZADA-EM-15-06-2020-CONV-817466-e-785873-1.xlsx\" class=\"wp-block-file__button\" download>Baixar<\/a><\/div>\n\n\n\n<div class=\"wp-block-file\"><a href=\"https:\/\/www.lai.pe.gov.br\/adagro\/wp-content\/uploads\/sites\/10\/2020\/04\/C\u00f3pia-de-ATUALIZADA-EM-22-04-2020-CONV-817466-e-785873-1-lai.xlsx\"> Conv\u00eanios Mar 2020 <\/a><a href=\"https:\/\/www.lai.pe.gov.br\/adagro\/wp-content\/uploads\/sites\/10\/2020\/04\/C\u00f3pia-de-ATUALIZADA-EM-22-04-2020-CONV-817466-e-785873-1-lai.xlsx\" class=\"wp-block-file__button\" download>Baixar<\/a><\/div>\n\n\n\n<div class=\"wp-block-file\"><a href=\"https:\/\/www.lai.pe.gov.br\/adagro\/wp-content\/uploads\/sites\/10\/2020\/03\/ATUALIZADA-EM-18-02-2020-CONV-817466-e-785873.xlsx\">Conv\u00eanios Fev 2020<\/a><a href=\"https:\/\/www.lai.pe.gov.br\/adagro\/wp-content\/uploads\/sites\/10\/2020\/03\/ATUALIZADA-EM-18-02-2020-CONV-817466-e-785873.xlsx\" class=\"wp-block-file__button\" download>Baixar<\/a><\/div>\n\n\n\n<h2 style=\"font-size:25px\">Conv\u00eanios 2025 (Coopera\u00e7\u00e3o T\u00e9cnica)<\/h2>\n\n\n\n<div class=\"wp-block-file\"><a href=\"https:\/\/www.lai.pe.gov.br\/adagro\/wp-content\/uploads\/sites\/10\/2025\/03\/Acordos-de-Cooperacao-Tecnica-2025-Jan.xlsx\">Acordos de Coopera\u00e7\u00e3o T\u00e9cnica 2025 (Jan)<\/a><a href=\"https:\/\/www.lai.pe.gov.br\/adagro\/wp-content\/uploads\/sites\/10\/2025\/03\/Acordos-de-Cooperacao-Tecnica-2025-Jan.xlsx\" class=\"wp-block-file__button\" download>Baixar<\/a><\/div>\n\n\n\n<h2 style=\"font-size:25px\">Conv\u00eanios 2024 (Coopera\u00e7\u00e3o T\u00e9cnica)<\/h2>\n\n\n\n<div class=\"wp-block-file\"><a href=\"https:\/\/www.lai.pe.gov.br\/adagro\/wp-content\/uploads\/sites\/10\/2025\/03\/Acordos-de-Cooperacao-Tecnica-2024-Jan-Dez.xlsx\">Acordos de Coopera\u00e7\u00e3o T\u00e9cnica 2024 (Jan-Dez)<\/a><a href=\"https:\/\/www.lai.pe.gov.br\/adagro\/wp-content\/uploads\/sites\/10\/2025\/03\/Acordos-de-Cooperacao-Tecnica-2024-Jan-Dez.xlsx\" class=\"wp-block-file__button\" download>Baixar<\/a><\/div>\n\n\n\n<h2 style=\"font-size:25px\">Conv\u00eanios 2023 (Coopera\u00e7\u00e3o T\u00e9cnica)<\/h2>\n\n\n\n<div class=\"wp-block-file\"><a href=\"https:\/\/www.lai.pe.gov.br\/adagro\/wp-content\/uploads\/sites\/10\/2024\/02\/Acordos-de-Cooperacao-Tecnica-2023-Jan-Dez.xlsx\">Acordos de Coopera\u00e7\u00e3o T\u00e9cnica 2023 (Jan-Dez)<\/a><a href=\"https:\/\/www.lai.pe.gov.br\/adagro\/wp-content\/uploads\/sites\/10\/2024\/02\/Acordos-de-Cooperacao-Tecnica-2023-Jan-Dez.xlsx\" class=\"wp-block-file__button\" download>Baixar<\/a><\/div>\n\n\n\n<h2 style=\"font-size:25px\">Conv\u00eanios 2022 (Coopera\u00e7\u00e3o T\u00e9cnica)<\/h2>\n\n\n\n<div class=\"wp-block-file\"><a href=\"https:\/\/www.lai.pe.gov.br\/adagro\/wp-content\/uploads\/sites\/10\/2023\/01\/Convenio-Cooperacao-Tecnica-2022-Jan-Dez.xls\">Acordos de Coopera\u00e7\u00e3o T\u00e9cnica 2022 &#8211; Jan\/Dez<\/a><a href=\"https:\/\/www.lai.pe.gov.br\/adagro\/wp-content\/uploads\/sites\/10\/2023\/01\/Convenio-Cooperacao-Tecnica-2022-Jan-Dez.xls\" class=\"wp-block-file__button\" download>Baixar<\/a><\/div>\n\n\n\n<h2 style=\"font-size:25px\">Conv\u00eanios 2021 (Coopera\u00e7\u00e3o T\u00e9cnica)<\/h2>\n\n\n\n<div class=\"wp-block-file\"><a href=\"https:\/\/www.lai.pe.gov.br\/adagro\/wp-content\/uploads\/sites\/10\/2022\/02\/Convenio-Cooperacao-Tecnica-2021-Jan-Dez.xls\">Acordos de Coopera\u00e7\u00e3o T\u00e9cnica 2021 &#8211; Jan\/Dez<\/a><a href=\"https:\/\/www.lai.pe.gov.br\/adagro\/wp-content\/uploads\/sites\/10\/2022\/02\/Convenio-Cooperacao-Tecnica-2021-Jan-Dez.xls\" class=\"wp-block-file__button\" download>Baixar<\/a><\/div>\n\n\n\n<h2 style=\"font-size:25px\">Conv\u00eanios 2020 (Coopera\u00e7\u00e3o T\u00e9cnica)<\/h2>\n\n\n\n<div class=\"wp-block-file\"><a href=\"https:\/\/www.lai.pe.gov.br\/adagro\/wp-content\/uploads\/sites\/10\/2020\/09\/MAPA-CONVENIOS-DE-COOPERACAO-TECNICA.xls\">Acordos de Coopera\u00e7\u00e3o T\u00e9cnica 2011 a 2019<\/a><a href=\"https:\/\/www.lai.pe.gov.br\/adagro\/wp-content\/uploads\/sites\/10\/2020\/09\/MAPA-CONVENIOS-DE-COOPERACAO-TECNICA.xls\" class=\"wp-block-file__button\" download>Baixar<\/a><\/div>\n\n\n\n<h3>Conv\u00eanios 2019<\/h3>\n\n\n\n<div class=\"wp-block-file\"><a href=\"https:\/\/www.lai.pe.gov.br\/adagro\/wp-content\/uploads\/sites\/10\/2019\/03\/2019_JANEIRO_CONV\u00caNIOS-ADAGRO_LAI.xls\">2019_JANEIRO_CONV\u00caNIOS ADAGRO_LAI<\/a><a href=\"https:\/\/www.lai.pe.gov.br\/adagro\/wp-content\/uploads\/sites\/10\/2019\/03\/2019_JANEIRO_CONV\u00caNIOS-ADAGRO_LAI.xls\" class=\"wp-block-file__button\" download>Baixar<\/a><\/div>\n\n\n\n<h3>Conv\u00eanios 2018<\/h3>\n\n\n\n<div class=\"wp-block-file\"><a href=\"https:\/\/www.lai.pe.gov.br\/adagro\/wp-content\/uploads\/sites\/10\/2019\/03\/2018_11_NOVEMBRO_CONV\u00caNIOS_ADAGRO.xls\">2018_11_NOVEMBRO_CONV\u00caNIOS_ADAGRO<\/a><a href=\"https:\/\/www.lai.pe.gov.br\/adagro\/wp-content\/uploads\/sites\/10\/2019\/03\/2018_11_NOVEMBRO_CONV\u00caNIOS_ADAGRO.xls\" class=\"wp-block-file__button\" download>Baixar<\/a><\/div>\n\n\n\n<div class=\"wp-block-file\"><a href=\"https:\/\/www.lai.pe.gov.br\/adagro\/wp-content\/uploads\/sites\/10\/2019\/03\/2018_CONV\u00caNIOS_ADAGRO.xls\">2018_CONV\u00caNIOS_ADAGRO<\/a><a href=\"https:\/\/www.lai.pe.gov.br\/adagro\/wp-content\/uploads\/sites\/10\/2019\/03\/2018_CONV\u00caNIOS_ADAGRO.xls\" class=\"wp-block-file__button\" download>Baixar<\/a><\/div>\n\n\n\n<h3>Conv\u00eanios 2017<br><\/h3>\n\n\n\n<div class=\"wp-block-file\"><a href=\"https:\/\/www.lai.pe.gov.br\/adagro\/wp-content\/uploads\/sites\/10\/2019\/03\/2017_CONV\u00caNIOS-ADAGRO_LAI.xls\">2017_CONV\u00caNIOS ADAGRO_LAI<\/a><a href=\"https:\/\/www.lai.pe.gov.br\/adagro\/wp-content\/uploads\/sites\/10\/2019\/03\/2017_CONV\u00caNIOS-ADAGRO_LAI.xls\" class=\"wp-block-file__button\" download>Baixar<\/a><\/div>\n\n\n\n<h3>Conv\u00eanios 2016<\/h3>\n\n\n\n<div class=\"wp-block-file\"><a href=\"https:\/\/www.lai.pe.gov.br\/adagro\/wp-content\/uploads\/sites\/10\/2019\/03\/LAI-CONV\u00caNIOS-ADAGRO-novembro-2016.xls\">LAI &#8211; CONV\u00caNIOS ADAGRO novembro 2016<\/a><a href=\"https:\/\/www.lai.pe.gov.br\/adagro\/wp-content\/uploads\/sites\/10\/2019\/03\/LAI-CONV\u00caNIOS-ADAGRO-novembro-2016.xls\" class=\"wp-block-file__button\" download>Baixar<\/a><\/div>\n\n\n\n<h3>Conv\u00eanios 2015<br><\/h3>\n\n\n\n<div class=\"wp-block-file\"><a href=\"https:\/\/www.lai.pe.gov.br\/adagro\/wp-content\/uploads\/sites\/10\/2019\/03\/MapaConveniosControladoria.ods\">MapaConveniosControladoria<\/a><a href=\"https:\/\/www.lai.pe.gov.br\/adagro\/wp-content\/uploads\/sites\/10\/2019\/03\/MapaConveniosControladoria.ods\" class=\"wp-block-file__button\" download>Baixar<\/a><\/div>\n\n\n\n<h3>Conv\u00eanios 2014<\/h3>\n\n\n\n<div class=\"wp-block-file\"><a href=\"https:\/\/www.lai.pe.gov.br\/adagro\/wp-content\/uploads\/sites\/10\/2019\/03\/Rela\u00e7\u00e3o-de-Conv\u00eanios-ADAGRO-2014.xls\">Rela\u00e7\u00e3o de Conv\u00eanios ADAGRO &#8211; 2014<\/a><a href=\"https:\/\/www.lai.pe.gov.br\/adagro\/wp-content\/uploads\/sites\/10\/2019\/03\/Rela\u00e7\u00e3o-de-Conv\u00eanios-ADAGRO-2014.xls\" class=\"wp-block-file__button\" download>Baixar<\/a><\/div>\n\n\n\n<h3>Conv\u00eanios 2013<\/h3>\n\n\n\n<div class=\"wp-block-file\"><a href=\"https:\/\/www.lai.pe.gov.br\/adagro\/wp-content\/uploads\/sites\/10\/2019\/03\/Rela\u00e7\u00e3o-de-Conv\u00eanios-ADAGRO-2013.xls\">Rela\u00e7\u00e3o de Conv\u00eanios ADAGRO &#8211; 2013<\/a><a href=\"https:\/\/www.lai.pe.gov.br\/adagro\/wp-content\/uploads\/sites\/10\/2019\/03\/Rela\u00e7\u00e3o-de-Conv\u00eanios-ADAGRO-2013.xls\" class=\"wp-block-file__button\" download>Baixar<\/a><\/div>\n\n\n\n<h3>Conv\u00eanios 2012<\/h3>\n\n\n\n<div class=\"wp-block-file\"><a href=\"https:\/\/www.lai.pe.gov.br\/adagro\/wp-content\/uploads\/sites\/10\/2019\/03\/Conv\u00eanio_Relat\u00f3rio_ADAGRO.xls\">Conv\u00eanio_Relat\u00f3rio_ADAGRO<\/a><a href=\"https:\/\/www.lai.pe.gov.br\/adagro\/wp-content\/uploads\/sites\/10\/2019\/03\/Conv\u00eanio_Relat\u00f3rio_ADAGRO.xls\" class=\"wp-block-file__button\" download>Baixar<\/a><\/div>\n\n\n\n<div class=\"wp-block-file\"><a href=\"https:\/\/www.lai.pe.gov.br\/adagro\/wp-content\/uploads\/sites\/10\/2019\/03\/Relat\u00f3rio_Conv\u00eanio.xls\">Relat\u00f3rio_Conv\u00eanio<\/a><a href=\"https:\/\/www.lai.pe.gov.br\/adagro\/wp-content\/uploads\/sites\/10\/2019\/03\/Relat\u00f3rio_Conv\u00eanio.xls\" class=\"wp-block-file__button\" download>Baixar<\/a><\/div>\n<style class=\"advgb-styles-renderer\">#kt-info-box_36c228-f9 .kt-blocks-info-box-link-wrap {border-color:rgba(136, 136, 136, 1);border-radius:20px;background:rgba(255, 255, 255, 1);padding:20px 20px 20px 20px;border-width:2px 2px 2px 2px;}#kt-info-box_36c228-f9 .kt-blocks-info-box-link-wrap:hover {border-color:rgba(136, 136, 136, 1);background:rgba(255, 255, 255, 1);}#kt-info-box_36c228-f9 .kt-info-svg-icon, #kt-info-box_36c228-f9 .kt-blocks-info-box-number {font-size:50px;}#kt-info-box_36c228-f9 .kt-blocks-info-box-media {color:#ffffff;background:#555555;border-color:#444444;border-radius:200px;border-width:0px 0px 0px 0px;padding:20px 20px 20px 20px;margin:0px 15px 0px 15px;}#kt-info-box_36c228-f9 .kt-blocks-info-box-media img {border-radius:200px;}#kt-info-box_36c228-f9 .kt-blocks-info-box-link-wrap:hover .kt-blocks-info-box-media {color:#ffffff;background:#444444;border-color:#444444;}#kt-info-box_36c228-f9 .kt-blocks-info-box-title {padding:0px 0px 0px 0px;margin:5px 0px 10px 0px;}#kt-info-box_36c228-f9 .kt-blocks-info-box-text {}#kt-info-box_36c228-f9 .kt-blocks-info-box-link-wrap:hover {box-shadow:0px 0px 14px 0px rgba(0,0,0,0.2);}<\/style>","protected":false},"excerpt":{"rendered":"<p>A ADAGRO possui conv\u00eanios que envolvem repasses ou transfer\u00eancias de recursos financeiros (RECEITA) e n\u00e3o possui conv\u00eanio de DESPESA. Documentos Conv\u00eanios 2025 Conv\u00eanios 2024 Conv\u00eanios 2023 Conv\u00eanios 2022 Conv\u00eanios 2021 Conv\u00eanios 2020 Conv\u00eanios 2025 (Coopera\u00e7\u00e3o T\u00e9cnica) Conv\u00eanios 2024 (Coopera\u00e7\u00e3o T\u00e9cnica) Conv\u00eanios 2023 (Coopera\u00e7\u00e3o T\u00e9cnica) Conv\u00eanios 2022 (Coopera\u00e7\u00e3o T\u00e9cnica) Conv\u00eanios 2021 (Coopera\u00e7\u00e3o T\u00e9cnica) Conv\u00eanios 2020 (Coopera\u00e7\u00e3o [&hellip;]<\/p>\n","protected":false},"author":4,"featured_media":0,"parent":0,"menu_order":0,"comment_status":"closed","ping_status":"closed","template":"","meta":{"advgb_blocks_editor_width":"","advgb_blocks_columns_visual_guide":"","kt_blocks_editor_width":""},"featured_image_urls":{"full":"","thumbnail":"","medium":"","medium_large":"","large":"","1536x1536":"","2048x2048":""},"post_excerpt_stackable":"<p>O que h\u00e1 nesta p\u00e1gina!Nesta se\u00e7\u00e3o s\u00e3o divulgadas informa\u00e7\u00f5es sobre os repasses e transfer\u00eancias de recursos financeiros efetuados pelo \u00f3rg\u00e3o\/entidade. A ADAGRO possui conv\u00eanios que envolvem repasses ou transfer\u00eancias de recursos financeiros (RECEITA) e n\u00e3o possui conv\u00eanio de DESPESA. Documentos Conv\u00eanios 2025 Conv\u00eanios 2025 (Jan-Fev)Baixar Conv\u00eanios 2024 Conv\u00eanios 2024 (Jan-Dez)Baixar Conv\u00eanios 2023 Conv\u00eanios 2023 Jan-DezBaixar Conv\u00eanios 2022 Conv\u00eanios 2022 Jan-DezBaixar Conv\u00eanios 2021 Conv\u00eanios 2021 Jan\/DezBaixar Conv\u00eanios 2020 Conv\u00eanios Dez 2020Baixar Conv\u00eanios Nov 2020Baixar Conv\u00eanios Out 2020Baixar Conv\u00eanios Set 2020Baixar Conv\u00eanios Ago 2020Baixar Conv\u00eanios Jul 2020Baixar Conv\u00eanios Jun 2020Baixar Conv\u00eanios Mai 2020 Baixar Conv\u00eanios Mar 2020 Baixar Conv\u00eanios Fev 2020Baixar Conv\u00eanios&hellip;<\/p>\n","category_list":"","author_info":{"name":"Admin","url":"https:\/\/www.lai.pe.gov.br\/adagro\/author\/admintemp\/"},"comments_num":"0 coment\u00e1rio","_links":{"self":[{"href":"https:\/\/www.lai.pe.gov.br\/adagro\/wp-json\/wp\/v2\/pages\/310"}],"collection":[{"href":"https:\/\/www.lai.pe.gov.br\/adagro\/wp-json\/wp\/v2\/pages"}],"about":[{"href":"https:\/\/www.lai.pe.gov.br\/adagro\/wp-json\/wp\/v2\/types\/page"}],"author":[{"embeddable":true,"href":"https:\/\/www.lai.pe.gov.br\/adagro\/wp-json\/wp\/v2\/users\/4"}],"replies":[{"embeddable":true,"href":"https:\/\/www.lai.pe.gov.br\/adagro\/wp-json\/wp\/v2\/comments?post=310"}],"version-history":[{"count":88,"href":"https:\/\/www.lai.pe.gov.br\/adagro\/wp-json\/wp\/v2\/pages\/310\/revisions"}],"predecessor-version":[{"id":1974,"href":"https:\/\/www.lai.pe.gov.br\/adagro\/wp-json\/wp\/v2\/pages\/310\/revisions\/1974"}],"wp:attachment":[{"href":"https:\/\/www.lai.pe.gov.br\/adagro\/wp-json\/wp\/v2\/media?parent=310"}],"curies":[{"name":"wp","href":"https:\/\/api.w.org\/{rel}","templated":true}]}}